2024: Jan | Feb | Mar | Apr | May | Jun | Jul | Aug | Sep | Oct | Nov | Dec
2023: Jan | Feb | Mar | Apr | May | Jun | Jul | Aug | Sep | Oct | Nov | Dec
2022: Jan | Feb | Mar | Apr | May | Jun | Jul | Aug | Sep | Oct | Nov | Dec
2021: Jan | Feb | Mar | Apr | May | Jun | Jul | Aug | Sep | Oct | Nov | Dec
2020: Jan | Feb | Mar | Apr | May | Jun | Jul | Aug | Sep | Oct | Nov | Dec
2019: Jan | Feb | Mar | Apr | May | Jun | Jul | Aug | Sep | Oct | Nov | Dec
2018: Jan | Feb | Mar | Apr | May | Jun | Jul | Aug | Sep | Oct | Nov | Dec
2017: Jan | Feb | Mar | Apr | May | Jun | Jul | Aug | Sep | Oct | Nov | Dec
2016: Jan | Feb | Mar | Apr | May | Jun | Jul | Aug | Sep | Oct | Nov | Dec
2015: Jan | Feb | Mar | Apr | May | Jun | Jul | Aug | Sep | Oct | Nov | Dec
2014: Jan | Feb | Mar | Apr | May | Jun | Jul | Aug | Sep | Oct | Nov | Dec
2013: Jan | Feb | Mar | Apr | May | Jun | Jul | Aug | Sep | Oct | Nov | Dec
2012: Jan | Feb | Mar | Apr | May | Jun | Jul | Aug | Sep | Oct | Nov | Dec
2011: Jan | Feb | Mar | Apr | May | Jun | Jul | Aug | Sep | Oct | Nov | Dec
2010: Jan | Feb | Mar | Apr | May | Jun | Jul | Aug | Sep | Oct | Nov | Dec
2009: Jan | Feb | Mar | Apr | May | Jun | Jul | Aug | Sep | Oct | Nov | Dec
2008: Jan | Feb | Mar | Apr | May | Jun | Jul | Aug | Sep | Oct | Nov | Dec
2007: Jan | Feb | Mar | Apr | May | Jun | Jul | Aug | Sep | Oct | Nov | Dec
2006: Jan | Feb | Mar | Apr | May | Jun | Jul | Aug | Sep | Oct | Nov | Dec
2005: Jan | Feb | Mar | Apr | May | Jun | Jul | Aug | Sep | Oct | Nov | Dec
2004: Jan | Feb | Mar | Apr | May | Jun | Jul | Aug | Sep | Oct | Nov | Dec
2003: Jan | Feb | Mar | Apr | May | Jun | Jul | Aug | Sep | Oct | Nov | Dec
Report for 2007 10
MONTHLY CLIMATOLOGICAL SUMMARY for OCT. 2007
NAME: Station1 CITY: Lancaster STATE: Ohio
ELEV: 980 ft LAT: 39° 45' 13" N LONG: 82° 34' 06" W
TEMPERATURE (°F), RAIN (in), WIND SPEED (mph)
HEAT COOL AVG
MEAN DEG DEG WIND DOM
DAY TEMP HIGH TIME LOW TIME DAYS DAYS RAIN SPEED HIGH TIME DIR
------------------------------------------------------------------------------------
1 61.6 77.3 3:30p 49.2 3:15a 6.2 2.8 0.00 1.5 18.0 12:15p SSW
2 65.2 79.7 4:15p 52.1 7:45a 3.9 4.1 0.00 1.0 18.0 3:15p SSW
3 65.8 77.5 4:00p 55.5 1:00a 3.1 3.9 0.00 1.7 18.0 3:00p SSW
4 69.2 86.7 3:15p 53.8 5:15a 3.6 7.8 0.00 0.2 10.0 3:00p E
5 71.3 86.1 3:45p 60.6 4:45a 0.9 7.1 0.00 0.2 11.0 2:15p SSW
6 72.4 88.8 4:45p 59.8 7:00a 1.1 8.5 0.00 0.1 8.0 1:15p SW
7 73.4 89.2 1:00p 59.8 7:45a 1.1 9.5 0.00 0.1 11.0 3:00p N
8 73.5 89.7 3:00p 60.8 7:15a 0.8 9.3 0.00 0.3 11.0 12:45p SW
9 66.8 77.1 4:30p 55.8 12:00m 1.5 3.4 0.00 1.2 17.0 5:00p W
10 52.7 59.8 2:30a 46.5 12:00m 12.3 0.0 0.00 1.2 16.0 3:15p W
11 47.6 52.6 1:30p 43.0 7:15a 17.4 0.0 0.02 1.1 14.0 6:30a WSW
12 49.4 54.2 5:30p 37.8 12:00m 15.6 0.0 0.00 0.7 12.0 12:15a NNW
13 46.4 63.7 4:00p 31.6 6:45a 18.6 0.0 0.00 0.8 16.0 3:00p W
14 52.5 69.8 4:30p 36.4 3:15a 13.1 0.6 0.00 0.2 10.0 3:15p SW
15 56.9 72.4 4:00p 44.3 3:15a 9.7 1.6 0.00 0.3 11.0 11:15a ESE
16 56.7 67.9 12:30p 48.0 4:30a 8.4 0.1 0.13 0.2 10.0 4:00p S
17 62.0 72.9 3:45p 53.5 7:45a 4.6 1.6 0.01 0.1 10.0 3:45p SSE
18 67.0 77.3 5:00p 60.5 12:15a 1.5 3.5 0.13 1.8 22.0 1:30p SSW
19 63.7 70.5 12:45a 56.8 12:00m 2.4 1.1 0.46 5.1 33.0 3:45a SSW
20 58.1 69.3 4:15p 46.5 12:00m 7.5 0.6 0.00 4.0 25.0 2:00p SW
21 58.4 79.2 4:00p 43.3 6:45a 10.0 3.4 0.00 1.1 20.0 1:30p SSW
22 58.0 74.8 3:15p 42.1 7:45a 8.7 1.6 0.32 0.6 12.0 12:00p SSW
23 57.4 64.1 8:00a 50.4 12:00m 7.6 0.0 1.64 2.7 20.0 7:00a N
24 49.6 51.6 10:45a 47.4 12:00m 15.4 0.0 0.23 2.5 17.0 7:15p NNE
25 52.9 61.2 3:15p 46.4 5:45a 12.1 0.0 0.00 4.9 21.0 11:30a E
26 56.8 59.5 4:30p 53.9 8:45a 8.2 0.0 0.01 0.9 17.0 11:45p E
27 52.1 57.5 12:15a 47.4 12:00m 12.9 0.0 0.00 4.7 22.0 11:15a SW
28 43.7 55.2 2:45p 31.0 12:00m 21.3 0.0 0.00 1.0 14.0 2:30p N
29 39.8 57.1 4:00p 25.5 7:45a 25.2 0.0 0.01 0.8 12.0 3:45p SSW
30 43.0 64.5 4:15p 27.3 7:45a 22.0 0.0 0.00 0.6 14.0 1:15p SSW
31 49.1 67.8 4:00p 28.3 5:15a 16.1 0.2 0.00 3.5 25.0 1:30p SSW
-------------------------------------------------------------------------------------
57.8 89.7 8 25.5 29 292.8 70.7 2.96 1.5 33.0 19 SSW
Max >= 90.0: 0
Max <= 32.0: 0
Min <= 32.0: 5
Min <= 0.0: 0
Max Rain: 1.64 ON 10/23/07
Days of Rain: 7 (>.01 in) 6 (>.1 in) 1 (>1 in)
Heat Base: 65.0 Cool Base: 65.0 Method: Integration
|