2024: Jan | Feb | Mar | Apr | May | Jun | Jul | Aug | Sep | Oct | Nov | Dec
2023: Jan | Feb | Mar | Apr | May | Jun | Jul | Aug | Sep | Oct | Nov | Dec
2022: Jan | Feb | Mar | Apr | May | Jun | Jul | Aug | Sep | Oct | Nov | Dec
2021: Jan | Feb | Mar | Apr | May | Jun | Jul | Aug | Sep | Oct | Nov | Dec
2020: Jan | Feb | Mar | Apr | May | Jun | Jul | Aug | Sep | Oct | Nov | Dec
2019: Jan | Feb | Mar | Apr | May | Jun | Jul | Aug | Sep | Oct | Nov | Dec
2018: Jan | Feb | Mar | Apr | May | Jun | Jul | Aug | Sep | Oct | Nov | Dec
2017: Jan | Feb | Mar | Apr | May | Jun | Jul | Aug | Sep | Oct | Nov | Dec
2016: Jan | Feb | Mar | Apr | May | Jun | Jul | Aug | Sep | Oct | Nov | Dec
2015: Jan | Feb | Mar | Apr | May | Jun | Jul | Aug | Sep | Oct | Nov | Dec
2014: Jan | Feb | Mar | Apr | May | Jun | Jul | Aug | Sep | Oct | Nov | Dec
2013: Jan | Feb | Mar | Apr | May | Jun | Jul | Aug | Sep | Oct | Nov | Dec
2012: Jan | Feb | Mar | Apr | May | Jun | Jul | Aug | Sep | Oct | Nov | Dec
2011: Jan | Feb | Mar | Apr | May | Jun | Jul | Aug | Sep | Oct | Nov | Dec
2010: Jan | Feb | Mar | Apr | May | Jun | Jul | Aug | Sep | Oct | Nov | Dec
2009: Jan | Feb | Mar | Apr | May | Jun | Jul | Aug | Sep | Oct | Nov | Dec
2008: Jan | Feb | Mar | Apr | May | Jun | Jul | Aug | Sep | Oct | Nov | Dec
2007: Jan | Feb | Mar | Apr | May | Jun | Jul | Aug | Sep | Oct | Nov | Dec
2006: Jan | Feb | Mar | Apr | May | Jun | Jul | Aug | Sep | Oct | Nov | Dec
2005: Jan | Feb | Mar | Apr | May | Jun | Jul | Aug | Sep | Oct | Nov | Dec
2004: Jan | Feb | Mar | Apr | May | Jun | Jul | Aug | Sep | Oct | Nov | Dec
2003: Jan | Feb | Mar | Apr | May | Jun | Jul | Aug | Sep | Oct | Nov | Dec
Report for 2007 12
MONTHLY CLIMATOLOGICAL SUMMARY for DEC. 2007
NAME: Station1 CITY: Lancaster STATE: Ohio
ELEV: 980 ft LAT: 39° 45' 13" N LONG: 82° 34' 06" W
TEMPERATURE (°F), RAIN (in), WIND SPEED (mph)
HEAT COOL AVG
MEAN DEG DEG WIND DOM
DAY TEMP HIGH TIME LOW TIME DAYS DAYS RAIN SPEED HIGH TIME DIR
------------------------------------------------------------------------------------
1 27.9 34.7 10:15p 16.0 7:30a 37.1 0.0 0.00 2.3 16.0 7:00p E
2 43.7 53.8 11:15p 34.1 12:15a 21.3 0.0 0.80 4.2 32.0 11:30p SSW
3 28.8 43.6 12:15a 25.4 7:30p 36.2 0.0 0.00 7.5 34.0 3:30a W
4 28.7 31.0 8:00p 27.0 12:15a 36.3 0.0 0.00 2.4 17.0 1:00a WNW
5 24.5 28.8 12:15a 12.5 12:00m 40.5 0.0 0.24 2.4 17.0 1:00p N
6 15.9 28.0 2:15p 3.2 7:45a 49.1 0.0 0.00 0.2 6.0 1:00p N
7 29.0 33.8 3:15p 21.7 12:15a 36.0 0.0 0.13 0.9 12.0 12:15p SSW
8 34.9 39.3 11:30a 32.2 11:45p 30.1 0.0 0.10 0.3 7.0 5:00p NNE
9 33.5 35.8 4:00p 31.4 3:45a 31.5 0.0 0.20 0.9 10.0 2:45a NNE
10 36.6 38.0 6:45p 35.3 1:00a 28.4 0.0 0.10 0.1 5.0 1:00p NNW
11 50.6 64.5 4:15p 35.8 1:45a 14.4 0.0 0.07 4.3 26.0 7:00p SSW
12 40.7 63.8 1:15a 34.1 9:45p 24.3 0.0 0.20 2.9 22.0 12:30a N
13 35.9 40.4 4:30p 32.0 6:00a 28.8 0.0 0.48 2.6 19.0 9:45p WSW
14 32.2 33.8 4:15p 30.3 11:45p 32.8 0.0 0.00 2.0 18.0 12:15a W
15 30.4 35.3 12:00m 27.8 12:45p 34.6 0.0 0.29 2.4 16.0 10:30a E
16 30.4 42.1 6:00a 22.4 12:00m 34.6 0.0 0.19 8.1 38.0 8:00a W
17 19.1 23.0 4:15p 15.0 10:30p 45.9 0.0 0.00 3.1 18.0 12:15a WSW
18 27.1 38.8 3:00p 14.1 5:15a 37.9 0.0 0.00 1.2 18.0 10:15p S
19 35.7 42.7 2:15p 22.7 12:00m 29.3 0.0 0.00 3.4 22.0 10:45a SSW
20 29.2 39.1 3:00p 18.0 7:30a 35.8 0.0 0.00 1.2 13.0 11:30a E
21 40.0 46.1 3:00p 31.7 5:00a 25.0 0.0 0.00 1.0 12.0 2:30a ESE
22 46.1 53.6 4:15p 37.8 8:30a 18.9 0.0 0.00 3.0 20.0 11:45p SE
23 41.8 55.0 5:15a 30.6 4:30p 23.2 0.0 0.12 10.0 42.0 10:30a SW
24 30.2 34.8 4:00p 27.3 11:45p 34.8 0.0 0.00 6.4 34.0 10:00a SW
25 30.9 44.0 3:30p 20.7 8:15a 34.1 0.0 0.00 0.8 14.0 1:15p SW
26 34.8 48.1 2:15p 23.8 2:30a 30.2 0.0 0.00 0.4 10.0 11:00a ENE
27 36.8 39.7 3:00p 33.8 12:45a 28.2 0.0 0.07 0.8 14.0 1:15p W
28 39.2 50.2 8:00p 31.0 5:00a 25.8 0.0 0.13 3.4 32.0 8:45p ESE
29 35.7 41.1 12:15a 28.0 12:00m 29.3 0.0 0.00 2.1 26.0 1:15a W
30 29.1 34.4 4:00p 23.8 5:30a 35.9 0.0 0.00 0.4 10.0 11:45a NNE
31 35.8 47.4 3:45p 26.1 6:45a 29.2 0.0 0.00 2.5 24.0 12:00m SSW
-------------------------------------------------------------------------------------
33.4 64.5 11 3.2 6 979.5 0.0 3.12 2.7 42.0 23 SW
Max >= 90.0: 0
Max <= 32.0: 4
Min <= 32.0: 24
Min <= 0.0: 0
Max Rain: 0.80 ON 12/02/07
Days of Rain: 14 (>.01 in) 10 (>.1 in) 0 (>1 in)
Heat Base: 65.0 Cool Base: 65.0 Method: Integration
|