Weather Information | Photos of Local Events | Personal Weather Stations Links | Lancaster Links | Site Map

NOAA Report Archive
(Reports Generated by WeatherLink)
2017: Jan | Feb | Mar | Apr | May | Jun | Jul | Aug | Sep | Oct | Nov | Dec 
2016: Jan | Feb | Mar | Apr | May | Jun | Jul | Aug | Sep | Oct | Nov | Dec 
2015: Jan | Feb | Mar | Apr | May | Jun | Jul | Aug | Sep | Oct | Nov | Dec 
2014: Jan | Feb | Mar | Apr | May | Jun | Jul | Aug | Sep | Oct | Nov | Dec 
2013: Jan | Feb | Mar | Apr | May | Jun | Jul | Aug | Sep | Oct | Nov | Dec 
2012: Jan | Feb | Mar | Apr | May | Jun | Jul | Aug | Sep | Oct | Nov | Dec 
2011: Jan | Feb | Mar | Apr | May | Jun | Jul | Aug | Sep | Oct | Nov | Dec 
2010: Jan | Feb | Mar | Apr | May | Jun | Jul | Aug | Sep | Oct | Nov | Dec 
2009: Jan | Feb | Mar | Apr | May | Jun | Jul | Aug | Sep | Oct | Nov | Dec 
2008: Jan | Feb | Mar | Apr | May | Jun | Jul | Aug | Sep | Oct | Nov | Dec 
2007: Jan | Feb | Mar | Apr | May | Jun | Jul | Aug | Sep | Oct | Nov | Dec 
2006: Jan | Feb | Mar | Apr | May | Jun | Jul | Aug | Sep | Oct | Nov | Dec 
2005: Jan | Feb | Mar | Apr | May | Jun | Jul | Aug | Sep | Oct | Nov | Dec 
2004: Jan | Feb | Mar | Apr | May | Jun | Jul | Aug | Sep | Oct | Nov | Dec 
2003: Jan | Feb | Mar | Apr | May | Jun | Jul | Aug | Sep | Oct | Nov | Dec 

Report for 2008 01
MONTHLY CLIMATOLOGICAL SUMMARY for JAN. 2008 NAME: Station1 CITY: Lancaster STATE: Ohio ELEV: 980 ft LAT: 39 45' 13" N LONG: 82 34' 06" W TEMPERATURE (F), RAIN (in), WIND SPEED (mph) HEAT COOL AVG MEAN DEG DEG WIND DOM DAY TEMP HIGH TIME LOW TIME DAYS DAYS RAIN SPEED HIGH TIME DIR ------------------------------------------------------------------------------------ 1 26.3 43.4 12:15a 15.0 11:30p 38.7 0.0 0.05 8.7 39.0 12:45a WSW 2 14.1 18.5 12:00p 10.2 12:00m 50.9 0.0 0.03 4.8 22.0 6:30a W 3 13.6 19.1 3:45p 8.7 2:15a 51.4 0.0 0.00 1.6 13.0 4:45p W 4 23.9 37.4 4:15p 9.7 6:15a 41.1 0.0 0.00 2.4 22.0 12:45p S 5 34.9 41.6 12:00m 29.1 4:15a 30.1 0.0 0.03 3.3 20.0 9:45a SSW 6 48.7 55.7 11:00p 41.6 12:15a 16.3 0.0 0.01 3.1 20.0 1:00a SSW 7 59.9 68.1 2:00p 54.5 7:30a 5.4 0.4 0.00 4.6 26.0 3:45p SSW 8 60.7 67.9 1:45p 53.0 5:00a 4.7 0.5 0.08 7.1 42.0 10:45p SSW 9 42.1 57.8 1:15a 29.5 12:00m 22.9 0.0 0.32 5.7 42.0 1:15a WSW 10 38.9 51.7 12:00m 27.8 3:00a 26.1 0.0 0.52 1.7 18.0 11:30p ESE 11 41.0 51.7 12:15a 36.0 11:30p 24.0 0.0 0.07 5.2 26.0 7:15a SW 12 36.6 44.7 3:30p 29.7 11:00p 28.4 0.0 0.00 0.6 11.0 12:30p W 13 33.3 41.7 3:45p 26.7 5:00a 31.7 0.0 0.02 1.3 18.0 11:30p W 14 26.9 30.1 12:15a 24.5 12:00m 38.1 0.0 0.02 5.4 25.0 10:45a SW 15 21.3 24.5 12:15a 18.2 6:30a 43.7 0.0 0.02 3.7 22.0 12:30p WSW 16 23.8 33.7 1:45p 9.9 8:00a 41.2 0.0 0.00 0.5 10.0 1:00p ESE 17 33.3 38.3 9:45p 29.2 12:15a 31.7 0.0 0.00 2.0 25.0 12:00m SSW 18 27.3 37.4 12:15a 23.2 8:30a 37.7 0.0 0.03 4.5 24.0 2:30a SW 19 20.2 25.7 6:15a 7.5 12:00m 44.8 0.0 0.00 3.8 19.0 1:30p WNW 20 8.5 16.2 4:00p 1.9 7:45a 56.5 0.0 0.00 3.3 22.0 11:30a W 21 16.5 27.8 3:15p 3.9 4:15a 48.5 0.0 0.00 1.4 17.0 12:00m SE 22 27.6 32.5 12:00p 14.9 12:00m 37.4 0.0 0.06 5.9 28.0 11:45a SW 23 18.0 29.4 4:30p 9.6 5:30a 47.0 0.0 0.00 2.3 20.0 1:00p SW 24 16.7 22.7 9:45a 5.9 12:00m 48.3 0.0 0.04 2.1 17.0 10:15a W 25 11.1 22.4 3:30p -2.3 7:30a 53.9 0.0 0.00 1.0 11.0 12:15p WSW 26 24.7 29.8 10:00p 17.3 12:30a 40.3 0.0 0.00 1.8 17.0 12:15p SW 27 27.8 32.3 5:00p 17.7 12:00m 37.2 0.0 0.00 3.0 17.0 3:30a W 28 32.4 47.0 3:00p 16.6 2:30a 32.6 0.0 0.00 1.6 18.0 3:15p S 29 44.3 51.8 11:15p 38.4 6:45a 20.7 0.0 0.45 4.0 40.0 11:15p S 30 20.8 42.7 12:45a 14.2 8:15a 44.2 0.0 0.00 7.9 42.0 1:00a SW 31 22.2 31.2 11:45p 12.3 5:00a 42.8 0.0 0.01 2.4 18.0 12:00m ENE ------------------------------------------------------------------------------------- 28.9 68.1 7 -2.3 25 1118.3 0.9 1.76 3.4 42.0 8 SSW Max >= 90.0: 0 Max <= 32.0: 12 Min <= 32.0: 26 Min <= 0.0: 1 Max Rain: 0.52 ON 01/10/08 Days of Rain: 14 (>.01 in) 3 (>.1 in) 0 (>1 in) Heat Base: 65.0 Cool Base: 65.0 Method: Integration
 
USA Weather Finder