2024: Jan | Feb | Mar | Apr | May | Jun | Jul | Aug | Sep | Oct | Nov | Dec
2023: Jan | Feb | Mar | Apr | May | Jun | Jul | Aug | Sep | Oct | Nov | Dec
2022: Jan | Feb | Mar | Apr | May | Jun | Jul | Aug | Sep | Oct | Nov | Dec
2021: Jan | Feb | Mar | Apr | May | Jun | Jul | Aug | Sep | Oct | Nov | Dec
2020: Jan | Feb | Mar | Apr | May | Jun | Jul | Aug | Sep | Oct | Nov | Dec
2019: Jan | Feb | Mar | Apr | May | Jun | Jul | Aug | Sep | Oct | Nov | Dec
2018: Jan | Feb | Mar | Apr | May | Jun | Jul | Aug | Sep | Oct | Nov | Dec
2017: Jan | Feb | Mar | Apr | May | Jun | Jul | Aug | Sep | Oct | Nov | Dec
2016: Jan | Feb | Mar | Apr | May | Jun | Jul | Aug | Sep | Oct | Nov | Dec
2015: Jan | Feb | Mar | Apr | May | Jun | Jul | Aug | Sep | Oct | Nov | Dec
2014: Jan | Feb | Mar | Apr | May | Jun | Jul | Aug | Sep | Oct | Nov | Dec
2013: Jan | Feb | Mar | Apr | May | Jun | Jul | Aug | Sep | Oct | Nov | Dec
2012: Jan | Feb | Mar | Apr | May | Jun | Jul | Aug | Sep | Oct | Nov | Dec
2011: Jan | Feb | Mar | Apr | May | Jun | Jul | Aug | Sep | Oct | Nov | Dec
2010: Jan | Feb | Mar | Apr | May | Jun | Jul | Aug | Sep | Oct | Nov | Dec
2009: Jan | Feb | Mar | Apr | May | Jun | Jul | Aug | Sep | Oct | Nov | Dec
2008: Jan | Feb | Mar | Apr | May | Jun | Jul | Aug | Sep | Oct | Nov | Dec
2007: Jan | Feb | Mar | Apr | May | Jun | Jul | Aug | Sep | Oct | Nov | Dec
2006: Jan | Feb | Mar | Apr | May | Jun | Jul | Aug | Sep | Oct | Nov | Dec
2005: Jan | Feb | Mar | Apr | May | Jun | Jul | Aug | Sep | Oct | Nov | Dec
2004: Jan | Feb | Mar | Apr | May | Jun | Jul | Aug | Sep | Oct | Nov | Dec
2003: Jan | Feb | Mar | Apr | May | Jun | Jul | Aug | Sep | Oct | Nov | Dec
Report for 2008 02
MONTHLY CLIMATOLOGICAL SUMMARY for FEB. 2008
NAME: Station1 CITY: Lancaster STATE: Ohio
ELEV: 980 ft LAT: 39° 45' 13" N LONG: 82° 34' 06" W
TEMPERATURE (°F), RAIN (in), WIND SPEED (mph)
HEAT COOL AVG
MEAN DEG DEG WIND DOM
DAY TEMP HIGH TIME LOW TIME DAYS DAYS RAIN SPEED HIGH TIME DIR
------------------------------------------------------------------------------------
1 32.6 40.1 12:30p 27.2 8:15p 32.4 0.0 0.21 5.9 32.0 3:15p SW
2 30.2 40.8 4:15p 26.4 5:00a 34.8 0.0 0.00 2.6 18.0 3:15a SSW
3 31.8 40.4 2:45p 26.1 1:00a 33.2 0.0 0.00 0.6 10.0 11:00p NNE
4 43.7 57.1 12:00m 32.2 1:30a 21.3 0.0 0.03 1.2 14.0 9:30p S
5 54.7 58.7 8:00a 51.6 10:15a 10.3 0.0 0.77 1.3 20.0 8:15a SSW
6 51.1 60.5 2:15a 35.7 10:45p 13.9 0.0 0.84 5.9 39.0 4:30p SSW
7 31.9 36.5 12:15a 30.3 12:00p 33.1 0.0 0.00 4.1 31.0 2:45a WSW
8 35.3 43.7 3:30p 30.3 6:45a 29.7 0.0 0.00 1.3 17.0 11:15a SW
9 39.2 46.7 11:30a 34.1 1:30a 25.8 0.0 0.00 3.8 32.0 1:15p SW
10 20.4 41.1 12:15a 6.9 11:45p 44.6 0.0 0.01 8.6 40.0 12:30p WNW
11 12.6 19.8 3:45p 4.3 4:45a 52.4 0.0 0.00 1.1 11.0 12:15a NW
12 25.8 35.5 8:45p 16.0 12:30a 39.2 0.0 0.72 1.9 16.0 10:45p E
13 19.5 30.4 12:15a 9.7 11:30p 45.5 0.0 0.16 2.3 16.0 12:45a NNW
14 21.6 34.4 4:15p 5.4 7:00a 43.4 0.0 0.00 2.6 22.0 7:15p SSW
15 33.9 37.7 11:15a 25.4 11:45p 31.1 0.0 0.00 3.1 24.0 3:45a SW
16 29.8 41.4 5:00p 16.5 8:00a 35.2 0.0 0.00 0.5 8.0 11:00a ESE
17 48.4 60.5 8:00p 35.5 12:15a 16.6 0.0 0.11 5.8 43.0 11:00p SE
18 33.2 50.1 12:15a 22.6 12:00m 31.8 0.0 0.04 6.9 31.0 12:15a SW
19 18.4 23.5 3:15a 13.7 10:00p 46.6 0.0 0.01 4.9 32.0 10:30a W
20 17.4 23.6 2:15p 4.1 12:00m 47.6 0.0 0.04 1.8 19.0 3:15p NNW
21 13.3 24.5 2:00p -3.1 6:00a 51.7 0.0 0.14 1.7 16.0 10:30a E
22 26.8 30.0 2:30p 21.7 12:15a 38.2 0.0 0.17 0.4 8.0 3:30p NNE
23 26.3 33.5 4:15p 16.8 12:00m 38.7 0.0 0.01 0.0 3.0 7:00p WSW
24 23.9 33.8 11:00a 10.1 7:00a 41.1 0.0 0.00 0.2 6.0 7:00p WSW
25 29.8 33.4 2:45p 24.9 12:15a 35.2 0.0 0.07 1.8 18.0 12:30p SSW
26 31.3 35.7 12:00p 25.5 12:00m 33.7 0.0 0.37 1.9 18.0 3:15p NW
27 19.1 25.5 12:15a 16.3 8:30p 45.9 0.0 0.04 3.6 24.0 1:45p NNW
28 20.6 28.3 2:00p 13.9 7:45a 44.4 0.0 0.00 1.9 16.0 12:15p W
29 29.9 41.5 7:30p 17.1 3:45a 35.1 0.0 0.12 4.1 24.0 5:45p SSW
-------------------------------------------------------------------------------------
29.4 60.5 6 -3.1 21 1032.5 0.0 3.86 2.8 43.0 17 SW
Max >= 90.0: 0
Max <= 32.0: 8
Min <= 32.0: 24
Min <= 0.0: 1
Max Rain: 0.84 ON 02/06/08
Days of Rain: 15 (>.01 in) 10 (>.1 in) 0 (>1 in)
Heat Base: 65.0 Cool Base: 65.0 Method: Integration
|