Weather Information | Photos of Local Events | Personal Weather Stations Links | Lancaster Links | Site Map

NOAA Report Archive
(Reports Generated by WeatherLink)
2017: Jan | Feb | Mar | Apr | May | Jun | Jul | Aug | Sep | Oct | Nov | Dec 
2016: Jan | Feb | Mar | Apr | May | Jun | Jul | Aug | Sep | Oct | Nov | Dec 
2015: Jan | Feb | Mar | Apr | May | Jun | Jul | Aug | Sep | Oct | Nov | Dec 
2014: Jan | Feb | Mar | Apr | May | Jun | Jul | Aug | Sep | Oct | Nov | Dec 
2013: Jan | Feb | Mar | Apr | May | Jun | Jul | Aug | Sep | Oct | Nov | Dec 
2012: Jan | Feb | Mar | Apr | May | Jun | Jul | Aug | Sep | Oct | Nov | Dec 
2011: Jan | Feb | Mar | Apr | May | Jun | Jul | Aug | Sep | Oct | Nov | Dec 
2010: Jan | Feb | Mar | Apr | May | Jun | Jul | Aug | Sep | Oct | Nov | Dec 
2009: Jan | Feb | Mar | Apr | May | Jun | Jul | Aug | Sep | Oct | Nov | Dec 
2008: Jan | Feb | Mar | Apr | May | Jun | Jul | Aug | Sep | Oct | Nov | Dec 
2007: Jan | Feb | Mar | Apr | May | Jun | Jul | Aug | Sep | Oct | Nov | Dec 
2006: Jan | Feb | Mar | Apr | May | Jun | Jul | Aug | Sep | Oct | Nov | Dec 
2005: Jan | Feb | Mar | Apr | May | Jun | Jul | Aug | Sep | Oct | Nov | Dec 
2004: Jan | Feb | Mar | Apr | May | Jun | Jul | Aug | Sep | Oct | Nov | Dec 
2003: Jan | Feb | Mar | Apr | May | Jun | Jul | Aug | Sep | Oct | Nov | Dec 

Report for 2008 03
MONTHLY CLIMATOLOGICAL SUMMARY for MAR. 2008 NAME: Station1 CITY: Lancaster STATE: Ohio ELEV: 980 ft LAT: 39 45' 13" N LONG: 82 34' 06" W TEMPERATURE (F), RAIN (in), WIND SPEED (mph) HEAT COOL AVG MEAN DEG DEG WIND DOM DAY TEMP HIGH TIME LOW TIME DAYS DAYS RAIN SPEED HIGH TIME DIR ------------------------------------------------------------------------------------ 1 34.0 39.1 4:45p 29.5 8:15p 31.0 0.0 0.00 4.1 25.0 1:45a WNW 2 44.1 61.6 3:45p 26.9 7:00a 20.9 0.0 0.00 1.4 14.0 12:45p SE 3 60.8 71.6 3:15p 44.5 12:00m 5.3 1.1 0.15 7.6 36.0 11:00a SSW 4 36.7 44.5 12:15a 34.3 12:00m 28.3 0.0 1.47 4.4 25.0 10:15a NE 5 30.4 34.7 12:30a 24.8 7:30a 34.6 0.0 0.08 3.3 19.0 1:15a SW 6 37.8 48.5 2:30p 26.4 6:30a 27.2 0.0 0.00 1.2 14.0 1:45p SW 7 29.3 34.6 12:15a 24.5 12:00m 35.7 0.0 0.28 7.8 26.0 4:30p N 8 22.1 26.4 11:30a 16.9 12:00m 42.9 0.0 0.89 5.7 26.0 9:30a N 9 24.3 32.5 5:45p 12.1 6:15a 39.0 0.0 0.11 1.7 14.0 4:00p SW 10 36.2 48.8 3:30p 28.7 3:15a 28.8 0.0 0.00 0.4 10.0 1:45p SW 11 34.7 39.5 3:15p 30.3 1:45a 30.3 0.0 0.00 2.8 24.0 11:15p SW 12 39.6 49.2 6:00p 31.5 8:00a 25.4 0.0 0.00 2.3 22.0 3:00a W 13 47.3 60.7 6:30p 32.1 1:00a 17.7 0.0 0.00 3.1 25.0 12:00p SW 14 42.7 47.9 12:15a 35.9 11:45p 22.3 0.0 0.50 1.2 11.0 8:30p N 15 39.6 44.9 4:15p 35.6 12:45a 25.4 0.0 0.10 1.3 10.0 7:45a N 16 35.8 44.2 3:45p 27.9 12:00m 29.2 0.0 0.00 2.9 17.0 11:15a N 17 36.6 47.3 3:45p 25.6 2:45a 28.4 0.0 0.00 3.0 16.0 11:45a E 18 45.8 51.6 12:00m 40.6 7:45a 19.2 0.0 1.37 2.1 21.0 9:45a S 19 43.9 51.9 12:30a 33.5 8:30p 21.1 0.0 1.13 3.6 24.0 1:45p N 20 40.2 49.2 4:45p 31.9 7:45a 24.8 0.0 0.00 3.7 29.0 2:30p WNW 21 39.8 51.9 5:00p 27.6 7:00a 25.2 0.0 0.00 2.4 16.0 3:30p ESE 22 35.8 43.5 12:15a 27.9 12:00m 29.2 0.0 0.01 2.3 17.0 1:30p N 23 33.0 45.1 4:45p 20.0 6:45a 32.0 0.0 0.00 0.9 13.0 5:00p N 24 34.4 45.4 3:45p 26.6 7:45a 30.6 0.0 0.01 1.3 14.0 6:00p N 25 40.3 53.2 10:30p 24.7 6:15a 24.7 0.0 0.00 5.9 34.0 12:15p SSW 26 53.4 61.0 3:45p 46.0 8:15a 11.6 0.0 0.00 4.0 27.0 12:45a W 27 48.1 58.9 10:45p 41.6 7:30a 16.9 0.0 0.28 1.1 24.0 11:00p SSW 28 40.9 58.4 1:30a 31.5 11:45p 24.1 0.0 0.32 4.4 22.0 2:45a N 29 37.2 48.0 3:45p 26.4 7:00a 27.8 0.0 0.00 3.0 19.0 11:00a ENE 30 41.4 45.1 12:00m 35.6 3:15a 23.6 0.0 0.02 3.7 18.0 10:15a SE 31 51.7 59.8 6:45p 43.6 4:15a 13.3 0.0 0.20 3.9 22.0 8:00p S ------------------------------------------------------------------------------------- 39.3 71.6 3 12.1 9 796.5 1.1 6.92 3.1 36.0 3 N Max >= 90.0: 0 Max <= 32.0: 1 Min <= 32.0: 20 Min <= 0.0: 0 Max Rain: 1.47 ON 03/04/08 Days of Rain: 14 (>.01 in) 11 (>.1 in) 3 (>1 in) Heat Base: 65.0 Cool Base: 65.0 Method: Integration
 
USA Weather Finder