Weather Information | Photos of Local Events | Personal Weather Stations Links | Lancaster Links | Site Map

NOAA Report Archive
(Reports Generated by WeatherLink)
2017: Jan | Feb | Mar | Apr | May | Jun | Jul | Aug | Sep | Oct | Nov | Dec 
2016: Jan | Feb | Mar | Apr | May | Jun | Jul | Aug | Sep | Oct | Nov | Dec 
2015: Jan | Feb | Mar | Apr | May | Jun | Jul | Aug | Sep | Oct | Nov | Dec 
2014: Jan | Feb | Mar | Apr | May | Jun | Jul | Aug | Sep | Oct | Nov | Dec 
2013: Jan | Feb | Mar | Apr | May | Jun | Jul | Aug | Sep | Oct | Nov | Dec 
2012: Jan | Feb | Mar | Apr | May | Jun | Jul | Aug | Sep | Oct | Nov | Dec 
2011: Jan | Feb | Mar | Apr | May | Jun | Jul | Aug | Sep | Oct | Nov | Dec 
2010: Jan | Feb | Mar | Apr | May | Jun | Jul | Aug | Sep | Oct | Nov | Dec 
2009: Jan | Feb | Mar | Apr | May | Jun | Jul | Aug | Sep | Oct | Nov | Dec 
2008: Jan | Feb | Mar | Apr | May | Jun | Jul | Aug | Sep | Oct | Nov | Dec 
2007: Jan | Feb | Mar | Apr | May | Jun | Jul | Aug | Sep | Oct | Nov | Dec 
2006: Jan | Feb | Mar | Apr | May | Jun | Jul | Aug | Sep | Oct | Nov | Dec 
2005: Jan | Feb | Mar | Apr | May | Jun | Jul | Aug | Sep | Oct | Nov | Dec 
2004: Jan | Feb | Mar | Apr | May | Jun | Jul | Aug | Sep | Oct | Nov | Dec 
2003: Jan | Feb | Mar | Apr | May | Jun | Jul | Aug | Sep | Oct | Nov | Dec 

Report for 2008 04
MONTHLY CLIMATOLOGICAL SUMMARY for APR. 2008 NAME: Station1 CITY: Lancaster STATE: Ohio ELEV: 980 ft LAT: 39 45' 13" N LONG: 82 34' 06" W TEMPERATURE (F), RAIN (in), WIND SPEED (mph) HEAT COOL AVG MEAN DEG DEG WIND DOM DAY TEMP HIGH TIME LOW TIME DAYS DAYS RAIN SPEED HIGH TIME DIR ------------------------------------------------------------------------------------ 1 53.9 62.1 2:15a 38.3 12:00m 11.1 0.0 0.02 8.9 35.0 1:00p SSW 2 42.3 52.9 4:30p 34.0 8:00a 22.7 0.0 0.00 2.2 13.0 1:15a N 3 43.1 53.6 2:00p 34.4 7:00a 21.9 0.0 0.04 2.5 21.0 4:00p SE 4 52.8 63.5 2:30p 42.9 11:15p 12.2 0.0 0.60 4.8 26.0 1:30p SSW 5 47.3 58.6 3:45p 35.8 7:15a 17.7 0.0 0.00 1.5 14.0 1:45p NNW 6 55.2 69.9 4:45p 38.5 5:45a 10.5 0.8 0.00 1.7 14.0 3:00p ESE 7 60.3 74.4 4:15p 47.3 7:30a 7.0 2.4 0.00 2.4 20.0 2:00p SE 8 61.4 78.1 3:30p 43.6 7:15a 7.3 3.7 0.00 0.8 18.0 3:15p S 9 60.7 66.8 4:30p 50.7 12:00m 4.4 0.1 0.01 3.4 20.0 11:15a SSW 10 57.4 70.6 3:45p 43.3 6:30a 8.6 1.0 0.00 2.3 16.0 3:15a ENE 11 62.6 67.8 8:45p 56.5 2:45a 2.8 0.4 0.15 5.1 28.0 11:45a SSW 12 47.0 58.3 12:15a 40.1 12:00m 18.0 0.0 0.01 5.0 28.0 11:30a SW 13 39.7 45.4 3:15p 36.9 12:00m 25.3 0.0 0.07 4.0 18.0 1:45p SW 14 41.2 51.3 4:30p 30.3 7:00a 23.8 0.0 0.00 3.7 18.0 4:00p N 15 43.5 59.2 4:00p 25.3 7:15a 21.5 0.0 0.00 0.6 12.0 3:30p N 16 50.6 70.4 5:30p 28.2 7:00a 15.3 0.9 0.00 1.6 19.0 1:30p SSW 17 57.7 76.5 5:45p 36.6 7:00a 10.5 3.2 0.00 1.8 21.0 3:30p SSW 18 62.9 81.1 3:15p 41.3 7:00a 7.6 5.5 0.00 1.1 19.0 1:30p SSW 19 56.6 68.4 12:15p 49.2 4:15a 8.5 0.2 0.14 1.1 17.0 1:15p SW 20 54.5 65.6 1:30p 46.4 12:00m 10.5 0.0 0.00 0.2 13.0 5:30p WNW 21 58.7 73.2 4:15p 42.8 7:30a 8.1 1.8 0.00 1.9 17.0 2:00p E 22 63.3 76.1 4:45p 48.9 7:15a 4.8 3.1 0.00 0.9 14.0 11:00a E 23 66.7 81.6 5:15p 52.0 2:00a 3.7 5.4 0.00 1.1 14.0 6:15p NNE 24 65.1 80.1 3:45p 48.8 7:15a 3.9 4.1 0.00 1.4 17.0 9:00a E 25 70.1 84.1 4:15p 58.1 7:15a 1.7 6.8 0.02 2.1 24.0 2:45p SSW 26 63.2 70.1 10:00a 47.0 12:00m 2.6 0.8 0.00 2.3 21.0 10:45a SSW 27 56.5 71.1 4:00p 38.9 5:45a 9.7 1.2 0.01 1.0 12.0 3:15p N 28 49.1 56.2 3:45p 39.9 12:00m 15.9 0.0 0.34 1.4 22.0 9:30p N 29 44.4 55.7 3:30p 34.7 7:00a 20.6 0.0 0.25 1.5 14.0 5:00a WNW 30 50.3 61.6 5:45p 37.5 7:00a 14.8 0.0 0.00 1.2 16.0 1:30p SW ------------------------------------------------------------------------------------- 54.6 84.1 25 25.3 15 353.0 41.4 1.66 2.3 35.0 1 SSW Max >= 90.0: 0 Max <= 32.0: 0 Min <= 32.0: 3 Min <= 0.0: 0 Max Rain: 0.60 ON 04/04/08 Days of Rain: 9 (>.01 in) 5 (>.1 in) 0 (>1 in) Heat Base: 65.0 Cool Base: 65.0 Method: Integration
 
USA Weather Finder