2024: Jan | Feb | Mar | Apr | May | Jun | Jul | Aug | Sep | Oct | Nov | Dec
2023: Jan | Feb | Mar | Apr | May | Jun | Jul | Aug | Sep | Oct | Nov | Dec
2022: Jan | Feb | Mar | Apr | May | Jun | Jul | Aug | Sep | Oct | Nov | Dec
2021: Jan | Feb | Mar | Apr | May | Jun | Jul | Aug | Sep | Oct | Nov | Dec
2020: Jan | Feb | Mar | Apr | May | Jun | Jul | Aug | Sep | Oct | Nov | Dec
2019: Jan | Feb | Mar | Apr | May | Jun | Jul | Aug | Sep | Oct | Nov | Dec
2018: Jan | Feb | Mar | Apr | May | Jun | Jul | Aug | Sep | Oct | Nov | Dec
2017: Jan | Feb | Mar | Apr | May | Jun | Jul | Aug | Sep | Oct | Nov | Dec
2016: Jan | Feb | Mar | Apr | May | Jun | Jul | Aug | Sep | Oct | Nov | Dec
2015: Jan | Feb | Mar | Apr | May | Jun | Jul | Aug | Sep | Oct | Nov | Dec
2014: Jan | Feb | Mar | Apr | May | Jun | Jul | Aug | Sep | Oct | Nov | Dec
2013: Jan | Feb | Mar | Apr | May | Jun | Jul | Aug | Sep | Oct | Nov | Dec
2012: Jan | Feb | Mar | Apr | May | Jun | Jul | Aug | Sep | Oct | Nov | Dec
2011: Jan | Feb | Mar | Apr | May | Jun | Jul | Aug | Sep | Oct | Nov | Dec
2010: Jan | Feb | Mar | Apr | May | Jun | Jul | Aug | Sep | Oct | Nov | Dec
2009: Jan | Feb | Mar | Apr | May | Jun | Jul | Aug | Sep | Oct | Nov | Dec
2008: Jan | Feb | Mar | Apr | May | Jun | Jul | Aug | Sep | Oct | Nov | Dec
2007: Jan | Feb | Mar | Apr | May | Jun | Jul | Aug | Sep | Oct | Nov | Dec
2006: Jan | Feb | Mar | Apr | May | Jun | Jul | Aug | Sep | Oct | Nov | Dec
2005: Jan | Feb | Mar | Apr | May | Jun | Jul | Aug | Sep | Oct | Nov | Dec
2004: Jan | Feb | Mar | Apr | May | Jun | Jul | Aug | Sep | Oct | Nov | Dec
2003: Jan | Feb | Mar | Apr | May | Jun | Jul | Aug | Sep | Oct | Nov | Dec
Report for 2008 05
MONTHLY CLIMATOLOGICAL SUMMARY for MAY. 2008
NAME: Station1 CITY: Lancaster STATE: Ohio
ELEV: 980 ft LAT: 39° 45' 13" N LONG: 82° 34' 06" W
TEMPERATURE (°F), RAIN (in), WIND SPEED (mph)
HEAT COOL AVG
MEAN DEG DEG WIND DOM
DAY TEMP HIGH TIME LOW TIME DAYS DAYS RAIN SPEED HIGH TIME DIR
------------------------------------------------------------------------------------
1 61.8 78.1 4:30p 44.3 4:45a 7.2 4.0 0.00 3.9 29.0 2:45p SSW
2 66.7 81.4 3:30p 55.4 2:45a 2.0 3.7 0.16 4.3 42.0 5:15p SSW
3 61.8 72.1 5:00p 50.7 12:00m 4.0 0.8 0.45 4.1 27.0 7:15p SSW
4 54.8 66.4 5:00p 40.9 7:00a 10.3 0.1 0.00 1.1 18.0 1:15a N
5 57.0 74.0 5:45p 38.3 6:30a 10.2 2.2 0.00 0.8 13.0 1:00p WSW
6 65.2 80.1 4:45p 48.8 2:15a 4.5 4.7 0.00 1.0 17.0 5:30p SW
7 65.0 78.6 1:45p 49.8 6:15a 3.6 3.6 0.12 3.7 34.0 2:45p SSW
8 61.6 68.1 3:00p 58.7 12:00m 3.5 0.1 0.27 1.6 26.0 2:30a E
9 58.8 68.4 2:00p 49.4 11:15p 6.4 0.2 0.31 1.5 16.0 10:00p NNE
10 56.7 68.9 4:30p 44.6 6:15a 8.8 0.5 0.00 1.2 14.0 9:15a N
11 52.7 60.9 1:30p 48.9 8:00a 12.3 0.0 0.37 2.5 25.0 2:15p E
12 51.8 57.2 3:15p 48.3 1:15a 13.2 0.0 0.10 2.9 19.0 12:15p NNW
13 54.7 68.8 5:15p 40.2 5:30a 10.7 0.5 0.00 0.6 13.0 1:30p E
14 54.0 58.3 11:30p 46.8 2:45a 11.0 0.0 0.15 2.0 21.0 10:30a SSW
15 58.6 67.6 3:15p 51.1 12:00m 6.5 0.1 0.91 2.3 14.0 3:30p NNE
16 53.7 65.5 5:15p 45.8 12:00m 11.3 0.0 0.42 3.1 19.0 5:45a N
17 59.5 73.0 6:00p 44.9 12:30a 6.9 1.4 0.00 4.9 31.0 11:30a SW
18 55.9 64.7 3:30p 47.4 12:00m 9.1 0.0 0.34 3.3 27.0 2:00p WNW
19 52.2 63.7 4:15p 37.0 6:45a 12.8 0.0 0.02 2.6 25.0 4:45p SW
20 55.2 65.3 2:30p 48.6 7:00a 9.8 0.0 0.29 1.7 19.0 3:15p NW
21 54.1 64.5 2:15p 43.8 5:45a 10.9 0.0 0.00 2.7 22.0 4:45p SW
22 57.5 71.1 4:30p 43.2 3:45a 8.5 1.0 0.00 1.7 18.0 1:30p N
23 57.5 68.8 2:15p 47.0 7:00a 7.8 0.3 0.00 0.8 11.0 10:00a NNE
24 58.4 73.2 5:15p 41.2 6:30a 8.2 1.6 0.00 1.3 14.0 3:45p NNE
25 60.6 79.0 4:45p 39.6 6:00a 8.3 3.9 0.00 0.4 11.0 3:30p SW
26 68.4 82.6 3:15p 52.2 4:00a 3.6 7.0 0.00 2.9 28.0 3:15p SW
27 67.5 81.6 3:00p 50.5 12:00m 2.5 5.0 0.00 2.8 21.0 5:00p N
28 56.3 71.8 5:15p 42.6 6:30a 9.8 1.2 0.00 2.8 19.0 12:45a NNE
29 60.7 79.0 5:45p 39.2 6:30a 8.4 4.1 0.00 0.3 8.0 11:45a N
30 68.8 83.2 4:30p 47.4 6:15a 4.8 8.6 0.00 2.6 21.0 11:45p SSW
31 74.9 84.7 3:45p 64.3 3:30a 0.1 9.9 0.38 4.3 32.0 3:15p WSW
-------------------------------------------------------------------------------------
59.4 84.7 31 37.0 19 237.0 64.5 4.29 2.3 42.0 2 SSW
Max >= 90.0: 0
Max <= 32.0: 0
Min <= 32.0: 0
Min <= 0.0: 0
Max Rain: 0.91 ON 05/15/08
Days of Rain: 14 (>.01 in) 12 (>.1 in) 0 (>1 in)
Heat Base: 65.0 Cool Base: 65.0 Method: Integration
|