Weather Information | Photos of Local Events | Personal Weather Stations Links | Lancaster Links | Site Map

NOAA Report Archive
(Reports Generated by WeatherLink)
2017: Jan | Feb | Mar | Apr | May | Jun | Jul | Aug | Sep | Oct | Nov | Dec 
2016: Jan | Feb | Mar | Apr | May | Jun | Jul | Aug | Sep | Oct | Nov | Dec 
2015: Jan | Feb | Mar | Apr | May | Jun | Jul | Aug | Sep | Oct | Nov | Dec 
2014: Jan | Feb | Mar | Apr | May | Jun | Jul | Aug | Sep | Oct | Nov | Dec 
2013: Jan | Feb | Mar | Apr | May | Jun | Jul | Aug | Sep | Oct | Nov | Dec 
2012: Jan | Feb | Mar | Apr | May | Jun | Jul | Aug | Sep | Oct | Nov | Dec 
2011: Jan | Feb | Mar | Apr | May | Jun | Jul | Aug | Sep | Oct | Nov | Dec 
2010: Jan | Feb | Mar | Apr | May | Jun | Jul | Aug | Sep | Oct | Nov | Dec 
2009: Jan | Feb | Mar | Apr | May | Jun | Jul | Aug | Sep | Oct | Nov | Dec 
2008: Jan | Feb | Mar | Apr | May | Jun | Jul | Aug | Sep | Oct | Nov | Dec 
2007: Jan | Feb | Mar | Apr | May | Jun | Jul | Aug | Sep | Oct | Nov | Dec 
2006: Jan | Feb | Mar | Apr | May | Jun | Jul | Aug | Sep | Oct | Nov | Dec 
2005: Jan | Feb | Mar | Apr | May | Jun | Jul | Aug | Sep | Oct | Nov | Dec 
2004: Jan | Feb | Mar | Apr | May | Jun | Jul | Aug | Sep | Oct | Nov | Dec 
2003: Jan | Feb | Mar | Apr | May | Jun | Jul | Aug | Sep | Oct | Nov | Dec 

Report for 2008 06
MONTHLY CLIMATOLOGICAL SUMMARY for JUN. 2008 NAME: Station1 CITY: Lancaster STATE: Ohio ELEV: 980 ft LAT: 39 45' 13" N LONG: 82 34' 06" W TEMPERATURE (F), RAIN (in), WIND SPEED (mph) HEAT COOL AVG MEAN DEG DEG WIND DOM DAY TEMP HIGH TIME LOW TIME DAYS DAYS RAIN SPEED HIGH TIME DIR ------------------------------------------------------------------------------------ 1 70.8 81.2 3:00p 59.5 5:45a 0.9 6.6 0.00 1.6 18.0 2:45p W 2 68.1 85.1 6:00p 49.4 6:30a 4.2 7.2 0.00 0.2 12.0 4:30p N 3 67.2 76.1 12:30p 60.9 2:30a 0.5 2.7 0.87 1.1 19.0 2:15p SSW 4 69.4 77.7 6:30p 65.0 4:00a 0.0 4.4 1.21 1.1 18.0 9:15p SSW 5 77.2 90.1 4:45p 64.2 5:15a 0.1 12.3 0.00 2.8 24.0 12:45p SSW 6 79.8 92.5 4:30p 64.2 6:30a 0.0 14.8 0.00 2.8 26.0 2:15p SSW 7 79.0 85.5 5:30p 69.9 6:00a 0.0 14.0 0.00 2.1 21.0 1:30p SSW 8 82.3 91.4 3:30p 72.1 3:30a 0.0 17.3 0.00 3.0 20.0 2:15p SW 9 82.8 91.8 3:45p 73.2 12:00m 0.0 17.8 0.00 3.6 21.0 2:15p SSW 10 72.8 81.8 3:15p 59.6 12:00m 0.3 8.1 0.70 2.7 30.0 5:00a SSW 11 71.0 85.9 5:00p 53.8 6:15a 2.9 8.9 0.00 0.4 11.0 1:15p E 12 76.5 89.0 4:45p 62.6 3:45a 0.2 11.7 0.00 0.3 11.0 11:00a SSE 13 76.6 89.7 3:45p 68.3 7:15p 0.0 11.6 0.70 2.2 27.0 6:15p SSW 14 72.4 84.0 5:45p 63.1 12:00m 0.0 7.5 0.06 0.7 13.0 12:30a N 15 73.1 86.7 3:15p 55.7 6:45a 2.1 10.2 0.00 1.2 28.0 11:30p SSW 16 71.5 82.4 5:30p 62.3 4:30a 0.5 6.9 0.01 2.4 20.0 5:00p SW 17 63.8 73.3 5:00p 53.2 6:00a 3.3 2.0 0.00 2.0 21.0 6:30p NW 18 64.7 76.7 3:00p 52.6 4:30a 3.5 3.2 0.00 2.0 21.0 3:00p SW 19 65.7 77.7 5:00p 52.5 5:45a 3.5 4.2 0.00 0.9 17.0 5:15p NE 20 68.4 82.4 2:45p 53.5 5:15a 3.3 6.7 0.00 0.7 16.0 9:45a SW 21 68.3 83.6 5:00p 56.5 6:00a 2.7 6.0 0.18 1.5 25.0 6:30p SSW 22 68.0 82.2 3:00p 55.1 6:45a 3.0 5.9 0.00 0.9 18.0 3:00p SSW 23 66.0 79.2 5:30p 53.3 6:30a 3.0 4.0 0.18 1.1 17.0 1:15p SW 24 68.9 82.2 4:30p 53.5 6:30a 2.9 6.8 0.01 0.4 12.0 1:00p W 25 70.3 86.1 5:00p 55.7 5:15a 2.5 7.8 0.14 1.0 17.0 5:00p SSW 26 75.6 89.7 3:45p 63.7 4:00a 0.0 10.6 2.83 2.7 36.0 3:45a SSW 27 74.5 85.9 4:00p 66.8 3:15a 0.0 9.5 0.52 1.2 16.0 5:45p SSW 28 73.2 86.1 4:30p 67.1 11:15p 0.0 8.2 0.56 3.7 30.0 5:15p SW 29 72.0 81.6 2:30p 64.7 12:00m 0.0 7.0 0.01 3.4 33.0 3:00p SSW 30 63.6 68.8 10:30a 61.2 11:00p 1.8 0.3 0.06 1.5 21.0 10:45a NW ------------------------------------------------------------------------------------- 71.8 92.5 6 49.4 2 41.2 244.2 8.04 1.7 36.0 26 SSW Max >= 90.0: 4 Max <= 32.0: 0 Min <= 32.0: 0 Min <= 0.0: 0 Max Rain: 2.83 ON 06/26/08 Days of Rain: 12 (>.01 in) 10 (>.1 in) 2 (>1 in) Heat Base: 65.0 Cool Base: 65.0 Method: Integration
 
USA Weather Finder