2024: Jan | Feb | Mar | Apr | May | Jun | Jul | Aug | Sep | Oct | Nov | Dec
2023: Jan | Feb | Mar | Apr | May | Jun | Jul | Aug | Sep | Oct | Nov | Dec
2022: Jan | Feb | Mar | Apr | May | Jun | Jul | Aug | Sep | Oct | Nov | Dec
2021: Jan | Feb | Mar | Apr | May | Jun | Jul | Aug | Sep | Oct | Nov | Dec
2020: Jan | Feb | Mar | Apr | May | Jun | Jul | Aug | Sep | Oct | Nov | Dec
2019: Jan | Feb | Mar | Apr | May | Jun | Jul | Aug | Sep | Oct | Nov | Dec
2018: Jan | Feb | Mar | Apr | May | Jun | Jul | Aug | Sep | Oct | Nov | Dec
2017: Jan | Feb | Mar | Apr | May | Jun | Jul | Aug | Sep | Oct | Nov | Dec
2016: Jan | Feb | Mar | Apr | May | Jun | Jul | Aug | Sep | Oct | Nov | Dec
2015: Jan | Feb | Mar | Apr | May | Jun | Jul | Aug | Sep | Oct | Nov | Dec
2014: Jan | Feb | Mar | Apr | May | Jun | Jul | Aug | Sep | Oct | Nov | Dec
2013: Jan | Feb | Mar | Apr | May | Jun | Jul | Aug | Sep | Oct | Nov | Dec
2012: Jan | Feb | Mar | Apr | May | Jun | Jul | Aug | Sep | Oct | Nov | Dec
2011: Jan | Feb | Mar | Apr | May | Jun | Jul | Aug | Sep | Oct | Nov | Dec
2010: Jan | Feb | Mar | Apr | May | Jun | Jul | Aug | Sep | Oct | Nov | Dec
2009: Jan | Feb | Mar | Apr | May | Jun | Jul | Aug | Sep | Oct | Nov | Dec
2008: Jan | Feb | Mar | Apr | May | Jun | Jul | Aug | Sep | Oct | Nov | Dec
2007: Jan | Feb | Mar | Apr | May | Jun | Jul | Aug | Sep | Oct | Nov | Dec
2006: Jan | Feb | Mar | Apr | May | Jun | Jul | Aug | Sep | Oct | Nov | Dec
2005: Jan | Feb | Mar | Apr | May | Jun | Jul | Aug | Sep | Oct | Nov | Dec
2004: Jan | Feb | Mar | Apr | May | Jun | Jul | Aug | Sep | Oct | Nov | Dec
2003: Jan | Feb | Mar | Apr | May | Jun | Jul | Aug | Sep | Oct | Nov | Dec
Report for 2008 07
MONTHLY CLIMATOLOGICAL SUMMARY for JUL. 2008
NAME: Station1 CITY: Lancaster STATE: Ohio
ELEV: 980 ft LAT: 39° 45' 13" N LONG: 82° 34' 06" W
TEMPERATURE (°F), RAIN (in), WIND SPEED (mph)
HEAT COOL AVG
MEAN DEG DEG WIND DOM
DAY TEMP HIGH TIME LOW TIME DAYS DAYS RAIN SPEED HIGH TIME DIR
------------------------------------------------------------------------------------
1 67.6 80.3 4:45p 52.2 5:45a 3.5 6.1 0.00 0.5 11.0 12:00p WSW
2 70.7 84.9 5:30p 52.8 6:00a 3.3 9.0 0.00 2.5 25.0 3:00p SSW
3 70.6 76.8 11:00a 65.6 10:00p 0.0 5.6 0.46 2.4 22.0 7:15a SW
4 66.0 69.9 7:30p 63.5 9:30a 0.4 1.4 0.34 0.5 8.0 10:30a NNE
5 71.5 82.8 4:15p 63.5 5:30a 0.2 6.7 0.00 0.5 8.0 11:30a NNE
6 73.7 87.4 3:00p 59.8 6:00a 1.1 9.8 0.00 0.0 6.0 11:45a E
7 75.8 87.4 5:00p 62.7 6:30a 0.2 11.0 0.00 0.8 14.0 3:15p SW
8 74.7 88.8 2:30p 65.2 6:15a 0.0 9.7 0.91 1.8 19.0 7:00p SSW
9 74.3 83.6 5:45p 66.9 12:00m 0.0 9.3 0.01 1.8 14.0 8:15a SW
10 71.6 84.1 4:45p 55.9 6:00a 1.5 8.1 0.00 0.4 8.0 11:30a NNE
11 74.5 89.3 5:30p 59.9 6:00a 1.0 10.6 0.00 0.7 13.0 3:30p SW
12 75.2 86.3 5:45p 64.0 6:45a 0.0 10.3 0.11 1.4 21.0 6:00p SSW
13 73.4 82.2 5:15p 62.1 12:00m 0.1 8.4 0.00 1.5 19.0 12:45a W
14 70.3 83.4 4:15p 55.7 6:45a 2.2 7.5 0.00 0.8 13.0 11:45a WSW
15 72.4 87.4 5:30p 55.4 6:30a 2.4 9.8 0.00 0.2 10.0 12:30p WSW
16 75.2 89.7 4:30p 59.0 6:45a 1.2 11.4 0.00 0.3 13.0 3:15p SSW
17 77.7 92.3 4:45p 63.9 6:45a 0.1 12.8 0.00 0.2 13.0 2:15p SSW
18 77.6 91.8 2:15p 61.8 6:45a 0.3 12.9 0.00 0.4 13.0 3:45p SSW
19 78.4 92.3 4:00p 62.3 6:30a 0.2 13.6 0.00 0.6 16.0 2:45p SW
20 81.6 91.8 3:15p 71.6 1:15a 0.0 16.6 0.00 2.9 25.0 12:45p SW
21 79.6 91.4 4:00p 68.6 6:30a 0.0 14.6 0.00 1.0 18.0 1:45p W
22 74.1 84.7 5:30p 65.0 6:15a 0.0 9.1 1.21 1.3 38.0 3:45a SW
23 70.4 79.9 3:15p 60.1 12:00m 0.3 5.7 0.00 1.6 17.0 1:00p N
24 69.9 84.0 5:00p 54.8 6:45a 2.7 7.6 0.00 0.8 16.0 3:00p SW
25 72.5 85.3 3:45p 56.9 6:15a 1.8 9.3 0.00 0.9 16.0 1:15p SSW
26 75.9 87.4 4:30p 65.8 5:30a 0.0 10.9 0.02 1.3 14.0 3:15p SW
27 73.4 85.1 5:15p 59.6 7:15a 0.5 8.9 0.00 0.5 11.0 1:00p NNW
28 69.5 79.2 5:00p 59.8 2:45a 1.4 6.0 0.00 0.0 7.0 1:15p ESE
29 74.3 86.5 2:15p 60.2 6:30a 0.8 10.1 0.00 0.0 6.0 12:30p ESE
30 76.6 88.2 5:45p 67.3 5:45a 0.0 11.6 0.00 1.7 19.0 2:00p WSW
31 77.7 89.5 5:45p 69.3 11:30p 0.0 12.7 0.00 1.0 16.0 2:00p WSW
-------------------------------------------------------------------------------------
73.8 92.3 17 52.2 1 25.2 297.1 3.06 1.0 38.0 22 SW
Max >= 90.0: 5
Max <= 32.0: 0
Min <= 32.0: 0
Min <= 0.0: 0
Max Rain: 1.21 ON 07/22/08
Days of Rain: 6 (>.01 in) 5 (>.1 in) 1 (>1 in)
Heat Base: 65.0 Cool Base: 65.0 Method: Integration
|