2024: Jan | Feb | Mar | Apr | May | Jun | Jul | Aug | Sep | Oct | Nov | Dec
2023: Jan | Feb | Mar | Apr | May | Jun | Jul | Aug | Sep | Oct | Nov | Dec
2022: Jan | Feb | Mar | Apr | May | Jun | Jul | Aug | Sep | Oct | Nov | Dec
2021: Jan | Feb | Mar | Apr | May | Jun | Jul | Aug | Sep | Oct | Nov | Dec
2020: Jan | Feb | Mar | Apr | May | Jun | Jul | Aug | Sep | Oct | Nov | Dec
2019: Jan | Feb | Mar | Apr | May | Jun | Jul | Aug | Sep | Oct | Nov | Dec
2018: Jan | Feb | Mar | Apr | May | Jun | Jul | Aug | Sep | Oct | Nov | Dec
2017: Jan | Feb | Mar | Apr | May | Jun | Jul | Aug | Sep | Oct | Nov | Dec
2016: Jan | Feb | Mar | Apr | May | Jun | Jul | Aug | Sep | Oct | Nov | Dec
2015: Jan | Feb | Mar | Apr | May | Jun | Jul | Aug | Sep | Oct | Nov | Dec
2014: Jan | Feb | Mar | Apr | May | Jun | Jul | Aug | Sep | Oct | Nov | Dec
2013: Jan | Feb | Mar | Apr | May | Jun | Jul | Aug | Sep | Oct | Nov | Dec
2012: Jan | Feb | Mar | Apr | May | Jun | Jul | Aug | Sep | Oct | Nov | Dec
2011: Jan | Feb | Mar | Apr | May | Jun | Jul | Aug | Sep | Oct | Nov | Dec
2010: Jan | Feb | Mar | Apr | May | Jun | Jul | Aug | Sep | Oct | Nov | Dec
2009: Jan | Feb | Mar | Apr | May | Jun | Jul | Aug | Sep | Oct | Nov | Dec
2008: Jan | Feb | Mar | Apr | May | Jun | Jul | Aug | Sep | Oct | Nov | Dec
2007: Jan | Feb | Mar | Apr | May | Jun | Jul | Aug | Sep | Oct | Nov | Dec
2006: Jan | Feb | Mar | Apr | May | Jun | Jul | Aug | Sep | Oct | Nov | Dec
2005: Jan | Feb | Mar | Apr | May | Jun | Jul | Aug | Sep | Oct | Nov | Dec
2004: Jan | Feb | Mar | Apr | May | Jun | Jul | Aug | Sep | Oct | Nov | Dec
2003: Jan | Feb | Mar | Apr | May | Jun | Jul | Aug | Sep | Oct | Nov | Dec
Report for 2008 08
MONTHLY CLIMATOLOGICAL SUMMARY for AUG. 2008
NAME: Station1 CITY: Lancaster STATE: Ohio
ELEV: 980 ft LAT: 39° 45' 13" N LONG: 82° 34' 06" W
TEMPERATURE (°F), RAIN (in), WIND SPEED (mph)
HEAT COOL AVG
MEAN DEG DEG WIND DOM
DAY TEMP HIGH TIME LOW TIME DAYS DAYS RAIN SPEED HIGH TIME DIR
------------------------------------------------------------------------------------
1 79.2 90.7 4:30p 68.8 7:00a 0.0 14.2 0.00 1.0 17.0 5:30p W
2 77.6 88.6 4:15p 65.6 12:00m 0.0 12.6 0.00 1.3 13.0 3:15p N
3 70.7 84.7 4:15p 56.3 7:00a 1.9 7.6 0.00 0.6 12.0 1:00p NNE
4 73.7 87.0 4:00p 59.5 2:45a 1.5 10.3 0.00 0.4 14.0 5:30p SSW
5 74.1 83.0 5:30p 67.6 4:15a 0.0 9.1 0.53 1.7 25.0 3:30a SW
6 77.3 88.8 4:15p 67.3 11:15p 0.0 12.3 0.00 0.7 14.0 6:45p WSW
7 71.7 84.9 5:15p 60.4 7:15a 0.7 7.4 0.03 1.0 17.0 9:45p NNW
8 67.7 80.7 3:45p 57.0 6:45a 2.5 5.2 0.01 1.4 18.0 12:15p N
9 68.0 80.7 4:15p 53.3 6:45a 3.3 6.3 0.00 1.4 18.0 12:45p WSW
10 67.1 77.4 3:15p 57.5 6:00a 1.9 4.1 0.18 1.2 18.0 1:30p NNW
11 65.7 79.4 4:00p 55.4 7:00a 3.3 4.0 0.00 1.0 13.0 10:00a N
12 67.0 83.6 5:30p 50.8 6:45a 4.4 6.4 0.00 0.1 11.0 5:30p NNE
13 69.7 84.1 4:45p 53.8 7:00a 2.9 7.6 0.00 0.3 8.0 3:15p NNE
14 68.4 80.7 5:00p 61.3 7:30a 0.7 4.1 0.47 0.4 14.0 5:15p NNE
15 69.4 81.8 3:00p 57.5 12:00m 1.5 5.8 0.00 0.8 12.0 2:45p NNE
16 66.9 83.4 5:00p 50.5 7:00a 4.3 6.1 0.00 0.2 10.0 4:15p WSW
17 69.0 84.5 4:30p 52.8 7:00a 3.5 7.6 0.00 0.4 12.0 1:15p W
18 69.5 85.7 4:15p 52.8 6:30a 3.4 7.9 0.00 0.7 16.0 1:15p SW
19 73.2 89.5 4:30p 59.0 6:30a 1.5 9.7 0.00 0.7 10.0 10:30a NNE
20 70.5 86.1 5:15p 56.5 7:00a 1.8 7.3 0.00 0.7 11.0 6:15p NNE
21 74.8 91.8 3:45p 58.1 7:15a 1.3 11.2 0.00 0.3 12.0 12:00p NNE
22 77.3 89.3 2:30p 65.0 12:00m 0.0 12.3 0.00 0.3 11.0 11:00a SSE
23 73.4 89.9 4:45p 58.1 7:00a 1.4 9.8 0.00 0.2 11.0 2:45p ESE
24 74.9 92.9 4:00p 63.1 7:00a 0.2 10.1 0.62 0.6 18.0 6:00p SSW
25 70.6 80.7 4:30p 61.5 12:00m 0.2 5.7 0.00 2.1 14.0 2:30p NNE
26 68.5 83.2 4:00p 53.5 6:45a 3.1 6.5 0.00 1.4 14.0 2:45p NNE
27 65.6 71.1 12:15a 62.7 10:00p 0.5 1.0 0.78 1.4 12.0 11:15a NE
28 66.1 73.2 6:15p 61.2 11:30p 0.9 2.0 0.06 0.0 6.0 4:00p ENE
29 72.6 85.5 3:00p 61.2 12:15a 0.6 8.2 0.01 0.5 14.0 1:15p SSE
30 74.1 86.3 5:15p 62.0 12:00m 0.2 9.3 0.00 0.8 12.0 11:00a NNE
31 70.2 85.9 3:45p 56.2 6:45a 2.7 7.9 0.00 0.7 12.0 4:00p ENE
-------------------------------------------------------------------------------------
71.1 92.9 24 50.5 16 50.2 239.6 2.69 0.8 25.0 5 NNE
Max >= 90.0: 3
Max <= 32.0: 0
Min <= 32.0: 0
Min <= 0.0: 0
Max Rain: 0.78 ON 08/27/08
Days of Rain: 7 (>.01 in) 5 (>.1 in) 0 (>1 in)
Heat Base: 65.0 Cool Base: 65.0 Method: Integration
|