2024: Jan | Feb | Mar | Apr | May | Jun | Jul | Aug | Sep | Oct | Nov | Dec
2023: Jan | Feb | Mar | Apr | May | Jun | Jul | Aug | Sep | Oct | Nov | Dec
2022: Jan | Feb | Mar | Apr | May | Jun | Jul | Aug | Sep | Oct | Nov | Dec
2021: Jan | Feb | Mar | Apr | May | Jun | Jul | Aug | Sep | Oct | Nov | Dec
2020: Jan | Feb | Mar | Apr | May | Jun | Jul | Aug | Sep | Oct | Nov | Dec
2019: Jan | Feb | Mar | Apr | May | Jun | Jul | Aug | Sep | Oct | Nov | Dec
2018: Jan | Feb | Mar | Apr | May | Jun | Jul | Aug | Sep | Oct | Nov | Dec
2017: Jan | Feb | Mar | Apr | May | Jun | Jul | Aug | Sep | Oct | Nov | Dec
2016: Jan | Feb | Mar | Apr | May | Jun | Jul | Aug | Sep | Oct | Nov | Dec
2015: Jan | Feb | Mar | Apr | May | Jun | Jul | Aug | Sep | Oct | Nov | Dec
2014: Jan | Feb | Mar | Apr | May | Jun | Jul | Aug | Sep | Oct | Nov | Dec
2013: Jan | Feb | Mar | Apr | May | Jun | Jul | Aug | Sep | Oct | Nov | Dec
2012: Jan | Feb | Mar | Apr | May | Jun | Jul | Aug | Sep | Oct | Nov | Dec
2011: Jan | Feb | Mar | Apr | May | Jun | Jul | Aug | Sep | Oct | Nov | Dec
2010: Jan | Feb | Mar | Apr | May | Jun | Jul | Aug | Sep | Oct | Nov | Dec
2009: Jan | Feb | Mar | Apr | May | Jun | Jul | Aug | Sep | Oct | Nov | Dec
2008: Jan | Feb | Mar | Apr | May | Jun | Jul | Aug | Sep | Oct | Nov | Dec
2007: Jan | Feb | Mar | Apr | May | Jun | Jul | Aug | Sep | Oct | Nov | Dec
2006: Jan | Feb | Mar | Apr | May | Jun | Jul | Aug | Sep | Oct | Nov | Dec
2005: Jan | Feb | Mar | Apr | May | Jun | Jul | Aug | Sep | Oct | Nov | Dec
2004: Jan | Feb | Mar | Apr | May | Jun | Jul | Aug | Sep | Oct | Nov | Dec
2003: Jan | Feb | Mar | Apr | May | Jun | Jul | Aug | Sep | Oct | Nov | Dec
Report for 2008 09
MONTHLY CLIMATOLOGICAL SUMMARY for SEP. 2008
NAME: Station1 CITY: Lancaster STATE: Ohio
ELEV: 980 ft LAT: 39° 45' 13" N LONG: 82° 34' 06" W
TEMPERATURE (°F), RAIN (in), WIND SPEED (mph)
HEAT COOL AVG
MEAN DEG DEG WIND DOM
DAY TEMP HIGH TIME LOW TIME DAYS DAYS RAIN SPEED HIGH TIME DIR
------------------------------------------------------------------------------------
1 70.8 86.3 5:00p 54.5 6:00a 3.0 8.8 0.00 0.3 10.0 1:30p E
2 74.5 90.5 4:00p 58.7 5:45a 1.3 10.8 0.00 0.1 7.0 3:15p E
3 76.6 92.9 5:00p 62.6 7:15a 0.3 11.8 0.00 0.0 7.0 12:30p E
4 76.2 90.5 4:00p 64.5 7:15a 0.0 11.2 0.00 0.2 12.0 12:45p SE
5 72.2 78.5 12:30p 67.9 10:30a 0.0 7.2 0.04 1.7 19.0 12:15p SSW
6 69.7 79.9 4:30p 56.9 12:00m 0.5 5.3 0.03 1.8 19.0 3:15p N
7 64.9 78.8 4:00p 52.9 4:00a 4.3 4.2 0.00 1.0 18.0 11:30a W
8 67.3 82.0 5:15p 52.2 6:00a 3.9 6.2 0.00 0.0 6.0 11:30a E
9 63.5 71.3 5:30p 51.1 12:00m 2.4 0.9 0.09 1.0 14.0 4:15a N
10 59.0 74.6 4:30p 44.1 7:00a 8.3 2.3 0.00 1.0 13.0 12:30p E
11 65.9 84.3 4:45p 47.4 7:15a 5.9 6.7 0.01 0.2 10.0 3:00p SSW
12 71.9 76.0 4:45p 69.1 1:45a 0.0 6.9 0.34 1.0 14.0 5:00p SW
13 77.1 88.0 4:15p 67.9 2:15a 0.0 12.1 0.01 2.1 22.0 4:00p SSW
14 77.5 88.6 3:00p 65.6 12:00m 0.0 12.5 0.04 6.5 70.0 5:15p SSW
15 64.6 72.3 3:30p 60.2 7:45a 1.4 1.1 0.08 1.0 16.0 12:45a W
16 62.3 74.7 3:30p 51.9 7:00a 5.1 2.4 0.00 0.2 8.0 12:45p NNE
17 63.0 80.3 4:30p 47.1 7:30a 6.6 4.7 0.00 0.3 12.0 1:00p W
18 63.7 79.2 3:15p 51.7 4:15a 5.3 4.0 0.00 1.4 14.0 12:30p NNE
19 62.8 81.4 4:45p 45.7 6:45a 6.9 4.8 0.00 0.0 7.0 4:30p E
20 65.9 84.0 3:30p 53.9 7:15a 4.3 5.2 0.00 0.0 8.0 3:30p E
21 66.8 84.9 3:30p 50.8 7:45a 4.7 6.5 0.00 0.2 10.0 2:00p E
22 67.5 83.4 4:30p 54.2 6:45a 3.4 5.9 0.00 0.6 12.0 3:15p NNE
23 66.4 83.2 3:45p 51.0 7:00a 4.3 5.7 0.00 0.4 10.0 1:45p E
24 65.0 81.6 5:15p 51.0 7:45a 4.7 4.7 0.00 0.3 12.0 11:30a E
25 64.8 80.5 3:30p 49.9 6:15a 4.9 4.8 0.00 1.9 19.0 2:15p ENE
26 62.5 74.7 3:00p 53.1 4:45a 4.1 1.7 0.00 1.8 17.0 4:45p NNE
27 66.0 78.3 5:45p 56.3 7:30a 2.5 3.6 0.00 0.8 13.0 11:30p NNE
28 66.8 77.6 3:45p 53.8 12:00m 1.5 3.3 0.00 1.2 13.0 2:30p N
29 64.0 81.2 3:30p 50.7 8:00a 5.3 4.3 0.00 0.2 11.0 4:30p SSW
30 62.4 69.9 3:00p 57.3 10:30p 3.3 0.8 0.22 1.0 16.0 9:45a W
-------------------------------------------------------------------------------------
67.4 92.9 3 44.1 10 98.2 170.4 0.86 0.9 70.0 14 N
Max >= 90.0: 3
Max <= 32.0: 0
Min <= 32.0: 0
Min <= 0.0: 0
Max Rain: 0.34 ON 09/12/08
Days of Rain: 7 (>.01 in) 2 (>.1 in) 0 (>1 in)
Heat Base: 65.0 Cool Base: 65.0 Method: Integration
|