Weather Information | Photos of Local Events | Personal Weather Stations Links | Lancaster Links | Site Map

NOAA Report Archive
(Reports Generated by WeatherLink)
2017: Jan | Feb | Mar | Apr | May | Jun | Jul | Aug | Sep | Oct | Nov | Dec 
2016: Jan | Feb | Mar | Apr | May | Jun | Jul | Aug | Sep | Oct | Nov | Dec 
2015: Jan | Feb | Mar | Apr | May | Jun | Jul | Aug | Sep | Oct | Nov | Dec 
2014: Jan | Feb | Mar | Apr | May | Jun | Jul | Aug | Sep | Oct | Nov | Dec 
2013: Jan | Feb | Mar | Apr | May | Jun | Jul | Aug | Sep | Oct | Nov | Dec 
2012: Jan | Feb | Mar | Apr | May | Jun | Jul | Aug | Sep | Oct | Nov | Dec 
2011: Jan | Feb | Mar | Apr | May | Jun | Jul | Aug | Sep | Oct | Nov | Dec 
2010: Jan | Feb | Mar | Apr | May | Jun | Jul | Aug | Sep | Oct | Nov | Dec 
2009: Jan | Feb | Mar | Apr | May | Jun | Jul | Aug | Sep | Oct | Nov | Dec 
2008: Jan | Feb | Mar | Apr | May | Jun | Jul | Aug | Sep | Oct | Nov | Dec 
2007: Jan | Feb | Mar | Apr | May | Jun | Jul | Aug | Sep | Oct | Nov | Dec 
2006: Jan | Feb | Mar | Apr | May | Jun | Jul | Aug | Sep | Oct | Nov | Dec 
2005: Jan | Feb | Mar | Apr | May | Jun | Jul | Aug | Sep | Oct | Nov | Dec 
2004: Jan | Feb | Mar | Apr | May | Jun | Jul | Aug | Sep | Oct | Nov | Dec 
2003: Jan | Feb | Mar | Apr | May | Jun | Jul | Aug | Sep | Oct | Nov | Dec 

Report for 2008 10
MONTHLY CLIMATOLOGICAL SUMMARY for OCT. 2008 NAME: Station1 CITY: Lancaster STATE: Ohio ELEV: 980 ft LAT: 39 45' 13" N LONG: 82 34' 06" W TEMPERATURE (F), RAIN (in), WIND SPEED (mph) HEAT COOL AVG MEAN DEG DEG WIND DOM DAY TEMP HIGH TIME LOW TIME DAYS DAYS RAIN SPEED HIGH TIME DIR ------------------------------------------------------------------------------------ 1 54.9 62.6 1:00p 44.5 11:45p 10.1 0.0 0.00 0.8 21.0 4:45p NNW 2 51.2 62.1 4:00p 40.2 7:45a 13.8 0.0 0.00 1.8 20.0 5:45p SW 3 56.9 66.8 2:00p 50.5 8:00a 8.2 0.1 0.00 1.1 13.0 5:45a SW 4 56.2 69.6 4:45p 46.2 11:15p 9.5 0.7 0.00 0.2 8.0 3:45a NNE 5 54.3 74.2 5:15p 36.6 7:45a 12.2 1.6 0.00 0.0 6.0 12:30p E 6 57.2 69.6 2:30p 48.5 12:15a 8.4 0.6 0.00 0.7 13.0 12:30p NE 7 60.0 75.6 4:00p 43.6 7:30a 7.5 2.5 0.00 0.2 12.0 4:00p E 8 62.4 65.6 12:15a 57.6 9:00a 2.7 0.1 0.62 1.1 18.0 1:15p SSW 9 57.0 73.7 5:00p 43.1 8:15a 9.5 1.5 0.00 0.1 11.0 2:30p SSW 10 59.8 78.3 4:30p 44.8 8:00a 8.3 3.1 0.00 0.2 11.0 4:45p ENE 11 62.1 81.4 4:30p 45.7 8:00a 7.4 4.5 0.00 0.1 12.0 3:45p E 12 61.7 83.8 4:15p 43.8 8:00a 8.3 5.0 0.00 0.0 8.0 12:45p S 13 60.7 81.1 4:15p 44.1 6:45a 8.0 3.8 0.00 0.0 8.0 4:30p SSW 14 65.7 80.3 2:30p 51.7 6:00a 4.5 5.2 0.00 0.5 18.0 11:45a W 15 67.6 82.2 3:30p 54.2 7:30a 3.1 5.6 0.00 1.3 19.0 3:00p SSW 16 59.6 73.7 1:45a 51.9 12:00m 7.0 1.7 0.04 2.2 19.0 5:30a NNW 17 50.7 55.7 3:15p 45.1 12:00m 14.3 0.0 0.00 0.8 12.0 11:45a N 18 47.5 58.4 3:30p 38.0 11:15p 17.5 0.0 0.00 1.8 18.0 1:00p NNE 19 44.0 61.6 6:15p 28.2 8:15a 21.0 0.0 0.00 0.1 8.0 1:45p E 20 48.6 67.9 4:30p 28.4 7:45a 16.8 0.4 0.00 1.3 18.0 12:30p SW 21 48.3 55.6 3:15p 32.9 12:00m 16.7 0.0 0.00 2.1 20.0 3:15a N 22 40.2 56.5 3:45p 24.8 7:45a 24.8 0.0 0.00 0.4 13.0 11:45a NNE 23 46.8 63.7 4:30p 30.1 7:45a 18.2 0.0 0.00 0.9 14.0 12:00p E 24 49.0 57.0 1:45p 46.4 8:45a 16.0 0.0 0.35 0.5 12.0 3:15p SSE 25 50.0 57.5 3:15p 40.3 9:45p 15.0 0.0 0.07 2.5 26.0 1:00p SW 26 50.5 63.9 4:30p 37.3 5:00a 14.5 0.0 0.00 4.6 28.0 10:45p SSW 27 40.5 44.2 12:15a 36.2 5:15a 24.5 0.0 0.04 2.9 26.0 1:30a W 28 37.3 43.6 2:45p 33.1 8:15a 27.7 0.0 0.00 3.0 22.0 6:00p NW 29 39.0 47.7 2:45p 27.2 12:00m 26.0 0.0 0.00 2.7 24.0 2:30a W 30 37.6 57.8 5:15p 21.6 8:00a 27.4 0.0 0.01 0.4 12.0 11:30a S 31 47.9 69.9 4:00p 29.5 8:15a 17.7 0.6 0.00 1.4 20.0 2:30p SSW ------------------------------------------------------------------------------------- 52.4 83.8 12 21.6 30 426.6 37.0 1.13 1.2 28.0 26 SSW Max >= 90.0: 0 Max <= 32.0: 0 Min <= 32.0: 7 Min <= 0.0: 0 Max Rain: 0.62 ON 10/08/08 Days of Rain: 5 (>.01 in) 2 (>.1 in) 0 (>1 in) Heat Base: 65.0 Cool Base: 65.0 Method: Integration
 
USA Weather Finder