Weather Information | Photos of Local Events | Personal Weather Stations Links | Lancaster Links | Site Map

NOAA Report Archive
(Reports Generated by WeatherLink)
2017: Jan | Feb | Mar | Apr | May | Jun | Jul | Aug | Sep | Oct | Nov | Dec 
2016: Jan | Feb | Mar | Apr | May | Jun | Jul | Aug | Sep | Oct | Nov | Dec 
2015: Jan | Feb | Mar | Apr | May | Jun | Jul | Aug | Sep | Oct | Nov | Dec 
2014: Jan | Feb | Mar | Apr | May | Jun | Jul | Aug | Sep | Oct | Nov | Dec 
2013: Jan | Feb | Mar | Apr | May | Jun | Jul | Aug | Sep | Oct | Nov | Dec 
2012: Jan | Feb | Mar | Apr | May | Jun | Jul | Aug | Sep | Oct | Nov | Dec 
2011: Jan | Feb | Mar | Apr | May | Jun | Jul | Aug | Sep | Oct | Nov | Dec 
2010: Jan | Feb | Mar | Apr | May | Jun | Jul | Aug | Sep | Oct | Nov | Dec 
2009: Jan | Feb | Mar | Apr | May | Jun | Jul | Aug | Sep | Oct | Nov | Dec 
2008: Jan | Feb | Mar | Apr | May | Jun | Jul | Aug | Sep | Oct | Nov | Dec 
2007: Jan | Feb | Mar | Apr | May | Jun | Jul | Aug | Sep | Oct | Nov | Dec 
2006: Jan | Feb | Mar | Apr | May | Jun | Jul | Aug | Sep | Oct | Nov | Dec 
2005: Jan | Feb | Mar | Apr | May | Jun | Jul | Aug | Sep | Oct | Nov | Dec 
2004: Jan | Feb | Mar | Apr | May | Jun | Jul | Aug | Sep | Oct | Nov | Dec 
2003: Jan | Feb | Mar | Apr | May | Jun | Jul | Aug | Sep | Oct | Nov | Dec 

Report for 2008 11
MONTHLY CLIMATOLOGICAL SUMMARY for NOV. 2008 NAME: Station1 CITY: Lancaster STATE: Ohio ELEV: 980 ft LAT: 39 45' 13" N LONG: 82 34' 06" W TEMPERATURE (F), RAIN (in), WIND SPEED (mph) HEAT COOL AVG MEAN DEG DEG WIND DOM DAY TEMP HIGH TIME LOW TIME DAYS DAYS RAIN SPEED HIGH TIME DIR ------------------------------------------------------------------------------------ 1 57.1 72.8 3:45p 43.3 8:30a 9.4 1.5 0.00 0.7 14.0 4:15p WSW 2 56.3 72.0 2:45p 46.1 7:30a 9.8 1.1 0.00 0.0 7.0 8:45a NNE 3 55.3 73.0 4:00p 43.3 3:30a 11.0 1.4 0.00 0.3 13.0 2:00p S 4 54.5 75.1 2:45p 40.2 5:15a 12.6 2.1 0.00 0.1 7.0 12:15p WSW 5 53.3 74.0 2:30p 38.0 6:45a 13.3 1.6 0.00 0.0 7.0 2:00p SSE 6 52.8 74.2 3:00p 36.8 7:15a 13.9 1.7 0.00 0.1 8.0 1:15p SSW 7 51.5 58.9 9:15a 42.6 12:45a 13.5 0.0 0.55 1.0 16.0 6:15p SW 8 42.3 48.2 11:15a 36.8 3:00a 22.7 0.0 0.00 2.6 25.0 12:30p SW 9 38.7 40.8 11:15a 35.9 11:30p 26.3 0.0 0.00 3.3 19.0 11:15a WSW 10 33.7 42.6 2:30p 23.5 11:45p 31.3 0.0 0.00 2.0 18.0 3:00a W 11 32.3 40.2 2:15p 20.3 7:15a 32.7 0.0 0.00 0.0 7.0 1:00p ESE 12 45.1 52.8 3:00p 38.3 4:00a 19.9 0.0 0.03 0.1 8.0 11:00a SE 13 50.9 59.0 3:00p 43.2 10:00p 14.1 0.0 0.16 2.4 19.0 9:00a SSW 14 54.1 65.6 1:00p 42.8 12:15a 10.9 0.0 0.00 3.0 24.0 1:00p SSW 15 45.2 53.3 10:45a 35.5 6:00p 19.8 0.0 0.62 2.8 26.0 2:15p WNW 16 35.8 37.9 12:15a 34.3 1:30p 29.2 0.0 0.00 5.5 25.0 12:15p SW 17 33.4 37.0 12:30p 29.3 10:00p 31.6 0.0 0.11 1.8 18.0 11:45p WNW 18 28.1 32.2 1:15p 19.7 12:00m 36.9 0.0 0.00 2.8 19.0 12:00p NW 19 26.2 33.7 12:00m 15.9 4:00a 38.8 0.0 0.00 1.7 17.0 3:15p S 20 34.9 38.0 11:45a 29.1 12:00m 30.1 0.0 0.01 2.4 19.0 11:15a NW 21 25.9 30.9 1:45p 21.1 7:45a 39.1 0.0 0.00 3.6 24.0 9:45a NW 22 22.6 29.7 3:45p 14.1 7:15a 42.4 0.0 0.00 0.8 13.0 12:30p W 23 27.4 45.5 2:45p 11.7 6:30a 37.6 0.0 0.00 0.9 16.0 2:45p SSW 24 36.7 46.7 5:00p 24.7 12:15a 28.3 0.0 0.35 2.8 25.0 9:00p S 25 33.7 35.8 12:15a 31.5 7:45a 31.3 0.0 0.04 4.6 24.0 10:00a W 26 34.7 43.3 2:30p 26.1 12:00m 30.3 0.0 0.00 2.4 18.0 2:15p WSW 27 34.4 49.1 3:00p 21.6 6:30a 30.6 0.0 0.00 1.5 21.0 11:30p SW 28 34.8 42.1 2:15p 25.6 12:00m 30.2 0.0 0.00 2.6 20.0 10:15a W 29 29.6 44.2 3:00p 17.5 7:00a 35.4 0.0 0.00 0.3 10.0 12:00p E 30 38.0 43.1 5:15p 31.5 12:15a 27.0 0.0 0.34 1.4 19.0 8:45p E ------------------------------------------------------------------------------------- 40.0 75.1 4 11.7 23 760.0 9.4 2.21 1.8 26.0 15 W Max >= 90.0: 0 Max <= 32.0: 2 Min <= 32.0: 16 Min <= 0.0: 0 Max Rain: 0.62 ON 11/15/08 Days of Rain: 8 (>.01 in) 6 (>.1 in) 0 (>1 in) Heat Base: 65.0 Cool Base: 65.0 Method: Integration
 
USA Weather Finder