Weather Information | Photos of Local Events | Personal Weather Stations Links | Lancaster Links | Site Map

NOAA Report Archive
(Reports Generated by WeatherLink)
2017: Jan | Feb | Mar | Apr | May | Jun | Jul | Aug | Sep | Oct | Nov | Dec 
2016: Jan | Feb | Mar | Apr | May | Jun | Jul | Aug | Sep | Oct | Nov | Dec 
2015: Jan | Feb | Mar | Apr | May | Jun | Jul | Aug | Sep | Oct | Nov | Dec 
2014: Jan | Feb | Mar | Apr | May | Jun | Jul | Aug | Sep | Oct | Nov | Dec 
2013: Jan | Feb | Mar | Apr | May | Jun | Jul | Aug | Sep | Oct | Nov | Dec 
2012: Jan | Feb | Mar | Apr | May | Jun | Jul | Aug | Sep | Oct | Nov | Dec 
2011: Jan | Feb | Mar | Apr | May | Jun | Jul | Aug | Sep | Oct | Nov | Dec 
2010: Jan | Feb | Mar | Apr | May | Jun | Jul | Aug | Sep | Oct | Nov | Dec 
2009: Jan | Feb | Mar | Apr | May | Jun | Jul | Aug | Sep | Oct | Nov | Dec 
2008: Jan | Feb | Mar | Apr | May | Jun | Jul | Aug | Sep | Oct | Nov | Dec 
2007: Jan | Feb | Mar | Apr | May | Jun | Jul | Aug | Sep | Oct | Nov | Dec 
2006: Jan | Feb | Mar | Apr | May | Jun | Jul | Aug | Sep | Oct | Nov | Dec 
2005: Jan | Feb | Mar | Apr | May | Jun | Jul | Aug | Sep | Oct | Nov | Dec 
2004: Jan | Feb | Mar | Apr | May | Jun | Jul | Aug | Sep | Oct | Nov | Dec 
2003: Jan | Feb | Mar | Apr | May | Jun | Jul | Aug | Sep | Oct | Nov | Dec 

Report for 2008 12
MONTHLY CLIMATOLOGICAL SUMMARY for DEC. 2008 NAME: Station1 CITY: Lancaster STATE: Ohio ELEV: 980 ft LAT: 39 45' 13" N LONG: 82 34' 06" W TEMPERATURE (F), RAIN (in), WIND SPEED (mph) HEAT COOL AVG MEAN DEG DEG WIND DOM DAY TEMP HIGH TIME LOW TIME DAYS DAYS RAIN SPEED HIGH TIME DIR ------------------------------------------------------------------------------------ 1 34.2 38.5 12:15a 29.3 10:45p 30.8 0.0 0.06 7.9 30.0 12:45p SSW 2 27.2 29.5 12:15a 23.9 11:00p 37.8 0.0 0.01 3.2 22.0 12:30a WSW 3 37.3 47.3 6:30p 24.5 2:00a 27.7 0.0 0.00 3.3 24.0 6:45p S 4 34.0 49.9 1:30a 21.6 12:00m 31.0 0.0 0.04 3.9 28.0 2:30a WNW 5 19.9 24.8 4:15p 15.7 11:00p 45.1 0.0 0.00 2.2 19.0 3:00p WSW 6 23.2 29.4 9:15p 14.8 2:00a 41.8 0.0 0.09 4.0 24.0 9:30p SSW 7 21.0 26.6 12:15a 13.8 8:30p 44.0 0.0 0.00 2.8 22.0 2:30a WNW 8 27.4 35.9 11:15p 18.4 12:15a 37.6 0.0 0.00 1.2 12.0 10:00a SE 9 47.8 53.3 3:00p 35.8 12:30a 17.2 0.0 0.17 3.6 24.0 6:15a S 10 39.6 53.9 3:30a 31.5 12:00m 25.4 0.0 0.30 4.1 18.0 10:45a N 11 30.8 32.8 11:30p 28.5 8:00a 34.2 0.0 0.00 2.4 14.0 9:15p N 12 27.5 32.7 2:30p 18.0 12:00m 37.5 0.0 0.00 3.4 21.0 2:30p WNW 13 24.5 36.6 3:00p 10.7 7:30a 40.5 0.0 0.00 2.0 16.0 3:30p SSE 14 43.5 53.6 6:45p 31.6 5:15a 21.5 0.0 0.00 5.1 25.0 4:00p S 15 42.0 57.0 6:15a 23.9 12:00m 23.0 0.0 0.26 5.0 28.0 9:15a WNW 16 24.6 28.7 12:00m 20.8 4:45a 40.4 0.0 0.03 1.7 12.0 4:45p ENE 17 31.3 34.0 4:15a 28.7 12:15a 33.7 0.0 0.03 2.2 20.0 6:00a W 18 31.1 34.0 2:15p 28.4 6:00a 33.9 0.0 0.00 0.7 14.0 11:30a N 19 40.6 57.8 3:00p 31.3 12:30a 24.4 0.0 1.31 4.1 30.0 12:45p E 20 29.4 32.4 12:15a 27.9 9:45a 35.6 0.0 0.01 2.2 11.0 3:30a E 21 20.3 32.5 3:45a 2.8 11:45p 44.7 0.0 0.01 7.7 34.0 1:30p W 22 7.7 16.1 3:30p 2.2 12:15a 57.3 0.0 0.00 4.4 31.0 12:30a WSW 23 22.3 34.7 11:45p 9.7 12:15a 42.7 0.0 0.04 2.1 19.0 6:30p SE 24 43.6 55.1 4:15p 34.3 11:45p 21.4 0.0 1.24 6.4 32.0 3:00p S 25 25.5 34.3 12:15a 19.7 8:00a 39.5 0.0 0.00 1.6 24.0 12:45a WNW 26 36.5 52.0 9:15p 22.1 12:15a 28.5 0.0 0.08 1.5 16.0 11:15a S 27 60.9 69.3 3:45p 51.4 12:15a 4.9 0.8 0.00 5.1 26.0 7:45p SSW 28 45.4 64.8 2:45a 29.5 12:00m 19.6 0.0 0.12 7.1 36.0 5:15a WSW 29 37.7 51.0 4:00p 24.2 7:15a 27.3 0.0 0.00 5.1 27.0 2:30p SSW 30 37.9 50.4 11:15p 28.2 6:00a 27.1 0.0 0.00 1.9 33.0 11:45p SSE 31 27.4 48.8 12:15a 17.5 9:30p 37.6 0.0 0.00 6.9 33.0 2:45a NNW ------------------------------------------------------------------------------------- 32.3 69.3 27 2.2 22 1013.7 0.8 3.80 3.7 36.0 28 SSW Max >= 90.0: 0 Max <= 32.0: 6 Min <= 32.0: 28 Min <= 0.0: 0 Max Rain: 1.31 ON 12/19/08 Days of Rain: 13 (>.01 in) 6 (>.1 in) 2 (>1 in) Heat Base: 65.0 Cool Base: 65.0 Method: Integration
 
USA Weather Finder