2024: Jan | Feb | Mar | Apr | May | Jun | Jul | Aug | Sep | Oct | Nov | Dec
2023: Jan | Feb | Mar | Apr | May | Jun | Jul | Aug | Sep | Oct | Nov | Dec
2022: Jan | Feb | Mar | Apr | May | Jun | Jul | Aug | Sep | Oct | Nov | Dec
2021: Jan | Feb | Mar | Apr | May | Jun | Jul | Aug | Sep | Oct | Nov | Dec
2020: Jan | Feb | Mar | Apr | May | Jun | Jul | Aug | Sep | Oct | Nov | Dec
2019: Jan | Feb | Mar | Apr | May | Jun | Jul | Aug | Sep | Oct | Nov | Dec
2018: Jan | Feb | Mar | Apr | May | Jun | Jul | Aug | Sep | Oct | Nov | Dec
2017: Jan | Feb | Mar | Apr | May | Jun | Jul | Aug | Sep | Oct | Nov | Dec
2016: Jan | Feb | Mar | Apr | May | Jun | Jul | Aug | Sep | Oct | Nov | Dec
2015: Jan | Feb | Mar | Apr | May | Jun | Jul | Aug | Sep | Oct | Nov | Dec
2014: Jan | Feb | Mar | Apr | May | Jun | Jul | Aug | Sep | Oct | Nov | Dec
2013: Jan | Feb | Mar | Apr | May | Jun | Jul | Aug | Sep | Oct | Nov | Dec
2012: Jan | Feb | Mar | Apr | May | Jun | Jul | Aug | Sep | Oct | Nov | Dec
2011: Jan | Feb | Mar | Apr | May | Jun | Jul | Aug | Sep | Oct | Nov | Dec
2010: Jan | Feb | Mar | Apr | May | Jun | Jul | Aug | Sep | Oct | Nov | Dec
2009: Jan | Feb | Mar | Apr | May | Jun | Jul | Aug | Sep | Oct | Nov | Dec
2008: Jan | Feb | Mar | Apr | May | Jun | Jul | Aug | Sep | Oct | Nov | Dec
2007: Jan | Feb | Mar | Apr | May | Jun | Jul | Aug | Sep | Oct | Nov | Dec
2006: Jan | Feb | Mar | Apr | May | Jun | Jul | Aug | Sep | Oct | Nov | Dec
2005: Jan | Feb | Mar | Apr | May | Jun | Jul | Aug | Sep | Oct | Nov | Dec
2004: Jan | Feb | Mar | Apr | May | Jun | Jul | Aug | Sep | Oct | Nov | Dec
2003: Jan | Feb | Mar | Apr | May | Jun | Jul | Aug | Sep | Oct | Nov | Dec
Report for 2009 01
MONTHLY CLIMATOLOGICAL SUMMARY for JAN. 2009
NAME: Station1 CITY: Lancaster STATE: Ohio
ELEV: 980 ft LAT: 39° 45' 13" N LONG: 82° 34' 06" W
TEMPERATURE (°F), RAIN (in), WIND SPEED (mph)
HEAT COOL AVG
MEAN DEG DEG WIND DOM
DAY TEMP HIGH TIME LOW TIME DAYS DAYS RAIN SPEED HIGH TIME DIR
------------------------------------------------------------------------------------
1 25.1 32.9 3:30p 15.7 7:45a 40.0 0.0 0.00 2.4 16.0 10:45a SE
2 38.6 44.2 3:30p 28.8 12:00m 26.4 0.0 0.00 5.8 26.0 12:15p SW
3 31.1 44.6 2:45p 18.9 7:45a 33.9 0.0 0.00 1.0 11.0 12:15p NE
4 40.7 55.6 3:45p 32.9 3:30a 24.3 0.0 0.10 2.4 19.0 7:00p WNW
5 31.4 35.8 1:30p 27.0 8:15a 33.6 0.0 0.00 1.3 14.0 1:45a NNW
6 30.9 34.3 12:00m 28.4 1:45a 34.1 0.0 0.34 0.6 10.0 10:30a NE
7 32.6 38.8 3:30a 25.1 11:45p 32.4 0.0 0.18 5.6 31.0 1:45p SW
8 22.4 26.3 1:30a 19.7 10:15p 42.6 0.0 0.00 5.1 24.0 12:30a W
9 25.2 29.0 4:15p 20.6 12:15a 39.8 0.0 0.00 2.5 18.0 2:00a E
10 31.3 34.7 5:45p 26.9 12:00m 33.7 0.0 0.31 0.3 7.0 5:00a ENE
11 26.1 29.7 1:00p 23.3 6:00a 38.9 0.0 0.02 0.5 10.0 11:15p SW
12 29.1 32.5 3:30p 25.6 2:00a 35.9 0.0 0.01 1.8 13.0 1:00p SW
13 27.7 34.4 6:30a 16.9 12:00m 37.3 0.0 0.07 4.6 31.0 1:45p WNW
14 16.3 27.0 9:15p 6.9 5:15a 48.7 0.0 0.06 1.8 17.0 10:30p S
15 5.8 13.8 12:15a -5.6 12:00m 59.2 0.0 0.01 2.9 22.0 11:30a W
16 -4.4 7.2 4:00p -13.3 12:00m 69.4 0.0 0.00 2.0 17.0 12:15p WSW
17 8.5 33.1 12:00m -14.8 3:00a 56.5 0.0 0.00 3.2 25.0 11:15p S
18 25.8 33.4 1:00a 17.5 10:30p 39.2 0.0 0.04 4.5 31.0 3:45a W
19 16.5 22.7 3:30p 8.3 12:00m 48.5 0.0 0.00 1.0 11.0 12:30p WNW
20 11.2 23.3 3:45p 1.3 4:45a 53.8 0.0 0.00 1.2 13.0 1:30p WNW
21 14.8 26.3 4:30p -0.6 6:30a 50.2 0.0 0.00 2.7 21.0 1:45p SSW
22 30.5 43.6 4:45p 19.4 6:45a 34.5 0.0 0.00 3.3 21.0 10:15a SSW
23 38.0 52.0 4:15p 28.7 12:45a 27.0 0.0 0.00 4.3 25.0 1:00p S
24 23.6 29.5 2:15a 13.6 12:00m 41.4 0.0 0.00 3.7 17.0 7:45a NNW
25 15.8 21.8 11:30a 9.9 7:00a 49.2 0.0 0.03 0.6 11.0 11:30a NNW
26 19.6 24.5 1:45p 15.9 6:45a 45.4 0.0 0.00 0.6 7.0 5:15a N
27 21.7 26.0 12:00m 17.8 8:00a 43.3 0.0 0.34 1.3 11.0 7:15p ENE
28 25.3 31.8 10:00a 20.5 10:15p 39.7 0.0 0.66 0.1 6.0 8:00a NE
29 22.5 24.8 11:45p 20.2 8:30a 42.5 0.0 0.17 0.0 0.0 --- ---
30 20.8 26.0 2:00p 9.9 12:00m 44.2 0.0 0.06 2.2 21.0 9:15a W
31 16.5 31.9 12:00m -0.2 8:15a 48.5 0.0 0.00 3.0 22.0 10:30p SSW
-------------------------------------------------------------------------------------
23.3 55.6 4 -14.8 17 1294.1 0.0 2.40 2.3 31.0 7 W
Max >= 90.0: 0
Max <= 32.0: 17
Min <= 32.0: 30
Min <= 0.0: 5
Max Rain: 0.66 ON 01/28/09
Days of Rain: 13 (>.01 in) 6 (>.1 in) 0 (>1 in)
Heat Base: 65.0 Cool Base: 65.0 Method: Integration
|