Weather Information | Photos of Local Events | Personal Weather Stations Links | Lancaster Links | Site Map

NOAA Report Archive
(Reports Generated by WeatherLink)
2017: Jan | Feb | Mar | Apr | May | Jun | Jul | Aug | Sep | Oct | Nov | Dec 
2016: Jan | Feb | Mar | Apr | May | Jun | Jul | Aug | Sep | Oct | Nov | Dec 
2015: Jan | Feb | Mar | Apr | May | Jun | Jul | Aug | Sep | Oct | Nov | Dec 
2014: Jan | Feb | Mar | Apr | May | Jun | Jul | Aug | Sep | Oct | Nov | Dec 
2013: Jan | Feb | Mar | Apr | May | Jun | Jul | Aug | Sep | Oct | Nov | Dec 
2012: Jan | Feb | Mar | Apr | May | Jun | Jul | Aug | Sep | Oct | Nov | Dec 
2011: Jan | Feb | Mar | Apr | May | Jun | Jul | Aug | Sep | Oct | Nov | Dec 
2010: Jan | Feb | Mar | Apr | May | Jun | Jul | Aug | Sep | Oct | Nov | Dec 
2009: Jan | Feb | Mar | Apr | May | Jun | Jul | Aug | Sep | Oct | Nov | Dec 
2008: Jan | Feb | Mar | Apr | May | Jun | Jul | Aug | Sep | Oct | Nov | Dec 
2007: Jan | Feb | Mar | Apr | May | Jun | Jul | Aug | Sep | Oct | Nov | Dec 
2006: Jan | Feb | Mar | Apr | May | Jun | Jul | Aug | Sep | Oct | Nov | Dec 
2005: Jan | Feb | Mar | Apr | May | Jun | Jul | Aug | Sep | Oct | Nov | Dec 
2004: Jan | Feb | Mar | Apr | May | Jun | Jul | Aug | Sep | Oct | Nov | Dec 
2003: Jan | Feb | Mar | Apr | May | Jun | Jul | Aug | Sep | Oct | Nov | Dec 

Report for 2009 02
MONTHLY CLIMATOLOGICAL SUMMARY for FEB. 2009 NAME: Station1 CITY: Lancaster STATE: Ohio ELEV: 980 ft LAT: 39 45' 13" N LONG: 82 34' 06" W TEMPERATURE (F), RAIN (in), WIND SPEED (mph) HEAT COOL AVG MEAN DEG DEG WIND DOM DAY TEMP HIGH TIME LOW TIME DAYS DAYS RAIN SPEED HIGH TIME DIR ------------------------------------------------------------------------------------ 1 40.3 46.8 3:00p 31.9 12:15a 24.7 0.0 0.00 6.2 30.0 4:00a SSW 2 32.6 37.5 4:15p 25.4 9:00p 32.4 0.0 0.00 1.8 18.0 10:00p WNW 3 23.2 32.5 12:45p 15.7 7:45a 41.8 0.0 0.00 2.1 16.0 12:15a N 4 14.2 19.4 1:30p 6.9 12:00m 50.8 0.0 0.00 2.7 18.0 9:45a NW 5 14.3 26.3 4:45p 0.7 7:00a 50.7 0.0 0.00 1.6 13.0 2:30p S 6 30.7 46.2 3:45p 16.4 7:30a 34.3 0.0 0.00 1.6 18.0 12:00p S 7 48.8 55.0 9:45p 35.8 12:45a 16.2 0.0 0.00 7.4 32.0 9:00p SSW 8 45.2 52.8 1:30a 28.8 12:00m 19.8 0.0 0.00 3.2 24.0 12:30a NNW 9 39.1 52.8 2:45p 24.5 5:00a 25.9 0.0 0.00 0.5 8.0 4:30p E 10 51.5 55.9 10:15p 43.2 12:15a 13.5 0.0 0.25 3.8 34.0 9:15p SSW 11 55.9 69.1 2:45p 46.0 11:30p 9.4 0.2 0.43 7.7 53.0 9:45p SSW 12 42.3 49.2 3:00p 36.8 12:00m 22.7 0.0 0.00 8.9 44.0 1:15a W 13 36.4 46.2 4:30p 29.7 7:15a 28.6 0.0 0.00 2.0 17.0 1:30p W 14 33.9 38.2 4:30p 31.5 2:00a 31.1 0.0 0.00 2.3 13.0 10:45a NNW 15 32.3 37.3 2:30p 27.2 12:00m 32.7 0.0 0.00 1.9 11.0 12:15a NNW 16 28.2 36.6 3:15p 20.6 12:00m 36.8 0.0 0.00 1.6 16.0 3:00p NNW 17 31.9 44.9 4:15p 18.4 4:45a 33.1 0.0 0.00 1.7 20.0 8:45p S 18 43.9 56.0 3:30p 36.8 12:00m 21.1 0.0 0.07 6.1 26.0 11:45a S 19 24.4 36.8 12:15a 16.4 10:30p 40.6 0.0 0.00 6.9 31.0 2:15p WNW 20 22.8 31.3 4:00p 15.7 12:00m 42.2 0.0 0.00 3.4 20.0 1:00p W 21 28.6 49.2 3:15p 12.6 4:00a 36.4 0.0 0.16 4.6 35.0 4:45p SSE 22 23.5 26.4 2:45p 19.2 12:00m 41.5 0.0 0.02 4.7 21.0 3:00p W 23 21.9 29.5 3:00p 15.2 7:30a 43.1 0.0 0.00 2.0 17.0 3:00p NNW 24 24.0 36.3 4:45p 10.2 5:00a 41.0 0.0 0.00 0.8 11.0 12:15p E 25 42.3 57.8 4:45p 25.6 1:30a 22.7 0.0 0.00 2.8 21.0 3:00p S 26 50.8 55.3 12:00m 47.1 7:30a 14.2 0.0 0.03 2.4 19.0 1:00a SSE 27 45.1 56.7 2:00a 32.1 12:00m 19.9 0.0 0.88 6.0 26.0 5:45a S 28 27.9 32.2 12:30a 23.8 9:15a 37.1 0.0 0.00 4.8 20.0 1:00p N ------------------------------------------------------------------------------------- 34.1 69.1 11 0.7 5 864.3 0.2 1.84 3.6 53.0 11 SSW Max >= 90.0: 0 Max <= 32.0: 5 Min <= 32.0: 21 Min <= 0.0: 0 Max Rain: 0.88 ON 02/27/09 Days of Rain: 7 (>.01 in) 4 (>.1 in) 0 (>1 in) Heat Base: 65.0 Cool Base: 65.0 Method: Integration
 
USA Weather Finder