2024: Jan | Feb | Mar | Apr | May | Jun | Jul | Aug | Sep | Oct | Nov | Dec
2023: Jan | Feb | Mar | Apr | May | Jun | Jul | Aug | Sep | Oct | Nov | Dec
2022: Jan | Feb | Mar | Apr | May | Jun | Jul | Aug | Sep | Oct | Nov | Dec
2021: Jan | Feb | Mar | Apr | May | Jun | Jul | Aug | Sep | Oct | Nov | Dec
2020: Jan | Feb | Mar | Apr | May | Jun | Jul | Aug | Sep | Oct | Nov | Dec
2019: Jan | Feb | Mar | Apr | May | Jun | Jul | Aug | Sep | Oct | Nov | Dec
2018: Jan | Feb | Mar | Apr | May | Jun | Jul | Aug | Sep | Oct | Nov | Dec
2017: Jan | Feb | Mar | Apr | May | Jun | Jul | Aug | Sep | Oct | Nov | Dec
2016: Jan | Feb | Mar | Apr | May | Jun | Jul | Aug | Sep | Oct | Nov | Dec
2015: Jan | Feb | Mar | Apr | May | Jun | Jul | Aug | Sep | Oct | Nov | Dec
2014: Jan | Feb | Mar | Apr | May | Jun | Jul | Aug | Sep | Oct | Nov | Dec
2013: Jan | Feb | Mar | Apr | May | Jun | Jul | Aug | Sep | Oct | Nov | Dec
2012: Jan | Feb | Mar | Apr | May | Jun | Jul | Aug | Sep | Oct | Nov | Dec
2011: Jan | Feb | Mar | Apr | May | Jun | Jul | Aug | Sep | Oct | Nov | Dec
2010: Jan | Feb | Mar | Apr | May | Jun | Jul | Aug | Sep | Oct | Nov | Dec
2009: Jan | Feb | Mar | Apr | May | Jun | Jul | Aug | Sep | Oct | Nov | Dec
2008: Jan | Feb | Mar | Apr | May | Jun | Jul | Aug | Sep | Oct | Nov | Dec
2007: Jan | Feb | Mar | Apr | May | Jun | Jul | Aug | Sep | Oct | Nov | Dec
2006: Jan | Feb | Mar | Apr | May | Jun | Jul | Aug | Sep | Oct | Nov | Dec
2005: Jan | Feb | Mar | Apr | May | Jun | Jul | Aug | Sep | Oct | Nov | Dec
2004: Jan | Feb | Mar | Apr | May | Jun | Jul | Aug | Sep | Oct | Nov | Dec
2003: Jan | Feb | Mar | Apr | May | Jun | Jul | Aug | Sep | Oct | Nov | Dec
Report for 2009 03
MONTHLY CLIMATOLOGICAL SUMMARY for MAR. 2009
NAME: Station1 CITY: Lancaster STATE: Ohio
ELEV: 980 ft LAT: 39° 45' 13" N LONG: 82° 34' 06" W
TEMPERATURE (°F), RAIN (in), WIND SPEED (mph)
HEAT COOL AVG
MEAN DEG DEG WIND DOM
DAY TEMP HIGH TIME LOW TIME DAYS DAYS RAIN SPEED HIGH TIME DIR
------------------------------------------------------------------------------------
1 25.1 36.2 2:30p 15.9 11:45p 39.9 0.0 0.00 7.8 26.0 10:15p N
2 16.3 23.5 2:15p 11.9 8:15a 48.7 0.0 0.00 6.4 21.0 3:00p N
3 18.6 30.6 4:15p 7.4 7:00a 46.4 0.0 0.00 0.9 10.0 4:30p N
4 28.3 44.8 4:45p 12.9 7:15a 36.7 0.0 0.00 0.4 12.0 2:15p SSW
5 47.2 62.9 5:00p 27.8 1:45a 17.8 0.0 0.00 4.7 26.0 6:00p SSW
6 60.9 68.6 12:45p 57.0 10:00p 4.5 0.4 0.00 11.1 38.0 4:00a SSW
7 65.6 77.2 2:45p 56.6 5:15a 2.5 3.1 0.00 7.8 35.0 2:15p SSW
8 64.9 69.9 1:45p 58.9 11:15p 1.1 1.0 0.06 8.6 32.0 2:15p SSW
9 48.1 60.7 12:15a 39.5 8:15a 16.9 0.0 0.00 4.0 32.0 1:45a WNW
10 58.6 77.7 3:45p 42.2 3:15a 10.0 3.7 0.00 5.9 34.0 3:30p SSW
11 48.4 70.9 12:30a 31.3 12:00m 17.4 0.8 0.08 7.6 33.0 3:45a WNW
12 30.0 36.2 2:45p 23.0 7:30a 35.0 0.0 0.00 1.4 12.0 2:00p N
13 33.5 48.0 4:45p 21.3 7:30a 31.5 0.0 0.00 0.9 12.0 1:00p NNE
14 40.1 50.5 4:15p 29.4 3:45a 24.9 0.0 0.00 0.8 11.0 3:30p NE
15 49.1 59.6 4:15p 39.3 8:30a 15.9 0.0 0.00 0.8 13.0 4:45p NNE
16 51.3 62.6 2:15p 41.5 12:00m 13.7 0.0 0.00 0.1 8.0 3:30p N
17 51.2 69.9 3:45p 30.7 7:15a 14.7 0.9 0.00 0.9 16.0 5:15p SW
18 57.3 74.4 4:30p 39.2 7:45a 10.0 2.3 0.11 4.4 26.0 3:15p SSW
19 47.9 56.5 1:15p 36.3 12:00m 17.2 0.0 0.09 2.6 21.0 10:30p NNW
20 33.8 44.6 5:15p 26.0 7:45a 31.2 0.0 0.00 1.8 13.0 6:45a N
21 37.7 55.6 5:30p 22.7 5:45a 27.3 0.0 0.00 0.4 10.0 3:30p N
22 44.6 63.4 5:30p 25.0 7:30a 20.4 0.0 0.00 0.4 8.0 1:15p NNE
23 44.2 56.9 4:00p 32.2 7:45a 20.8 0.0 0.00 2.3 14.0 12:45p ENE
24 51.0 67.4 5:15p 31.3 6:45a 14.2 0.2 0.00 3.0 16.0 5:30p ESE
25 53.6 58.7 12:15a 47.4 9:15a 11.4 0.0 0.37 4.0 22.0 3:45p SE
26 50.2 55.3 1:15a 38.2 12:00m 14.8 0.0 0.55 1.3 13.0 12:45p N
27 45.9 61.3 3:45p 31.9 5:00a 19.1 0.0 0.01 0.9 14.0 3:00p E
28 51.0 61.6 6:45p 39.2 7:30a 14.0 0.0 0.00 2.4 17.0 3:15p E
29 44.4 59.5 2:15a 35.8 10:15p 20.6 0.0 0.10 8.5 33.0 2:30p SSW
30 42.3 55.6 5:15p 33.5 7:30a 22.7 0.0 0.00 3.8 29.0 12:30a W
31 49.5 66.3 3:15p 30.4 3:30a 15.6 0.1 0.00 2.0 20.0 3:00p SSE
-------------------------------------------------------------------------------------
44.9 77.7 10 7.4 3 636.9 12.5 1.37 3.5 38.0 6 N
Max >= 90.0: 0
Max <= 32.0: 2
Min <= 32.0: 16
Min <= 0.0: 0
Max Rain: 0.55 ON 03/26/09
Days of Rain: 7 (>.01 in) 3 (>.1 in) 0 (>1 in)
Heat Base: 65.0 Cool Base: 65.0 Method: Integration
|