2024: Jan | Feb | Mar | Apr | May | Jun | Jul | Aug | Sep | Oct | Nov | Dec
2023: Jan | Feb | Mar | Apr | May | Jun | Jul | Aug | Sep | Oct | Nov | Dec
2022: Jan | Feb | Mar | Apr | May | Jun | Jul | Aug | Sep | Oct | Nov | Dec
2021: Jan | Feb | Mar | Apr | May | Jun | Jul | Aug | Sep | Oct | Nov | Dec
2020: Jan | Feb | Mar | Apr | May | Jun | Jul | Aug | Sep | Oct | Nov | Dec
2019: Jan | Feb | Mar | Apr | May | Jun | Jul | Aug | Sep | Oct | Nov | Dec
2018: Jan | Feb | Mar | Apr | May | Jun | Jul | Aug | Sep | Oct | Nov | Dec
2017: Jan | Feb | Mar | Apr | May | Jun | Jul | Aug | Sep | Oct | Nov | Dec
2016: Jan | Feb | Mar | Apr | May | Jun | Jul | Aug | Sep | Oct | Nov | Dec
2015: Jan | Feb | Mar | Apr | May | Jun | Jul | Aug | Sep | Oct | Nov | Dec
2014: Jan | Feb | Mar | Apr | May | Jun | Jul | Aug | Sep | Oct | Nov | Dec
2013: Jan | Feb | Mar | Apr | May | Jun | Jul | Aug | Sep | Oct | Nov | Dec
2012: Jan | Feb | Mar | Apr | May | Jun | Jul | Aug | Sep | Oct | Nov | Dec
2011: Jan | Feb | Mar | Apr | May | Jun | Jul | Aug | Sep | Oct | Nov | Dec
2010: Jan | Feb | Mar | Apr | May | Jun | Jul | Aug | Sep | Oct | Nov | Dec
2009: Jan | Feb | Mar | Apr | May | Jun | Jul | Aug | Sep | Oct | Nov | Dec
2008: Jan | Feb | Mar | Apr | May | Jun | Jul | Aug | Sep | Oct | Nov | Dec
2007: Jan | Feb | Mar | Apr | May | Jun | Jul | Aug | Sep | Oct | Nov | Dec
2006: Jan | Feb | Mar | Apr | May | Jun | Jul | Aug | Sep | Oct | Nov | Dec
2005: Jan | Feb | Mar | Apr | May | Jun | Jul | Aug | Sep | Oct | Nov | Dec
2004: Jan | Feb | Mar | Apr | May | Jun | Jul | Aug | Sep | Oct | Nov | Dec
2003: Jan | Feb | Mar | Apr | May | Jun | Jul | Aug | Sep | Oct | Nov | Dec
Report for 2009 04
MONTHLY CLIMATOLOGICAL SUMMARY for APR. 2009
NAME: Station1 CITY: Lancaster STATE: Ohio
ELEV: 980 ft LAT: 39° 45' 13" N LONG: 82° 34' 06" W
TEMPERATURE (°F), RAIN (in), WIND SPEED (mph)
HEAT COOL AVG
MEAN DEG DEG WIND DOM
DAY TEMP HIGH TIME LOW TIME DAYS DAYS RAIN SPEED HIGH TIME DIR
------------------------------------------------------------------------------------
1 53.6 61.5 4:45p 39.5 12:00m 11.4 0.0 0.22 4.5 30.0 3:45p SW
2 56.4 74.2 3:45p 34.7 7:30a 10.5 2.0 0.00 4.4 27.0 8:00p SE
3 50.9 62.0 1:00a 41.2 9:45p 14.1 0.0 0.55 6.4 32.0 12:00p W
4 44.9 58.0 6:00p 34.3 7:15a 20.1 0.0 0.00 3.5 21.0 1:15p W
5 51.9 70.3 4:45p 33.2 7:15a 13.7 0.7 0.09 2.1 13.0 1:15p E
6 40.6 56.0 2:00a 33.8 9:15p 24.4 0.0 0.04 5.6 32.0 3:30a WNW
7 34.3 38.6 3:45p 30.1 8:00a 30.7 0.0 0.00 5.3 26.0 1:15p WNW
8 42.9 54.2 3:30p 34.3 7:00a 22.1 0.0 0.00 4.8 25.0 3:45p SW
9 46.4 62.4 5:00p 27.9 5:45a 18.6 0.0 0.00 2.3 21.0 1:45p SW
10 50.3 61.5 4:45p 45.2 4:30a 14.7 0.0 0.21 2.5 18.0 10:45a NNE
11 45.8 56.2 3:30p 35.2 12:00m 19.2 0.0 0.09 5.7 21.0 3:45p N
12 42.2 56.3 5:00p 26.9 5:00a 22.8 0.0 0.00 1.4 16.0 12:30p NE
13 43.2 48.3 8:45p 37.6 7:00a 21.8 0.0 0.16 3.4 18.0 3:00p E
14 48.9 55.4 5:00p 44.8 3:15a 16.1 0.0 0.70 1.0 20.0 10:15p E
15 44.2 46.2 12:15a 41.9 9:30a 20.8 0.0 0.00 1.3 14.0 4:15a W
16 52.3 66.0 4:45p 38.8 7:00a 12.7 0.0 0.01 1.1 13.0 4:00p NNE
17 53.6 71.5 5:00p 32.4 7:00a 12.4 1.0 0.00 0.4 10.0 1:30p NNE
18 57.9 76.1 4:45p 35.5 7:00a 10.2 3.1 0.00 1.1 18.0 3:30p SW
19 57.2 67.8 4:30p 47.6 7:15a 8.0 0.2 0.23 1.7 22.0 5:45p SSE
20 52.7 64.7 1:15p 42.2 12:00m 12.3 0.0 0.47 3.6 30.0 1:30p SSW
21 44.9 52.9 1:45p 41.6 11:45p 20.1 0.0 0.05 5.3 30.0 3:30p SSW
22 45.9 55.6 4:15p 37.8 6:45a 19.1 0.0 0.10 5.1 33.0 5:15p W
23 50.6 66.0 5:45p 34.0 7:00a 14.5 0.0 0.00 0.7 11.0 1:45p NW
24 69.4 84.1 3:15p 49.9 12:15a 3.6 8.0 0.00 4.6 32.0 1:30p SSW
25 77.6 86.5 3:30p 70.1 10:45p 0.0 12.6 0.00 7.5 33.0 4:00p SSW
26 75.3 88.4 4:00p 57.6 7:15a 0.6 11.0 0.00 2.6 21.0 1:15p SW
27 74.2 86.7 5:00p 56.9 4:00a 1.1 10.3 0.00 4.9 32.0 11:00a SSW
28 66.8 75.6 12:45p 53.3 12:00m 1.5 3.3 0.03 3.4 27.0 10:45a SSW
29 57.9 69.1 6:15p 49.6 2:15a 7.6 0.6 0.00 0.6 10.0 1:15a E
30 63.3 69.8 6:30p 57.0 5:45a 2.8 1.2 0.09 3.0 28.0 11:30p SSW
-------------------------------------------------------------------------------------
53.2 88.4 26 26.9 12 407.5 54.0 3.04 3.3 33.0 22 SSW
Max >= 90.0: 0
Max <= 32.0: 0
Min <= 32.0: 3
Min <= 0.0: 0
Max Rain: 0.70 ON 04/14/09
Days of Rain: 14 (>.01 in) 7 (>.1 in) 0 (>1 in)
Heat Base: 65.0 Cool Base: 65.0 Method: Integration
|