2024: Jan | Feb | Mar | Apr | May | Jun | Jul | Aug | Sep | Oct | Nov | Dec
2023: Jan | Feb | Mar | Apr | May | Jun | Jul | Aug | Sep | Oct | Nov | Dec
2022: Jan | Feb | Mar | Apr | May | Jun | Jul | Aug | Sep | Oct | Nov | Dec
2021: Jan | Feb | Mar | Apr | May | Jun | Jul | Aug | Sep | Oct | Nov | Dec
2020: Jan | Feb | Mar | Apr | May | Jun | Jul | Aug | Sep | Oct | Nov | Dec
2019: Jan | Feb | Mar | Apr | May | Jun | Jul | Aug | Sep | Oct | Nov | Dec
2018: Jan | Feb | Mar | Apr | May | Jun | Jul | Aug | Sep | Oct | Nov | Dec
2017: Jan | Feb | Mar | Apr | May | Jun | Jul | Aug | Sep | Oct | Nov | Dec
2016: Jan | Feb | Mar | Apr | May | Jun | Jul | Aug | Sep | Oct | Nov | Dec
2015: Jan | Feb | Mar | Apr | May | Jun | Jul | Aug | Sep | Oct | Nov | Dec
2014: Jan | Feb | Mar | Apr | May | Jun | Jul | Aug | Sep | Oct | Nov | Dec
2013: Jan | Feb | Mar | Apr | May | Jun | Jul | Aug | Sep | Oct | Nov | Dec
2012: Jan | Feb | Mar | Apr | May | Jun | Jul | Aug | Sep | Oct | Nov | Dec
2011: Jan | Feb | Mar | Apr | May | Jun | Jul | Aug | Sep | Oct | Nov | Dec
2010: Jan | Feb | Mar | Apr | May | Jun | Jul | Aug | Sep | Oct | Nov | Dec
2009: Jan | Feb | Mar | Apr | May | Jun | Jul | Aug | Sep | Oct | Nov | Dec
2008: Jan | Feb | Mar | Apr | May | Jun | Jul | Aug | Sep | Oct | Nov | Dec
2007: Jan | Feb | Mar | Apr | May | Jun | Jul | Aug | Sep | Oct | Nov | Dec
2006: Jan | Feb | Mar | Apr | May | Jun | Jul | Aug | Sep | Oct | Nov | Dec
2005: Jan | Feb | Mar | Apr | May | Jun | Jul | Aug | Sep | Oct | Nov | Dec
2004: Jan | Feb | Mar | Apr | May | Jun | Jul | Aug | Sep | Oct | Nov | Dec
2003: Jan | Feb | Mar | Apr | May | Jun | Jul | Aug | Sep | Oct | Nov | Dec
Report for 2009 05
MONTHLY CLIMATOLOGICAL SUMMARY for MAY. 2009
NAME: Station1 CITY: Lancaster STATE: Ohio
ELEV: 980 ft LAT: 39° 45' 13" N LONG: 82° 34' 06" W
TEMPERATURE (°F), RAIN (in), WIND SPEED (mph)
HEAT COOL AVG
MEAN DEG DEG WIND DOM
DAY TEMP HIGH TIME LOW TIME DAYS DAYS RAIN SPEED HIGH TIME DIR
------------------------------------------------------------------------------------
1 64.5 74.6 3:15p 51.1 11:30p 2.8 2.3 0.80 3.9 27.0 12:15a SW
2 55.6 65.5 3:30p 45.8 7:00a 9.4 0.0 0.00 0.4 13.0 3:45p WNW
3 57.3 66.1 3:00p 49.6 12:15a 7.7 0.0 0.01 0.1 10.0 4:15p ENE
4 59.7 68.9 2:15p 54.1 6:45a 5.7 0.4 0.00 1.2 13.0 11:30a E
5 59.9 70.8 4:15p 51.3 5:30a 6.0 0.9 0.00 0.8 12.0 9:45a ENE
6 56.7 61.6 12:00p 53.3 1:30a 8.3 0.0 0.63 1.0 18.0 6:45p E
7 59.1 70.4 6:30p 50.4 6:45a 6.9 1.0 0.01 1.2 17.0 2:30p SW
8 63.6 74.9 3:00p 52.6 5:15a 4.0 2.6 0.01 0.2 8.0 4:00p SSW
9 63.7 71.8 3:45p 52.8 12:00m 2.4 1.1 0.03 4.8 32.0 3:15p SW
10 56.3 67.8 3:15p 44.8 6:30a 8.9 0.2 0.00 1.1 16.0 12:00p W
11 58.0 70.3 3:45p 46.1 12:00m 7.6 0.6 0.00 1.4 18.0 2:15p NW
12 54.8 69.8 4:00p 35.9 6:15a 10.9 0.7 0.00 0.2 10.0 1:15p E
13 58.9 74.9 2:00p 45.8 6:15a 7.4 1.3 0.21 2.0 27.0 8:15p SSE
14 64.7 73.9 6:00p 51.3 12:00m 2.1 1.8 0.11 2.6 22.0 7:00a S
15 65.1 82.2 4:45p 44.2 6:00a 6.1 6.2 0.00 0.1 10.0 12:45p E
16 67.4 74.9 5:30p 52.9 12:00m 1.4 3.8 0.18 3.2 24.0 10:30a SSW
17 52.4 63.2 4:15p 40.8 12:00m 12.6 0.0 0.00 2.3 17.0 12:15a N
18 51.3 67.4 5:45p 32.5 5:45a 13.9 0.2 0.00 0.5 13.0 11:30a N
19 56.5 76.5 6:30p 34.4 6:30a 11.4 2.8 0.00 0.2 10.0 11:15a E
20 63.7 83.2 4:15p 41.9 6:30a 7.7 6.4 0.00 0.2 12.0 2:30p S
21 67.7 86.5 4:45p 47.1 4:00a 5.4 8.1 0.00 0.3 13.0 1:45p SSW
22 71.8 88.6 3:15p 52.6 6:00a 3.2 10.0 0.00 0.1 8.0 10:15p NNE
23 73.3 87.0 4:45p 61.5 5:30a 0.6 8.9 0.00 0.0 6.0 1:15p ENE
24 70.6 86.7 1:15p 60.4 6:15a 0.7 6.2 0.08 0.3 16.0 2:30p NNE
25 71.1 82.4 4:45p 62.3 7:00a 0.3 6.4 0.00 1.6 13.0 9:15a NNE
26 70.7 81.2 4:30p 65.0 6:45a 0.0 5.7 0.00 0.3 14.0 5:30p SSW
27 71.3 80.7 4:00p 65.2 4:00a 0.0 6.2 0.19 0.9 20.0 6:15p SSE
28 68.9 77.2 3:00p 63.2 6:15a 0.1 4.0 0.21 1.5 21.0 4:15p SW
29 65.5 79.0 5:45p 56.5 8:45a 2.9 3.4 0.00 1.0 13.0 3:30p N
30 67.0 77.4 3:00p 53.6 6:45a 2.2 4.2 0.02 0.6 14.0 12:45p NNW
31 63.5 74.7 4:45p 52.3 12:00m 4.0 2.5 0.02 1.4 13.0 10:00a N
-------------------------------------------------------------------------------------
62.9 88.6 22 32.5 18 162.6 97.9 2.51 1.1 32.0 9 SSW
Max >= 90.0: 0
Max <= 32.0: 0
Min <= 32.0: 0
Min <= 0.0: 0
Max Rain: 0.80 ON 05/01/09
Days of Rain: 11 (>.01 in) 7 (>.1 in) 0 (>1 in)
Heat Base: 65.0 Cool Base: 65.0 Method: Integration
|