2024: Jan | Feb | Mar | Apr | May | Jun | Jul | Aug | Sep | Oct | Nov | Dec
2023: Jan | Feb | Mar | Apr | May | Jun | Jul | Aug | Sep | Oct | Nov | Dec
2022: Jan | Feb | Mar | Apr | May | Jun | Jul | Aug | Sep | Oct | Nov | Dec
2021: Jan | Feb | Mar | Apr | May | Jun | Jul | Aug | Sep | Oct | Nov | Dec
2020: Jan | Feb | Mar | Apr | May | Jun | Jul | Aug | Sep | Oct | Nov | Dec
2019: Jan | Feb | Mar | Apr | May | Jun | Jul | Aug | Sep | Oct | Nov | Dec
2018: Jan | Feb | Mar | Apr | May | Jun | Jul | Aug | Sep | Oct | Nov | Dec
2017: Jan | Feb | Mar | Apr | May | Jun | Jul | Aug | Sep | Oct | Nov | Dec
2016: Jan | Feb | Mar | Apr | May | Jun | Jul | Aug | Sep | Oct | Nov | Dec
2015: Jan | Feb | Mar | Apr | May | Jun | Jul | Aug | Sep | Oct | Nov | Dec
2014: Jan | Feb | Mar | Apr | May | Jun | Jul | Aug | Sep | Oct | Nov | Dec
2013: Jan | Feb | Mar | Apr | May | Jun | Jul | Aug | Sep | Oct | Nov | Dec
2012: Jan | Feb | Mar | Apr | May | Jun | Jul | Aug | Sep | Oct | Nov | Dec
2011: Jan | Feb | Mar | Apr | May | Jun | Jul | Aug | Sep | Oct | Nov | Dec
2010: Jan | Feb | Mar | Apr | May | Jun | Jul | Aug | Sep | Oct | Nov | Dec
2009: Jan | Feb | Mar | Apr | May | Jun | Jul | Aug | Sep | Oct | Nov | Dec
2008: Jan | Feb | Mar | Apr | May | Jun | Jul | Aug | Sep | Oct | Nov | Dec
2007: Jan | Feb | Mar | Apr | May | Jun | Jul | Aug | Sep | Oct | Nov | Dec
2006: Jan | Feb | Mar | Apr | May | Jun | Jul | Aug | Sep | Oct | Nov | Dec
2005: Jan | Feb | Mar | Apr | May | Jun | Jul | Aug | Sep | Oct | Nov | Dec
2004: Jan | Feb | Mar | Apr | May | Jun | Jul | Aug | Sep | Oct | Nov | Dec
2003: Jan | Feb | Mar | Apr | May | Jun | Jul | Aug | Sep | Oct | Nov | Dec
Report for 2009 06
MONTHLY CLIMATOLOGICAL SUMMARY for JUN. 2009
NAME: Station1 CITY: Lancaster STATE: Ohio
ELEV: 980 ft LAT: 39° 45' 13" N LONG: 82° 34' 06" W
TEMPERATURE (°F), RAIN (in), WIND SPEED (mph)
HEAT COOL AVG
MEAN DEG DEG WIND DOM
DAY TEMP HIGH TIME LOW TIME DAYS DAYS RAIN SPEED HIGH TIME DIR
------------------------------------------------------------------------------------
1 64.5 82.2 5:00p 46.7 4:00a 5.7 5.2 0.12 1.2 19.0 11:00p SSW
2 70.6 87.2 3:00p 61.2 6:15a 0.6 6.2 0.17 0.4 18.0 4:15p NNE
3 59.2 63.5 2:00a 52.5 10:15p 5.8 0.0 0.25 1.4 14.0 7:45p NNE
4 59.8 70.9 4:15p 51.7 6:15a 6.0 0.8 0.02 1.8 16.0 2:45p NNE
5 64.5 79.4 5:30p 50.4 6:15a 4.7 4.2 0.00 1.4 13.0 1:15p N
6 65.4 81.2 5:30p 45.2 6:30a 5.5 5.9 0.00 0.1 10.0 2:00p ESE
7 68.7 84.3 4:30p 50.4 6:15a 3.7 7.4 0.00 0.9 16.0 2:45p SSW
8 73.5 87.4 1:45p 59.6 6:30a 0.9 9.3 0.00 1.4 24.0 2:45p SSW
9 77.9 88.2 4:15p 71.5 7:15a 0.0 12.9 0.00 1.1 14.0 4:30a SW
10 68.1 77.4 5:30p 61.5 4:15a 0.7 3.8 0.02 0.1 7.0 12:15p NNE
11 67.3 76.1 4:45p 60.2 3:15a 1.1 3.3 0.61 1.1 19.0 3:15p SW
12 66.9 76.3 5:00p 62.3 9:00a 0.6 2.5 0.01 0.9 11.0 9:00a NNE
13 67.3 79.9 2:30p 53.6 6:30a 2.9 5.1 0.00 0.4 11.0 9:00p NNE
14 67.0 79.9 5:00p 51.4 6:30a 3.4 5.5 0.00 0.0 7.0 5:30p E
15 71.2 82.2 2:30p 57.5 5:45a 1.5 7.7 0.00 0.4 11.0 1:30p ENE
16 71.4 82.8 2:00p 56.0 6:15a 1.2 7.6 0.00 0.6 12.0 11:30a E
17 74.0 84.1 5:15p 65.6 2:15a 0.0 9.0 0.32 3.6 21.0 2:00p SSW
18 70.6 82.8 5:45p 59.9 5:45a 0.7 6.3 0.00 0.4 10.0 12:15a W
19 75.6 89.3 6:15p 64.8 2:00a 0.0 10.6 2.34 1.4 22.0 3:00p SSW
20 78.8 87.6 4:15p 68.9 4:45a 0.0 13.8 0.61 3.6 40.0 3:15a W
21 75.9 87.2 4:15p 63.7 6:00a 0.1 10.9 0.00 1.1 16.0 5:30p NNW
22 74.0 86.7 5:30p 59.6 6:15a 0.8 9.7 0.00 0.2 8.0 5:00p NNE
23 75.3 87.8 4:45p 62.6 6:30a 0.2 10.5 0.00 1.1 16.0 2:45p NNE
24 76.5 90.3 4:45p 60.9 6:00a 0.6 12.2 0.00 0.2 9.0 3:00p NNE
25 78.0 91.6 2:45p 68.6 11:15p 0.0 13.0 0.12 1.0 22.0 7:00p SSW
26 76.6 89.0 5:00p 67.9 5:30a 0.0 11.6 0.01 1.0 13.0 3:15a SW
27 73.9 86.1 5:00p 59.8 6:15a 0.7 9.6 0.00 0.7 14.0 3:45p NNE
28 73.8 87.8 4:15p 61.8 4:00a 0.7 9.5 0.00 1.8 20.0 6:00p W
29 72.7 82.8 4:00p 59.9 1:30a 0.8 8.5 0.00 2.8 29.0 2:30p WSW
30 69.5 77.7 4:00p 59.3 6:30a 0.5 5.1 0.00 1.8 21.0 2:15p WSW
-------------------------------------------------------------------------------------
71.0 91.6 25 45.2 6 49.4 227.7 4.60 1.1 40.0 20 NNE
Max >= 90.0: 2
Max <= 32.0: 0
Min <= 32.0: 0
Min <= 0.0: 0
Max Rain: 2.34 ON 06/19/09
Days of Rain: 10 (>.01 in) 8 (>.1 in) 1 (>1 in)
Heat Base: 65.0 Cool Base: 65.0 Method: Integration
|