2024: Jan | Feb | Mar | Apr | May | Jun | Jul | Aug | Sep | Oct | Nov | Dec
2023: Jan | Feb | Mar | Apr | May | Jun | Jul | Aug | Sep | Oct | Nov | Dec
2022: Jan | Feb | Mar | Apr | May | Jun | Jul | Aug | Sep | Oct | Nov | Dec
2021: Jan | Feb | Mar | Apr | May | Jun | Jul | Aug | Sep | Oct | Nov | Dec
2020: Jan | Feb | Mar | Apr | May | Jun | Jul | Aug | Sep | Oct | Nov | Dec
2019: Jan | Feb | Mar | Apr | May | Jun | Jul | Aug | Sep | Oct | Nov | Dec
2018: Jan | Feb | Mar | Apr | May | Jun | Jul | Aug | Sep | Oct | Nov | Dec
2017: Jan | Feb | Mar | Apr | May | Jun | Jul | Aug | Sep | Oct | Nov | Dec
2016: Jan | Feb | Mar | Apr | May | Jun | Jul | Aug | Sep | Oct | Nov | Dec
2015: Jan | Feb | Mar | Apr | May | Jun | Jul | Aug | Sep | Oct | Nov | Dec
2014: Jan | Feb | Mar | Apr | May | Jun | Jul | Aug | Sep | Oct | Nov | Dec
2013: Jan | Feb | Mar | Apr | May | Jun | Jul | Aug | Sep | Oct | Nov | Dec
2012: Jan | Feb | Mar | Apr | May | Jun | Jul | Aug | Sep | Oct | Nov | Dec
2011: Jan | Feb | Mar | Apr | May | Jun | Jul | Aug | Sep | Oct | Nov | Dec
2010: Jan | Feb | Mar | Apr | May | Jun | Jul | Aug | Sep | Oct | Nov | Dec
2009: Jan | Feb | Mar | Apr | May | Jun | Jul | Aug | Sep | Oct | Nov | Dec
2008: Jan | Feb | Mar | Apr | May | Jun | Jul | Aug | Sep | Oct | Nov | Dec
2007: Jan | Feb | Mar | Apr | May | Jun | Jul | Aug | Sep | Oct | Nov | Dec
2006: Jan | Feb | Mar | Apr | May | Jun | Jul | Aug | Sep | Oct | Nov | Dec
2005: Jan | Feb | Mar | Apr | May | Jun | Jul | Aug | Sep | Oct | Nov | Dec
2004: Jan | Feb | Mar | Apr | May | Jun | Jul | Aug | Sep | Oct | Nov | Dec
2003: Jan | Feb | Mar | Apr | May | Jun | Jul | Aug | Sep | Oct | Nov | Dec
Report for 2009 07
MONTHLY CLIMATOLOGICAL SUMMARY for JUL. 2009
NAME: Station1 CITY: Lancaster STATE: Ohio
ELEV: 980 ft LAT: 39° 45' 13" N LONG: 82° 34' 06" W
TEMPERATURE (°F), RAIN (in), WIND SPEED (mph)
HEAT COOL AVG
MEAN DEG DEG WIND DOM
DAY TEMP HIGH TIME LOW TIME DAYS DAYS RAIN SPEED HIGH TIME DIR
------------------------------------------------------------------------------------
1 66.0 74.6 5:00p 61.8 4:00a 0.9 1.8 0.10 0.5 14.0 4:45p WSW
2 64.0 70.1 5:15p 58.9 7:30a 1.8 0.8 0.02 1.1 18.0 12:30p W
3 67.6 75.8 5:45p 60.1 6:45a 1.1 3.7 0.00 0.9 13.0 10:00a W
4 67.6 77.2 2:15p 55.4 6:15a 2.1 4.7 0.01 0.2 13.0 12:45p WNW
5 69.2 80.9 4:45p 60.7 12:00m 1.0 5.1 0.01 0.5 12.0 1:00p ENE
6 71.0 85.5 4:00p 55.3 6:30a 2.6 8.6 0.00 0.6 12.0 7:30p N
7 70.3 84.5 4:15p 55.4 5:00a 2.5 7.8 0.00 0.9 17.0 4:00p NNW
8 70.1 83.2 5:15p 53.8 5:45a 2.2 7.2 0.00 0.2 7.0 12:00p NE
9 70.9 84.0 5:15p 61.6 6:45a 0.7 6.6 0.00 0.5 12.0 4:30p NNE
10 72.6 89.0 4:15p 55.9 5:45a 2.3 9.9 0.00 0.5 13.0 5:45p SSW
11 71.8 78.8 9:15a 68.3 2:15a 0.0 6.8 0.66 1.6 20.0 5:15p SSW
12 72.9 84.7 4:45p 60.1 6:30a 0.5 8.3 0.00 0.6 16.0 5:45p W
13 69.9 81.1 4:45p 58.1 12:00m 1.3 6.2 0.00 1.2 12.0 2:45p N
14 67.9 83.0 4:15p 50.7 6:30a 3.7 6.7 0.00 0.5 10.0 10:00a NNE
15 71.2 83.2 1:15p 53.8 6:30a 2.6 8.7 0.00 1.1 17.0 9:45p SSW
16 76.9 86.1 4:00p 66.8 12:00m 0.0 11.9 0.00 2.4 22.0 1:15p WSW
17 68.9 79.6 2:15p 59.5 12:00m 0.2 4.2 0.38 1.0 18.0 4:15p NW
18 62.7 68.3 1:45p 55.1 6:45a 2.9 0.5 0.07 1.0 14.0 1:45p SW
19 64.8 78.3 5:45p 54.8 6:30a 3.4 3.2 0.23 0.2 8.0 3:30p W
20 66.8 79.0 3:45p 55.1 7:00a 2.7 4.5 0.01 0.1 10.0 3:30p E
21 68.8 82.6 4:15p 54.7 6:30a 2.6 6.4 0.00 0.1 7.0 2:30p ENE
22 67.0 72.0 1:00p 63.5 2:15a 0.3 2.3 0.92 0.2 11.0 9:30p NNE
23 68.0 76.0 4:45p 65.2 9:45a 0.0 3.0 0.05 1.7 16.0 9:15a SW
24 71.2 82.8 4:00p 60.5 6:45a 0.7 6.9 0.01 0.8 13.0 2:15p SW
25 67.6 73.9 6:15p 61.2 3:30a 0.9 3.5 0.49 2.3 25.0 1:30p SSW
26 71.6 80.9 4:15p 62.7 6:00a 0.3 6.8 0.01 2.2 22.0 2:00p SSW
27 72.8 83.8 3:15p 60.1 7:00a 0.5 8.3 0.00 0.8 17.0 3:15p SW
28 73.8 85.1 4:30p 60.7 6:00a 0.7 9.5 0.00 0.9 14.0 10:45a SSW
29 71.2 79.6 6:15p 66.9 12:00m 0.0 6.2 0.64 0.5 13.0 12:00p W
30 70.6 79.6 3:15p 65.3 7:00a 0.0 5.6 0.16 0.1 8.0 4:15p SSW
31 72.6 82.8 5:00p 62.7 12:00m 0.1 7.7 0.45 0.9 13.0 2:00a SSW
-------------------------------------------------------------------------------------
69.6 89.0 10 50.7 14 40.6 183.4 4.22 0.8 25.0 25 SW
Max >= 90.0: 0
Max <= 32.0: 0
Min <= 32.0: 0
Min <= 0.0: 0
Max Rain: 0.92 ON 07/22/09
Days of Rain: 12 (>.01 in) 8 (>.1 in) 0 (>1 in)
Heat Base: 65.0 Cool Base: 65.0 Method: Integration
|