2024: Jan | Feb | Mar | Apr | May | Jun | Jul | Aug | Sep | Oct | Nov | Dec
2023: Jan | Feb | Mar | Apr | May | Jun | Jul | Aug | Sep | Oct | Nov | Dec
2022: Jan | Feb | Mar | Apr | May | Jun | Jul | Aug | Sep | Oct | Nov | Dec
2021: Jan | Feb | Mar | Apr | May | Jun | Jul | Aug | Sep | Oct | Nov | Dec
2020: Jan | Feb | Mar | Apr | May | Jun | Jul | Aug | Sep | Oct | Nov | Dec
2019: Jan | Feb | Mar | Apr | May | Jun | Jul | Aug | Sep | Oct | Nov | Dec
2018: Jan | Feb | Mar | Apr | May | Jun | Jul | Aug | Sep | Oct | Nov | Dec
2017: Jan | Feb | Mar | Apr | May | Jun | Jul | Aug | Sep | Oct | Nov | Dec
2016: Jan | Feb | Mar | Apr | May | Jun | Jul | Aug | Sep | Oct | Nov | Dec
2015: Jan | Feb | Mar | Apr | May | Jun | Jul | Aug | Sep | Oct | Nov | Dec
2014: Jan | Feb | Mar | Apr | May | Jun | Jul | Aug | Sep | Oct | Nov | Dec
2013: Jan | Feb | Mar | Apr | May | Jun | Jul | Aug | Sep | Oct | Nov | Dec
2012: Jan | Feb | Mar | Apr | May | Jun | Jul | Aug | Sep | Oct | Nov | Dec
2011: Jan | Feb | Mar | Apr | May | Jun | Jul | Aug | Sep | Oct | Nov | Dec
2010: Jan | Feb | Mar | Apr | May | Jun | Jul | Aug | Sep | Oct | Nov | Dec
2009: Jan | Feb | Mar | Apr | May | Jun | Jul | Aug | Sep | Oct | Nov | Dec
2008: Jan | Feb | Mar | Apr | May | Jun | Jul | Aug | Sep | Oct | Nov | Dec
2007: Jan | Feb | Mar | Apr | May | Jun | Jul | Aug | Sep | Oct | Nov | Dec
2006: Jan | Feb | Mar | Apr | May | Jun | Jul | Aug | Sep | Oct | Nov | Dec
2005: Jan | Feb | Mar | Apr | May | Jun | Jul | Aug | Sep | Oct | Nov | Dec
2004: Jan | Feb | Mar | Apr | May | Jun | Jul | Aug | Sep | Oct | Nov | Dec
2003: Jan | Feb | Mar | Apr | May | Jun | Jul | Aug | Sep | Oct | Nov | Dec
Report for 2009 08
MONTHLY CLIMATOLOGICAL SUMMARY for AUG. 2009
NAME: Station1 CITY: Lancaster STATE: Ohio
ELEV: 980 ft LAT: 39° 45' 13" N LONG: 82° 34' 06" W
TEMPERATURE (°F), RAIN (in), WIND SPEED (mph)
HEAT COOL AVG
MEAN DEG DEG WIND DOM
DAY TEMP HIGH TIME LOW TIME DAYS DAYS RAIN SPEED HIGH TIME DIR
------------------------------------------------------------------------------------
1 69.5 83.0 2:30p 56.2 6:45a 2.1 6.6 0.04 0.9 20.0 6:45p SSW
2 71.2 79.6 3:00p 59.5 12:00m 0.3 6.5 0.01 1.2 18.0 4:30p SW
3 68.4 81.6 4:30p 53.5 6:00a 3.2 6.6 0.00 1.1 16.0 12:45p SSW
4 68.4 80.5 1:15p 60.7 3:45a 0.8 4.3 0.14 2.0 25.0 4:30p SW
5 69.7 76.1 5:30p 64.7 12:00m 0.0 4.6 0.02 0.3 14.0 12:15a WSW
6 67.9 79.9 1:45p 55.6 7:00a 2.3 5.2 0.01 0.5 11.0 5:30p NNW
7 68.3 81.8 4:15p 54.7 7:00a 3.0 6.3 0.00 0.3 11.0 2:45p SW
8 73.6 83.2 3:30p 65.5 7:15a 0.0 8.6 0.00 0.4 12.0 5:30p SSW
9 80.7 90.3 5:15p 69.6 3:45a 0.0 15.7 0.00 3.3 22.0 2:30p SW
10 78.0 89.3 4:15p 70.4 11:15p 0.0 13.0 0.04 2.2 20.0 12:45p SW
11 77.1 87.2 4:15p 70.6 2:15a 0.0 12.1 0.00 1.1 17.0 3:30p WSW
12 72.7 85.1 4:00p 63.5 7:15a 0.1 7.8 0.00 0.8 12.0 4:00p N
13 70.6 85.9 5:00p 56.3 7:00a 2.1 7.7 0.00 0.1 7.0 1:30p N
14 73.5 88.0 2:00p 59.5 6:30a 1.3 9.7 0.00 0.1 8.0 1:30p E
15 75.5 89.9 4:15p 60.7 6:30a 0.7 11.3 0.00 0.3 11.0 12:30p SW
16 79.0 92.3 2:45p 65.8 7:00a 0.0 14.0 0.00 0.5 13.0 2:30p SSW
17 76.7 89.9 3:00p 65.0 6:30a 0.0 11.7 0.00 0.7 16.0 6:15p SSW
18 75.1 81.8 5:45p 70.9 12:30a 0.0 10.1 0.23 2.8 18.0 9:00a SSW
19 75.4 83.0 5:45p 70.6 6:00a 0.0 10.4 0.03 0.8 13.0 1:30a SSW
20 75.1 85.3 1:15p 67.9 10:15p 0.0 10.1 1.48 3.0 27.0 5:45p SSW
21 73.4 81.6 5:15p 63.9 12:00m 0.0 8.4 0.31 3.4 22.0 4:15p SSW
22 66.9 77.4 4:30p 60.2 7:30a 1.1 3.0 0.00 1.4 14.0 1:00p SW
23 64.0 73.0 1:45p 55.0 5:45a 3.0 2.1 0.00 0.6 12.0 4:00p NNW
24 65.9 79.2 5:45p 53.1 6:30a 3.8 4.7 0.00 0.4 10.0 1:30p NNE
25 69.1 83.8 4:15p 55.0 7:00a 3.0 7.1 0.00 0.2 11.0 4:15p SW
26 72.7 86.1 6:00p 58.9 7:15a 1.5 9.3 0.00 0.8 18.0 3:30p WSW
27 75.2 88.6 3:15p 64.7 7:00a 0.0 10.2 0.00 0.1 8.0 2:15p N
28 71.6 79.9 2:45p 66.9 7:00a 0.0 6.6 0.03 0.3 16.0 2:30p NNE
29 70.8 79.6 4:45p 60.2 11:45p 0.3 6.1 0.00 2.2 17.0 10:30a WSW
30 60.4 70.6 4:30p 50.1 12:00m 5.8 1.2 0.00 1.3 16.0 11:45a N
31 58.7 73.7 3:30p 44.5 6:45a 8.1 1.8 0.00 0.9 13.0 10:30a NNE
-------------------------------------------------------------------------------------
71.5 92.3 16 44.5 31 42.5 242.8 2.34 1.1 27.0 20 SSW
Max >= 90.0: 2
Max <= 32.0: 0
Min <= 32.0: 0
Min <= 0.0: 0
Max Rain: 1.48 ON 08/20/09
Days of Rain: 9 (>.01 in) 4 (>.1 in) 1 (>1 in)
Heat Base: 65.0 Cool Base: 65.0 Method: Integration
|