2024: Jan | Feb | Mar | Apr | May | Jun | Jul | Aug | Sep | Oct | Nov | Dec
2023: Jan | Feb | Mar | Apr | May | Jun | Jul | Aug | Sep | Oct | Nov | Dec
2022: Jan | Feb | Mar | Apr | May | Jun | Jul | Aug | Sep | Oct | Nov | Dec
2021: Jan | Feb | Mar | Apr | May | Jun | Jul | Aug | Sep | Oct | Nov | Dec
2020: Jan | Feb | Mar | Apr | May | Jun | Jul | Aug | Sep | Oct | Nov | Dec
2019: Jan | Feb | Mar | Apr | May | Jun | Jul | Aug | Sep | Oct | Nov | Dec
2018: Jan | Feb | Mar | Apr | May | Jun | Jul | Aug | Sep | Oct | Nov | Dec
2017: Jan | Feb | Mar | Apr | May | Jun | Jul | Aug | Sep | Oct | Nov | Dec
2016: Jan | Feb | Mar | Apr | May | Jun | Jul | Aug | Sep | Oct | Nov | Dec
2015: Jan | Feb | Mar | Apr | May | Jun | Jul | Aug | Sep | Oct | Nov | Dec
2014: Jan | Feb | Mar | Apr | May | Jun | Jul | Aug | Sep | Oct | Nov | Dec
2013: Jan | Feb | Mar | Apr | May | Jun | Jul | Aug | Sep | Oct | Nov | Dec
2012: Jan | Feb | Mar | Apr | May | Jun | Jul | Aug | Sep | Oct | Nov | Dec
2011: Jan | Feb | Mar | Apr | May | Jun | Jul | Aug | Sep | Oct | Nov | Dec
2010: Jan | Feb | Mar | Apr | May | Jun | Jul | Aug | Sep | Oct | Nov | Dec
2009: Jan | Feb | Mar | Apr | May | Jun | Jul | Aug | Sep | Oct | Nov | Dec
2008: Jan | Feb | Mar | Apr | May | Jun | Jul | Aug | Sep | Oct | Nov | Dec
2007: Jan | Feb | Mar | Apr | May | Jun | Jul | Aug | Sep | Oct | Nov | Dec
2006: Jan | Feb | Mar | Apr | May | Jun | Jul | Aug | Sep | Oct | Nov | Dec
2005: Jan | Feb | Mar | Apr | May | Jun | Jul | Aug | Sep | Oct | Nov | Dec
2004: Jan | Feb | Mar | Apr | May | Jun | Jul | Aug | Sep | Oct | Nov | Dec
2003: Jan | Feb | Mar | Apr | May | Jun | Jul | Aug | Sep | Oct | Nov | Dec
Report for 2009 09
MONTHLY CLIMATOLOGICAL SUMMARY for SEP. 2009
NAME: Station1 CITY: Lancaster STATE: Ohio
ELEV: 980 ft LAT: 39° 45' 13" N LONG: 82° 34' 06" W
TEMPERATURE (°F), RAIN (in), WIND SPEED (mph)
HEAT COOL AVG
MEAN DEG DEG WIND DOM
DAY TEMP HIGH TIME LOW TIME DAYS DAYS RAIN SPEED HIGH TIME DIR
------------------------------------------------------------------------------------
1 61.0 76.3 4:30p 44.8 7:15a 6.9 3.0 0.00 1.1 16.0 11:30a NNE
2 63.0 81.2 5:15p 46.1 7:00a 6.6 4.6 0.00 0.2 10.0 2:15p NNE
3 64.1 81.8 4:15p 48.2 7:00a 6.1 5.2 0.00 0.3 10.0 2:00p NNE
4 65.7 82.2 4:30p 49.8 7:15a 5.1 5.8 0.00 0.2 8.0 12:15p NNE
5 66.3 82.6 5:30p 50.5 7:15a 4.6 5.9 0.00 0.2 10.0 12:30p N
6 67.8 86.3 5:15p 52.6 7:30a 3.8 6.6 0.00 0.1 8.0 1:00p ENE
7 67.9 74.4 5:15p 64.0 11:45p 0.1 3.0 0.34 0.1 8.0 2:45p E
8 67.5 77.4 4:45p 62.7 1:30a 0.7 3.2 0.04 0.0 0.0 --- ---
9 69.0 81.6 3:45p 59.3 6:30a 1.3 5.3 0.00 0.0 0.0 --- ---
10 67.5 79.4 4:45p 58.9 6:45a 1.9 4.3 0.00 0.7 16.0 6:30p E
11 64.1 78.6 3:45p 51.6 7:45a 4.7 3.8 0.00 0.6 12.0 11:45a NNE
12 63.2 78.8 5:15p 49.8 7:15a 5.6 3.8 0.00 0.4 12.0 3:15p N
13 63.5 80.7 5:15p 47.4 7:00a 6.1 4.6 0.00 0.4 11.0 11:15a N
14 67.7 84.9 4:15p 52.3 7:30a 4.2 6.8 0.00 0.2 8.0 1:30p N
15 70.1 85.5 3:00p 55.4 7:00a 2.7 7.7 0.00 0.3 11.0 12:00p N
16 68.4 79.9 2:45p 57.0 11:45p 1.2 4.6 0.00 1.7 14.0 11:00a NNE
17 63.9 81.8 5:30p 47.7 7:30a 5.6 4.5 0.00 0.4 10.0 12:30p NNE
18 66.1 82.0 3:45p 54.2 7:45a 4.1 5.2 0.00 0.5 11.0 11:30a N
19 64.0 78.5 3:45p 51.9 7:45a 4.7 3.7 0.00 0.5 11.0 2:00p NNE
20 65.3 74.9 12:00p 54.4 6:45a 3.2 3.5 0.06 0.1 13.0 11:30a SSE
21 69.6 76.1 2:45p 66.3 7:15a 0.0 4.6 0.31 0.4 13.0 2:45p SSE
22 72.2 81.6 3:00p 66.8 7:00a 0.0 7.2 0.17 0.2 12.0 5:45p SSE
23 72.5 81.2 3:15p 66.6 3:15a 0.0 7.5 0.00 0.6 14.0 1:45p SW
24 69.4 76.5 1:45p 61.6 12:00m 0.1 4.5 0.28 0.3 11.0 8:45p NNE
25 63.6 69.9 5:45p 57.6 6:00a 2.6 1.2 0.01 0.7 12.0 12:15a NE
26 63.7 65.3 3:30p 62.9 7:45a 1.3 0.0 0.55 0.3 13.0 10:45a S
27 62.2 70.6 4:00p 56.0 11:30p 3.5 0.8 0.69 2.6 25.0 5:00p SSW
28 60.8 65.6 2:00p 55.9 12:30a 4.2 0.0 0.10 6.3 32.0 11:30a SW
29 54.5 57.5 1:45p 51.3 9:00a 10.5 0.0 0.00 3.4 24.0 4:45a WSW
30 50.1 53.8 2:00p 38.3 12:00m 14.9 0.0 0.00 0.8 16.0 1:00p W
-------------------------------------------------------------------------------------
65.2 86.3 6 38.3 30 116.3 120.9 2.55 0.8 32.0 28 NNE
Max >= 90.0: 0
Max <= 32.0: 0
Min <= 32.0: 0
Min <= 0.0: 0
Max Rain: 0.69 ON 09/27/09
Days of Rain: 9 (>.01 in) 6 (>.1 in) 0 (>1 in)
Heat Base: 65.0 Cool Base: 65.0 Method: Integration
|