Weather Information | Photos of Local Events | Personal Weather Stations Links | Lancaster Links | Site Map

NOAA Report Archive
(Reports Generated by WeatherLink)
2017: Jan | Feb | Mar | Apr | May | Jun | Jul | Aug | Sep | Oct | Nov | Dec 
2016: Jan | Feb | Mar | Apr | May | Jun | Jul | Aug | Sep | Oct | Nov | Dec 
2015: Jan | Feb | Mar | Apr | May | Jun | Jul | Aug | Sep | Oct | Nov | Dec 
2014: Jan | Feb | Mar | Apr | May | Jun | Jul | Aug | Sep | Oct | Nov | Dec 
2013: Jan | Feb | Mar | Apr | May | Jun | Jul | Aug | Sep | Oct | Nov | Dec 
2012: Jan | Feb | Mar | Apr | May | Jun | Jul | Aug | Sep | Oct | Nov | Dec 
2011: Jan | Feb | Mar | Apr | May | Jun | Jul | Aug | Sep | Oct | Nov | Dec 
2010: Jan | Feb | Mar | Apr | May | Jun | Jul | Aug | Sep | Oct | Nov | Dec 
2009: Jan | Feb | Mar | Apr | May | Jun | Jul | Aug | Sep | Oct | Nov | Dec 
2008: Jan | Feb | Mar | Apr | May | Jun | Jul | Aug | Sep | Oct | Nov | Dec 
2007: Jan | Feb | Mar | Apr | May | Jun | Jul | Aug | Sep | Oct | Nov | Dec 
2006: Jan | Feb | Mar | Apr | May | Jun | Jul | Aug | Sep | Oct | Nov | Dec 
2005: Jan | Feb | Mar | Apr | May | Jun | Jul | Aug | Sep | Oct | Nov | Dec 
2004: Jan | Feb | Mar | Apr | May | Jun | Jul | Aug | Sep | Oct | Nov | Dec 
2003: Jan | Feb | Mar | Apr | May | Jun | Jul | Aug | Sep | Oct | Nov | Dec 

Report for 2009 10
MONTHLY CLIMATOLOGICAL SUMMARY for OCT. 2009 NAME: Station1 CITY: Lancaster STATE: Ohio ELEV: 980 ft LAT: 39 45' 13" N LONG: 82 34' 06" W TEMPERATURE (F), RAIN (in), WIND SPEED (mph) HEAT COOL AVG MEAN DEG DEG WIND DOM DAY TEMP HIGH TIME LOW TIME DAYS DAYS RAIN SPEED HIGH TIME DIR ------------------------------------------------------------------------------------ 1 48.7 64.7 5:15p 31.2 7:15a 16.3 0.0 0.01 0.3 12.0 4:30p SSW 2 54.9 65.8 5:15p 44.6 12:00m 10.1 0.0 0.66 1.4 22.0 5:15p SSW 3 54.9 66.0 3:00p 44.2 1:00a 10.1 0.0 0.00 2.5 29.0 1:45p SSW 4 54.3 61.8 2:00p 49.4 12:00m 10.7 0.0 0.00 2.3 21.0 1:00p SW 5 52.5 68.3 4:45p 38.2 7:45a 12.9 0.4 0.00 0.4 10.0 1:15p SW 6 54.0 68.8 4:00p 37.3 7:30a 11.3 0.3 0.11 2.2 27.0 10:45p SSW 7 54.3 62.3 12:15a 40.8 12:00m 6.4 0.0 0.00 5.4 28.0 5:15a WSW 8 48.9 58.3 2:00p 38.5 4:30a 16.1 0.0 0.16 0.2 13.0 8:45p SSE 9 59.6 68.6 3:45p 52.8 3:45a 5.8 0.5 0.59 0.8 16.0 2:15p WSW 10 51.2 60.4 3:45p 40.1 12:00m 13.8 0.0 0.04 1.2 14.0 12:15a NNW 11 46.3 59.5 3:00p 34.6 8:15a 18.7 0.0 0.00 0.4 10.0 2:30p N 12 49.5 65.2 5:15p 38.8 6:00a 15.5 0.0 0.00 0.4 11.0 5:30p NNE 13 51.9 57.3 2:45p 40.8 12:00m 13.1 0.0 0.00 1.8 15.0 8:45a NNW 14 41.8 45.7 12:15p 37.6 2:00a 23.2 0.0 0.09 2.6 20.0 12:45p NE 15 42.2 43.9 2:45p 40.3 6:15a 22.8 0.0 0.24 2.1 12.0 9:45a NNE 16 42.1 46.2 3:30p 39.8 8:45a 22.9 0.0 0.03 1.7 13.0 9:00p N 17 40.1 47.0 4:45p 35.6 11:30p 24.9 0.0 0.03 1.8 17.0 3:00p N 18 40.8 52.6 4:00p 30.0 12:00m 24.2 0.0 0.00 1.3 18.0 12:45p N 19 43.8 59.8 4:45p 28.1 8:00a 21.2 0.0 0.00 1.9 20.0 12:15p SSW 20 52.5 69.1 4:30p 39.8 6:45a 13.0 0.4 0.00 1.9 19.0 2:30p SSW 21 53.3 71.8 4:00p 37.3 7:15a 13.0 1.2 0.00 0.9 16.0 2:15p SSW 22 55.6 71.8 2:15p 38.2 7:45a 10.6 1.2 0.00 1.2 19.0 12:45p SW 23 57.9 62.4 8:45p 53.3 11:15a 7.1 0.0 0.62 0.9 19.0 3:00p SSE 24 51.0 61.5 12:15a 38.2 12:00m 14.0 0.0 0.02 3.6 27.0 4:30p SW 25 45.5 63.7 4:45p 29.8 7:45a 19.5 0.0 0.00 0.1 8.0 1:45p SSW 26 49.1 67.4 3:30p 34.3 8:00a 16.1 0.2 0.00 0.4 14.0 2:45p S 27 48.7 63.1 2:45p 35.8 7:45a 16.3 0.0 0.02 0.3 8.0 7:45p E 28 53.6 57.6 4:00p 49.9 12:15a 11.4 0.0 0.32 1.9 22.0 5:15a WNW 29 55.2 62.1 2:45p 51.6 12:00m 9.8 0.0 0.00 0.9 13.0 11:30a E 30 66.1 80.1 4:15p 51.3 12:30a 3.8 4.9 0.00 2.8 27.0 10:45p S 31 52.1 71.5 12:15a 39.8 12:00m 13.2 0.3 0.90 4.2 27.0 5:30a SSW ------------------------------------------------------------------------------------- 50.7 80.1 30 28.1 19 447.8 9.4 3.84 1.6 29.0 3 SSW Max >= 90.0: 0 Max <= 32.0: 0 Min <= 32.0: 4 Min <= 0.0: 0 Max Rain: 0.90 ON 10/31/09 Days of Rain: 14 (>.01 in) 8 (>.1 in) 0 (>1 in) Heat Base: 65.0 Cool Base: 65.0 Method: Integration
 
USA Weather Finder