2024: Jan | Feb | Mar | Apr | May | Jun | Jul | Aug | Sep | Oct | Nov | Dec
2023: Jan | Feb | Mar | Apr | May | Jun | Jul | Aug | Sep | Oct | Nov | Dec
2022: Jan | Feb | Mar | Apr | May | Jun | Jul | Aug | Sep | Oct | Nov | Dec
2021: Jan | Feb | Mar | Apr | May | Jun | Jul | Aug | Sep | Oct | Nov | Dec
2020: Jan | Feb | Mar | Apr | May | Jun | Jul | Aug | Sep | Oct | Nov | Dec
2019: Jan | Feb | Mar | Apr | May | Jun | Jul | Aug | Sep | Oct | Nov | Dec
2018: Jan | Feb | Mar | Apr | May | Jun | Jul | Aug | Sep | Oct | Nov | Dec
2017: Jan | Feb | Mar | Apr | May | Jun | Jul | Aug | Sep | Oct | Nov | Dec
2016: Jan | Feb | Mar | Apr | May | Jun | Jul | Aug | Sep | Oct | Nov | Dec
2015: Jan | Feb | Mar | Apr | May | Jun | Jul | Aug | Sep | Oct | Nov | Dec
2014: Jan | Feb | Mar | Apr | May | Jun | Jul | Aug | Sep | Oct | Nov | Dec
2013: Jan | Feb | Mar | Apr | May | Jun | Jul | Aug | Sep | Oct | Nov | Dec
2012: Jan | Feb | Mar | Apr | May | Jun | Jul | Aug | Sep | Oct | Nov | Dec
2011: Jan | Feb | Mar | Apr | May | Jun | Jul | Aug | Sep | Oct | Nov | Dec
2010: Jan | Feb | Mar | Apr | May | Jun | Jul | Aug | Sep | Oct | Nov | Dec
2009: Jan | Feb | Mar | Apr | May | Jun | Jul | Aug | Sep | Oct | Nov | Dec
2008: Jan | Feb | Mar | Apr | May | Jun | Jul | Aug | Sep | Oct | Nov | Dec
2007: Jan | Feb | Mar | Apr | May | Jun | Jul | Aug | Sep | Oct | Nov | Dec
2006: Jan | Feb | Mar | Apr | May | Jun | Jul | Aug | Sep | Oct | Nov | Dec
2005: Jan | Feb | Mar | Apr | May | Jun | Jul | Aug | Sep | Oct | Nov | Dec
2004: Jan | Feb | Mar | Apr | May | Jun | Jul | Aug | Sep | Oct | Nov | Dec
2003: Jan | Feb | Mar | Apr | May | Jun | Jul | Aug | Sep | Oct | Nov | Dec
Report for 2009 11
MONTHLY CLIMATOLOGICAL SUMMARY for NOV. 2009
NAME: Station1 CITY: Lancaster STATE: Ohio
ELEV: 980 ft LAT: 39° 45' 13" N LONG: 82° 34' 06" W
TEMPERATURE (°F), RAIN (in), WIND SPEED (mph)
HEAT COOL AVG
MEAN DEG DEG WIND DOM
DAY TEMP HIGH TIME LOW TIME DAYS DAYS RAIN SPEED HIGH TIME DIR
------------------------------------------------------------------------------------
1 40.8 53.5 3:45p 29.1 7:00a 24.2 0.0 0.00 0.4 10.0 11:15a N
2 43.8 62.0 3:45p 28.7 7:15a 21.2 0.0 0.00 0.3 10.0 2:00p SW
3 43.6 52.9 1:45p 29.1 12:00m 21.4 0.0 0.00 1.6 18.0 1:30p NW
4 39.9 53.2 2:15p 27.8 3:45a 25.1 0.0 0.00 0.6 14.0 3:00p SSW
5 42.6 53.9 3:00p 32.4 5:45a 22.4 0.0 0.01 2.0 20.0 12:15p WNW
6 41.8 56.6 4:00p 26.4 7:00a 23.2 0.0 0.00 0.3 11.0 12:30p SE
7 55.4 68.9 2:30p 40.6 12:15a 10.1 0.5 0.00 4.1 26.0 10:15a SSW
8 57.9 73.5 2:15p 41.9 7:15a 8.7 1.7 0.00 0.9 17.0 1:45p SW
9 51.7 67.6 3:15p 40.1 6:30a 13.5 0.3 0.00 0.3 10.0 2:15p SSW
10 51.9 61.0 2:45p 45.7 1:30a 13.1 0.0 0.00 1.9 16.0 3:15p NNE
11 47.6 57.8 2:15p 37.6 12:00m 17.4 0.0 0.00 4.3 19.0 4:30p NNE
12 43.1 57.6 3:00p 31.8 7:30a 21.9 0.0 0.00 1.7 14.0 1:00p NNE
13 47.6 66.9 3:30p 31.2 5:00a 17.5 0.1 0.00 0.1 7.0 9:30a NNE
14 51.6 70.6 2:45p 38.3 7:45a 14.3 0.9 0.00 0.6 12.0 12:45p SSW
15 54.0 70.3 2:00p 41.9 4:00a 11.3 0.3 0.00 0.5 11.0 11:15p N
16 51.4 58.7 12:30p 44.5 10:30p 13.6 0.0 0.00 3.0 17.0 2:15p NNE
17 53.4 67.1 2:30p 42.5 7:00a 11.8 0.2 0.00 3.1 14.0 12:00p NE
18 51.0 54.8 12:15a 48.6 8:00a 14.0 0.0 0.19 3.8 19.0 12:45p E
19 47.9 52.8 3:45a 43.6 9:45p 17.1 0.0 0.12 2.3 17.0 2:15p SW
20 43.9 52.0 12:45p 35.2 12:00m 21.1 0.0 0.00 1.9 14.0 10:45a SW
21 42.5 57.6 2:15p 30.9 7:45a 22.5 0.0 0.01 0.1 6.0 12:30p NNE
22 44.2 57.5 2:30p 32.8 7:30a 20.8 0.0 0.00 1.3 13.0 10:30a NE
23 45.1 48.2 4:00p 39.5 4:30a 19.9 0.0 0.01 0.6 10.0 6:15a E
24 49.4 54.8 2:00p 45.7 6:30a 15.6 0.0 0.00 0.1 8.0 2:15p ESE
25 49.7 54.7 2:15p 46.2 2:00a 15.3 0.0 0.03 4.8 28.0 11:15a SSW
26 41.8 47.4 12:45a 37.2 9:15p 23.2 0.0 0.05 5.6 31.0 7:15p SW
27 35.7 38.8 12:45a 32.2 9:00a 29.3 0.0 0.01 4.3 29.0 6:00a W
28 37.8 53.2 3:15p 23.9 6:30a 27.2 0.0 0.00 1.0 16.0 3:00p S
29 52.8 62.4 2:15p 34.1 12:15a 12.2 0.0 0.07 6.5 27.0 8:45p SSW
30 38.8 50.4 12:15a 26.7 9:45p 26.2 0.0 0.11 3.3 25.0 2:45a NNW
-------------------------------------------------------------------------------------
46.6 73.5 8 23.9 28 555.1 4.0 0.61 2.0 31.0 26 SSW
Max >= 90.0: 0
Max <= 32.0: 0
Min <= 32.0: 10
Min <= 0.0: 0
Max Rain: 0.19 ON 11/18/09
Days of Rain: 6 (>.01 in) 3 (>.1 in) 0 (>1 in)
Heat Base: 65.0 Cool Base: 65.0 Method: Integration
|