Weather Information | Photos of Local Events | Personal Weather Stations Links | Lancaster Links | Site Map

NOAA Report Archive
(Reports Generated by WeatherLink)
2017: Jan | Feb | Mar | Apr | May | Jun | Jul | Aug | Sep | Oct | Nov | Dec 
2016: Jan | Feb | Mar | Apr | May | Jun | Jul | Aug | Sep | Oct | Nov | Dec 
2015: Jan | Feb | Mar | Apr | May | Jun | Jul | Aug | Sep | Oct | Nov | Dec 
2014: Jan | Feb | Mar | Apr | May | Jun | Jul | Aug | Sep | Oct | Nov | Dec 
2013: Jan | Feb | Mar | Apr | May | Jun | Jul | Aug | Sep | Oct | Nov | Dec 
2012: Jan | Feb | Mar | Apr | May | Jun | Jul | Aug | Sep | Oct | Nov | Dec 
2011: Jan | Feb | Mar | Apr | May | Jun | Jul | Aug | Sep | Oct | Nov | Dec 
2010: Jan | Feb | Mar | Apr | May | Jun | Jul | Aug | Sep | Oct | Nov | Dec 
2009: Jan | Feb | Mar | Apr | May | Jun | Jul | Aug | Sep | Oct | Nov | Dec 
2008: Jan | Feb | Mar | Apr | May | Jun | Jul | Aug | Sep | Oct | Nov | Dec 
2007: Jan | Feb | Mar | Apr | May | Jun | Jul | Aug | Sep | Oct | Nov | Dec 
2006: Jan | Feb | Mar | Apr | May | Jun | Jul | Aug | Sep | Oct | Nov | Dec 
2005: Jan | Feb | Mar | Apr | May | Jun | Jul | Aug | Sep | Oct | Nov | Dec 
2004: Jan | Feb | Mar | Apr | May | Jun | Jul | Aug | Sep | Oct | Nov | Dec 
2003: Jan | Feb | Mar | Apr | May | Jun | Jul | Aug | Sep | Oct | Nov | Dec 

Report for 2009 12
MONTHLY CLIMATOLOGICAL SUMMARY for DEC. 2009 NAME: Station1 CITY: Lancaster STATE: Ohio ELEV: 980 ft LAT: 39 45' 13" N LONG: 82 34' 06" W TEMPERATURE (F), RAIN (in), WIND SPEED (mph) HEAT COOL AVG MEAN DEG DEG WIND DOM DAY TEMP HIGH TIME LOW TIME DAYS DAYS RAIN SPEED HIGH TIME DIR ------------------------------------------------------------------------------------ 1 39.6 52.9 3:45p 31.8 2:15a 25.4 0.0 0.00 3.7 20.0 10:45a SSW 2 41.2 52.9 11:00p 30.4 3:45a 23.8 0.0 0.41 2.2 21.0 3:30p E 3 41.7 53.3 12:45a 36.5 11:45p 23.3 0.0 0.01 5.4 36.0 3:15a W 4 31.3 37.2 2:00p 23.9 11:15p 33.7 0.0 0.00 2.2 17.0 12:45p SW 5 26.4 34.1 3:00p 16.4 12:00m 38.6 0.0 0.00 1.3 11.0 1:00p N 6 23.9 34.3 3:00p 12.6 7:30a 41.1 0.0 0.00 0.4 11.0 2:00p S 7 30.9 35.2 4:30p 25.3 2:30a 34.1 0.0 0.00 1.5 17.0 1:15p WSW 8 35.4 39.1 12:00m 32.8 7:45a 29.6 0.0 0.63 3.8 21.0 9:30p E 9 41.2 54.7 9:15a 26.1 12:00m 23.8 0.0 0.23 11.0 50.0 11:00a WSW 10 20.4 26.1 12:15a 16.2 9:30p 44.6 0.0 0.00 8.3 32.0 3:30p WSW 11 24.8 34.0 2:45p 16.2 12:15a 40.2 0.0 0.00 6.4 27.0 12:15p SW 12 29.0 42.5 2:45p 13.5 8:00a 35.6 0.0 0.00 0.9 17.0 1:45p SE 13 38.3 44.6 1:15p 32.2 5:15a 26.7 0.0 0.31 1.4 19.0 3:15p WSW 14 46.4 56.7 3:30p 38.0 5:30a 18.6 0.0 0.00 2.4 20.0 9:00p SSW 15 35.8 49.6 12:15a 22.7 12:00m 29.2 0.0 0.00 3.9 26.0 7:15p WNW 16 22.4 30.3 3:00p 16.2 7:45a 42.6 0.0 0.00 1.3 13.0 1:45p WNW 17 26.0 37.0 2:00p 16.2 8:00a 39.0 0.0 0.00 0.5 12.0 12:45p ESE 18 31.3 40.1 2:45p 22.5 12:45a 33.7 0.0 0.06 0.4 10.0 12:15p E 19 32.3 33.7 1:45p 28.7 10:15p 32.7 0.0 0.44 0.6 8.0 12:30p NNE 20 29.9 32.5 2:30p 27.6 6:15a 35.1 0.0 0.00 0.3 7.0 11:45a SW 21 31.0 33.1 1:00p 29.5 11:15p 34.0 0.0 0.03 1.0 10.0 12:00p W 22 31.8 36.8 1:30p 29.4 3:15a 33.2 0.0 0.01 0.2 7.0 11:15p ENE 23 29.0 32.4 1:45p 25.0 12:00m 36.0 0.0 0.00 1.9 11.0 6:45a ENE 24 31.2 40.2 12:00m 22.9 5:15a 33.8 0.0 0.00 1.9 12.0 10:30a NE 25 42.3 48.2 4:15p 37.2 12:00m 22.7 0.0 0.48 7.3 27.0 11:15p ESE 26 35.5 41.5 3:30p 31.3 8:45p 29.5 0.0 0.00 3.9 24.0 2:00p SSW 27 34.9 43.6 3:30p 23.9 12:00m 30.1 0.0 0.08 5.9 29.0 6:15p SSW 28 23.3 28.5 9:15p 18.6 4:45a 41.2 0.0 0.02 6.8 28.0 1:15p SW 29 21.2 27.2 3:45p 11.9 11:15p 43.8 0.0 0.00 2.7 25.0 1:30a NNW 30 27.0 35.9 3:45p 13.1 12:15a 38.0 0.0 0.00 0.6 12.0 2:15p S 31 35.2 37.3 3:15p 32.8 3:00a 29.8 0.0 0.12 1.9 19.0 1:30a S ------------------------------------------------------------------------------------- 32.0 56.7 14 11.9 29 1023.5 0.0 2.83 3.0 50.0 9 SSW Max >= 90.0: 0 Max <= 32.0: 4 Min <= 32.0: 25 Min <= 0.0: 0 Max Rain: 0.63 ON 12/08/09 Days of Rain: 11 (>.01 in) 7 (>.1 in) 0 (>1 in) Heat Base: 65.0 Cool Base: 65.0 Method: Integration
 
USA Weather Finder