2024: Jan | Feb | Mar | Apr | May | Jun | Jul | Aug | Sep | Oct | Nov | Dec
2023: Jan | Feb | Mar | Apr | May | Jun | Jul | Aug | Sep | Oct | Nov | Dec
2022: Jan | Feb | Mar | Apr | May | Jun | Jul | Aug | Sep | Oct | Nov | Dec
2021: Jan | Feb | Mar | Apr | May | Jun | Jul | Aug | Sep | Oct | Nov | Dec
2020: Jan | Feb | Mar | Apr | May | Jun | Jul | Aug | Sep | Oct | Nov | Dec
2019: Jan | Feb | Mar | Apr | May | Jun | Jul | Aug | Sep | Oct | Nov | Dec
2018: Jan | Feb | Mar | Apr | May | Jun | Jul | Aug | Sep | Oct | Nov | Dec
2017: Jan | Feb | Mar | Apr | May | Jun | Jul | Aug | Sep | Oct | Nov | Dec
2016: Jan | Feb | Mar | Apr | May | Jun | Jul | Aug | Sep | Oct | Nov | Dec
2015: Jan | Feb | Mar | Apr | May | Jun | Jul | Aug | Sep | Oct | Nov | Dec
2014: Jan | Feb | Mar | Apr | May | Jun | Jul | Aug | Sep | Oct | Nov | Dec
2013: Jan | Feb | Mar | Apr | May | Jun | Jul | Aug | Sep | Oct | Nov | Dec
2012: Jan | Feb | Mar | Apr | May | Jun | Jul | Aug | Sep | Oct | Nov | Dec
2011: Jan | Feb | Mar | Apr | May | Jun | Jul | Aug | Sep | Oct | Nov | Dec
2010: Jan | Feb | Mar | Apr | May | Jun | Jul | Aug | Sep | Oct | Nov | Dec
2009: Jan | Feb | Mar | Apr | May | Jun | Jul | Aug | Sep | Oct | Nov | Dec
2008: Jan | Feb | Mar | Apr | May | Jun | Jul | Aug | Sep | Oct | Nov | Dec
2007: Jan | Feb | Mar | Apr | May | Jun | Jul | Aug | Sep | Oct | Nov | Dec
2006: Jan | Feb | Mar | Apr | May | Jun | Jul | Aug | Sep | Oct | Nov | Dec
2005: Jan | Feb | Mar | Apr | May | Jun | Jul | Aug | Sep | Oct | Nov | Dec
2004: Jan | Feb | Mar | Apr | May | Jun | Jul | Aug | Sep | Oct | Nov | Dec
2003: Jan | Feb | Mar | Apr | May | Jun | Jul | Aug | Sep | Oct | Nov | Dec
Report for 2010 01
MONTHLY CLIMATOLOGICAL SUMMARY for JAN. 2010
NAME: Station1 CITY: Lancaster STATE: Ohio
ELEV: 958 ft LAT: 39° 45' 15" N LONG: 82° 34' 05" W
TEMPERATURE (°F), RAIN (in), WIND SPEED (mph)
HEAT COOL AVG
MEAN DEG DEG WIND DOM
DAY TEMP HIGH TIME LOW TIME DAYS DAYS RAIN SPEED HIGH TIME DIR
------------------------------------------------------------------------------------
1 23.4 34.0 12:15a 16.2 12:00m 41.6 0.0 0.01 4.3 21.0 2:30p WNW
2 15.3 19.2 12:15p 9.5 8:00a 49.7 0.0 0.01 3.6 19.0 12:00p WNW
3 11.9 17.5 3:30p 3.9 7:30a 53.1 0.0 0.00 2.8 19.0 12:30p WNW
4 19.1 24.5 3:00p 13.3 12:15a 45.9 0.0 0.09 3.1 20.0 1:30p W
5 18.8 21.1 7:00p 16.2 4:45a 46.2 0.0 0.01 4.2 17.0 9:45a W
6 20.5 23.2 2:30p 19.1 4:30a 44.5 0.0 0.01 4.1 18.0 12:00p WSW
7 21.5 24.1 10:45a 14.0 12:00m 43.5 0.0 0.07 2.6 24.0 11:45p S
8 14.5 19.5 11:45p 9.2 7:45a 50.5 0.0 0.01 4.7 24.0 1:30a WSW
9 18.0 21.8 12:15p 6.0 12:00m 47.0 0.0 0.00 1.3 11.0 5:00a NNW
10 11.4 20.6 4:15p 2.0 4:15a 53.6 0.0 0.00 1.4 16.0 11:30a SW
11 19.2 24.4 1:45p 10.7 12:15a 45.8 0.0 0.03 2.8 17.0 11:15a SSW
12 22.5 27.0 2:45p 13.3 12:00m 42.5 0.0 0.00 1.2 11.0 3:30p WNW
13 20.9 33.7 4:15p 7.0 6:15a 44.1 0.0 0.00 2.3 21.0 12:45p SSW
14 32.3 46.2 3:15p 14.6 7:45a 32.7 0.0 0.00 2.0 17.0 3:15p SSW
15 40.0 43.2 1:15p 33.5 12:00m 25.0 0.0 0.00 2.0 17.0 12:45a SW
16 37.7 51.0 1:30p 30.7 1:45a 27.3 0.0 0.00 0.7 14.0 2:45p SW
17 36.9 41.1 3:45p 32.5 12:15a 28.1 0.0 0.18 1.6 14.0 1:30p N
18 33.2 35.9 3:45p 30.0 8:00a 31.8 0.0 0.00 2.8 16.0 1:00p WSW
19 33.0 36.0 4:30p 30.1 12:00m 32.0 0.0 0.00 1.1 10.0 12:30a W
20 30.5 35.9 2:00p 22.9 6:15a 34.5 0.0 0.00 1.9 13.0 1:00p ENE
21 37.1 44.8 2:00p 30.9 7:45a 27.9 0.0 0.24 4.3 17.0 2:45a E
22 41.0 43.9 1:15p 38.3 9:15a 24.0 0.0 0.01 1.0 11.0 1:00a NNE
23 43.4 50.2 2:45p 39.1 1:45a 21.6 0.0 0.00 2.1 14.0 4:45p ESE
24 45.8 48.5 10:15p 41.6 7:45a 19.2 0.0 0.80 2.7 20.0 4:30a SE
25 38.6 48.6 3:00a 29.8 12:00m 26.4 0.0 0.03 6.4 28.0 10:00p SW
26 25.0 30.1 12:30a 22.5 6:15p 40.0 0.0 0.10 5.5 27.0 11:00a W
27 27.2 33.4 3:45p 21.1 2:45a 37.8 0.0 0.00 6.7 25.0 12:30p SW
28 24.6 32.9 12:15a 12.4 12:00m 40.4 0.0 0.04 5.0 31.0 8:30a WNW
29 13.4 18.1 2:00p 8.6 4:45a 51.6 0.0 0.00 1.2 11.0 9:45p N
30 17.9 25.8 4:15p 13.3 10:45p 47.1 0.0 0.00 3.6 18.0 5:30a NE
31 20.4 31.8 3:15p 7.9 7:45a 44.6 0.0 0.00 2.4 19.0 1:45p WSW
-------------------------------------------------------------------------------------
26.3 51.0 16 2.0 10 1200.0 0.0 1.64 2.9 31.0 28 W
Max >= 90.0: 0
Max <= 32.0: 15
Min <= 32.0: 26
Min <= 0.0: 0
Max Rain: 0.80 ON 01/24/10
Days of Rain: 9 (>.01 in) 3 (>.1 in) 0 (>1 in)
Heat Base: 65.0 Cool Base: 65.0 Method: Integration
|