2024: Jan | Feb | Mar | Apr | May | Jun | Jul | Aug | Sep | Oct | Nov | Dec
2023: Jan | Feb | Mar | Apr | May | Jun | Jul | Aug | Sep | Oct | Nov | Dec
2022: Jan | Feb | Mar | Apr | May | Jun | Jul | Aug | Sep | Oct | Nov | Dec
2021: Jan | Feb | Mar | Apr | May | Jun | Jul | Aug | Sep | Oct | Nov | Dec
2020: Jan | Feb | Mar | Apr | May | Jun | Jul | Aug | Sep | Oct | Nov | Dec
2019: Jan | Feb | Mar | Apr | May | Jun | Jul | Aug | Sep | Oct | Nov | Dec
2018: Jan | Feb | Mar | Apr | May | Jun | Jul | Aug | Sep | Oct | Nov | Dec
2017: Jan | Feb | Mar | Apr | May | Jun | Jul | Aug | Sep | Oct | Nov | Dec
2016: Jan | Feb | Mar | Apr | May | Jun | Jul | Aug | Sep | Oct | Nov | Dec
2015: Jan | Feb | Mar | Apr | May | Jun | Jul | Aug | Sep | Oct | Nov | Dec
2014: Jan | Feb | Mar | Apr | May | Jun | Jul | Aug | Sep | Oct | Nov | Dec
2013: Jan | Feb | Mar | Apr | May | Jun | Jul | Aug | Sep | Oct | Nov | Dec
2012: Jan | Feb | Mar | Apr | May | Jun | Jul | Aug | Sep | Oct | Nov | Dec
2011: Jan | Feb | Mar | Apr | May | Jun | Jul | Aug | Sep | Oct | Nov | Dec
2010: Jan | Feb | Mar | Apr | May | Jun | Jul | Aug | Sep | Oct | Nov | Dec
2009: Jan | Feb | Mar | Apr | May | Jun | Jul | Aug | Sep | Oct | Nov | Dec
2008: Jan | Feb | Mar | Apr | May | Jun | Jul | Aug | Sep | Oct | Nov | Dec
2007: Jan | Feb | Mar | Apr | May | Jun | Jul | Aug | Sep | Oct | Nov | Dec
2006: Jan | Feb | Mar | Apr | May | Jun | Jul | Aug | Sep | Oct | Nov | Dec
2005: Jan | Feb | Mar | Apr | May | Jun | Jul | Aug | Sep | Oct | Nov | Dec
2004: Jan | Feb | Mar | Apr | May | Jun | Jul | Aug | Sep | Oct | Nov | Dec
2003: Jan | Feb | Mar | Apr | May | Jun | Jul | Aug | Sep | Oct | Nov | Dec
Report for 2010 02
MONTHLY CLIMATOLOGICAL SUMMARY for FEB. 2010
NAME: Station1 CITY: Lancaster STATE: Ohio
ELEV: 958 ft LAT: 39° 45' 15" N LONG: 82° 34' 05" W
TEMPERATURE (°F), RAIN (in), WIND SPEED (mph)
HEAT COOL AVG
MEAN DEG DEG WIND DOM
DAY TEMP HIGH TIME LOW TIME DAYS DAYS RAIN SPEED HIGH TIME DIR
------------------------------------------------------------------------------------
1 26.0 37.5 2:45p 14.1 7:15a 39.0 0.0 0.00 0.2 10.0 1:00p N
2 35.2 44.6 3:15p 28.4 7:15a 29.8 0.0 0.00 0.3 11.0 12:00m ENE
3 33.7 36.8 12:15a 31.9 10:15p 31.3 0.0 0.00 2.0 14.0 2:45a W
4 31.8 39.3 4:00p 23.5 5:00a 33.2 0.0 0.00 0.8 10.0 10:30a ENE
5 33.0 34.1 9:45a 31.9 10:30a 32.0 0.0 0.62 3.0 19.0 4:30p ENE
6 25.9 32.5 12:15a 12.3 12:00m 39.1 0.0 0.26 2.2 12.0 10:15a NNE
7 16.7 26.1 1:15p 7.7 2:30a 48.3 0.0 0.02 0.0 3.0 3:30p NE
8 16.2 26.4 2:00p 3.9 4:45a 48.8 0.0 0.00 0.2 6.0 4:30p E
9 26.4 33.7 6:30p 19.2 12:00m 38.6 0.0 0.21 2.6 29.0 12:00m E
10 19.1 26.0 12:00m 10.2 5:45a 45.9 0.0 0.03 5.9 28.0 12:15a SW
11 24.4 26.7 3:15p 16.7 12:00m 40.6 0.0 0.01 3.0 19.0 11:30a SW
12 20.7 27.8 2:45p 11.4 2:30a 44.3 0.0 0.00 0.4 8.0 2:00p WSW
13 23.7 29.1 12:30p 19.7 7:15a 41.3 0.0 0.00 3.3 22.0 3:00p WSW
14 22.1 30.4 4:30p 14.3 12:00m 42.9 0.0 0.00 3.0 19.0 1:30p WSW
15 20.7 27.8 1:15p 11.2 2:45a 44.3 0.0 0.20 2.3 24.0 2:45p SSW
16 23.8 26.4 2:15p 20.5 7:45a 41.2 0.0 0.07 6.2 27.0 11:30a WSW
17 27.2 29.8 7:15p 24.5 12:15a 37.8 0.0 0.02 4.5 21.0 9:30p W
18 30.1 33.2 4:00p 26.9 5:45a 34.9 0.0 0.00 5.1 21.0 2:45p WSW
19 27.7 38.2 3:45p 17.8 7:45a 37.3 0.0 0.00 2.0 17.0 3:00p WSW
20 29.5 41.5 2:00p 15.1 4:15a 35.5 0.0 0.00 0.4 12.0 12:00p WSW
21 37.6 43.3 11:30a 32.8 1:15a 27.4 0.0 0.00 0.1 6.0 3:45p ENE
22 38.2 42.9 1:45p 34.3 11:30p 26.8 0.0 0.17 1.7 17.0 2:00p W
23 34.3 36.6 4:00p 32.8 12:00m 30.7 0.0 0.00 0.5 10.0 12:15a WNW
24 31.5 36.6 2:45p 23.0 12:00m 33.5 0.0 0.06 1.4 17.0 9:45p NNW
25 24.5 31.8 1:30p 20.3 6:30a 40.5 0.0 0.03 4.3 24.0 5:30p WNW
26 26.3 28.2 12:00p 25.4 12:45a 38.7 0.0 0.27 6.7 25.0 4:00a W
27 29.5 32.5 2:30p 26.3 12:15a 35.5 0.0 0.07 3.6 18.0 3:15p W
28 34.3 40.2 2:15p 30.3 12:15a 30.4 0.0 0.00 1.7 13.0 10:00a NW
-------------------------------------------------------------------------------------
27.5 44.6 2 3.9 8 1049.6 0.0 2.04 2.4 29.0 9 WSW
Max >= 90.0: 0
Max <= 32.0: 12
Min <= 32.0: 25
Min <= 0.0: 0
Max Rain: 0.62 ON 02/05/10
Days of Rain: 13 (>.01 in) 6 (>.1 in) 0 (>1 in)
Heat Base: 65.0 Cool Base: 65.0 Method: Integration
|