Weather Information | Photos of Local Events | Personal Weather Stations Links | Lancaster Links | Site Map

NOAA Report Archive
(Reports Generated by WeatherLink)
2017: Jan | Feb | Mar | Apr | May | Jun | Jul | Aug | Sep | Oct | Nov | Dec 
2016: Jan | Feb | Mar | Apr | May | Jun | Jul | Aug | Sep | Oct | Nov | Dec 
2015: Jan | Feb | Mar | Apr | May | Jun | Jul | Aug | Sep | Oct | Nov | Dec 
2014: Jan | Feb | Mar | Apr | May | Jun | Jul | Aug | Sep | Oct | Nov | Dec 
2013: Jan | Feb | Mar | Apr | May | Jun | Jul | Aug | Sep | Oct | Nov | Dec 
2012: Jan | Feb | Mar | Apr | May | Jun | Jul | Aug | Sep | Oct | Nov | Dec 
2011: Jan | Feb | Mar | Apr | May | Jun | Jul | Aug | Sep | Oct | Nov | Dec 
2010: Jan | Feb | Mar | Apr | May | Jun | Jul | Aug | Sep | Oct | Nov | Dec 
2009: Jan | Feb | Mar | Apr | May | Jun | Jul | Aug | Sep | Oct | Nov | Dec 
2008: Jan | Feb | Mar | Apr | May | Jun | Jul | Aug | Sep | Oct | Nov | Dec 
2007: Jan | Feb | Mar | Apr | May | Jun | Jul | Aug | Sep | Oct | Nov | Dec 
2006: Jan | Feb | Mar | Apr | May | Jun | Jul | Aug | Sep | Oct | Nov | Dec 
2005: Jan | Feb | Mar | Apr | May | Jun | Jul | Aug | Sep | Oct | Nov | Dec 
2004: Jan | Feb | Mar | Apr | May | Jun | Jul | Aug | Sep | Oct | Nov | Dec 
2003: Jan | Feb | Mar | Apr | May | Jun | Jul | Aug | Sep | Oct | Nov | Dec 

Report for 2010 03
MONTHLY CLIMATOLOGICAL SUMMARY for MAR. 2010 NAME: Station1 CITY: Lancaster STATE: Ohio ELEV: 958 ft LAT: 39 45' 15" N LONG: 82 34' 05" W TEMPERATURE (F), RAIN (in), WIND SPEED (mph) HEAT COOL AVG MEAN DEG DEG WIND DOM DAY TEMP HIGH TIME LOW TIME DAYS DAYS RAIN SPEED HIGH TIME DIR ------------------------------------------------------------------------------------ 1 35.5 40.8 2:45p 30.7 12:00m 29.5 0.0 0.00 1.1 11.0 4:00p W 2 28.9 32.5 1:30p 24.4 5:00a 36.1 0.0 0.00 2.2 13.0 5:00p N 3 31.6 36.8 1:00p 28.8 8:30a 33.4 0.0 0.00 3.1 12.0 4:45a NNW 4 31.8 41.1 1:30p 22.7 7:15a 33.2 0.0 0.00 2.5 17.0 2:00p NNW 5 30.0 41.6 3:30p 20.2 7:15a 35.0 0.0 0.00 1.3 11.0 8:30a NNW 6 30.0 43.5 3:45p 19.5 6:15a 35.0 0.0 0.00 0.7 8.0 8:45a N 7 33.8 48.6 4:45p 19.1 6:30a 31.2 0.0 0.00 0.8 12.0 1:45p SW 8 42.8 55.0 2:15p 32.5 12:00m 22.2 0.0 0.00 0.6 11.0 12:15a NNE 9 46.7 65.0 3:15p 28.2 6:45a 18.3 0.0 0.00 0.5 12.0 2:15p NNE 10 51.5 63.9 4:30p 41.2 5:00a 13.5 0.0 0.03 1.1 18.0 12:00p S 11 54.7 69.4 12:45p 38.8 4:45a 10.9 0.5 0.02 1.1 16.0 11:45a S 12 58.7 70.4 4:00p 49.6 7:15a 7.1 0.8 0.17 2.6 20.0 9:00p E 13 47.5 51.9 12:15a 41.9 12:00m 17.5 0.0 0.40 2.5 19.0 4:00p ENE 14 44.4 48.9 1:30p 41.3 12:00m 19.8 0.0 0.04 2.1 12.0 2:30a N 15 41.6 45.8 3:15p 38.5 6:00a 23.4 0.0 0.00 5.1 18.0 4:30p NNW 16 49.7 61.2 4:00p 41.5 12:15a 15.3 0.0 0.00 1.6 14.0 12:00p N 17 48.5 64.7 5:00p 31.3 7:15a 16.5 0.0 0.00 0.5 10.0 3:00p NNE 18 49.2 65.6 5:45p 30.6 7:30a 15.8 0.0 0.00 1.1 14.0 1:45p WSW 19 50.6 66.4 4:30p 33.4 7:45a 14.4 0.1 0.00 2.4 20.0 4:45p WSW 20 54.1 69.6 4:30p 37.0 7:45a 11.6 0.7 0.00 1.3 19.0 2:30p SW 21 54.7 72.3 2:45p 39.6 7:45a 11.6 1.3 0.00 1.6 14.0 7:15p NNE 22 47.1 53.1 12:15a 38.3 11:30p 17.9 0.0 0.44 3.5 24.0 7:15p NNE 23 40.2 47.1 6:30p 36.3 11:45p 24.8 0.0 0.03 3.4 21.0 2:00a WNW 24 47.0 62.9 4:30p 29.7 7:00a 18.1 0.0 0.00 0.4 11.0 2:15p W 25 48.2 62.4 1:00p 36.2 12:00m 16.8 0.0 0.51 2.8 27.0 1:15p NNE 26 34.2 44.2 5:00p 28.4 8:00a 30.8 0.0 0.04 6.8 27.0 6:15a N 27 41.0 59.5 5:15p 22.9 6:30a 24.0 0.0 0.00 1.6 14.0 3:45p E 28 49.6 57.8 3:45p 42.5 8:30a 15.3 0.0 0.16 4.8 25.0 12:00p SE 29 45.7 49.9 3:30p 42.2 12:00m 19.3 0.0 0.04 3.8 17.0 4:00p N 30 45.3 59.0 5:45p 33.4 7:30a 19.7 0.0 0.01 2.1 13.0 4:00p N 31 51.5 72.5 6:15p 29.7 7:15a 14.7 1.2 0.00 1.4 16.0 2:00p SSW ------------------------------------------------------------------------------------- 44.1 72.5 31 19.1 7 652.7 4.6 1.89 2.1 27.0 25 N Max >= 90.0: 0 Max <= 32.0: 0 Min <= 32.0: 14 Min <= 0.0: 0 Max Rain: 0.51 ON 03/25/10 Days of Rain: 11 (>.01 in) 5 (>.1 in) 0 (>1 in) Heat Base: 65.0 Cool Base: 65.0 Method: Integration
 
USA Weather Finder