Weather Information | Photos of Local Events | Personal Weather Stations Links | Lancaster Links | Site Map

NOAA Report Archive
(Reports Generated by WeatherLink)
2017: Jan | Feb | Mar | Apr | May | Jun | Jul | Aug | Sep | Oct | Nov | Dec 
2016: Jan | Feb | Mar | Apr | May | Jun | Jul | Aug | Sep | Oct | Nov | Dec 
2015: Jan | Feb | Mar | Apr | May | Jun | Jul | Aug | Sep | Oct | Nov | Dec 
2014: Jan | Feb | Mar | Apr | May | Jun | Jul | Aug | Sep | Oct | Nov | Dec 
2013: Jan | Feb | Mar | Apr | May | Jun | Jul | Aug | Sep | Oct | Nov | Dec 
2012: Jan | Feb | Mar | Apr | May | Jun | Jul | Aug | Sep | Oct | Nov | Dec 
2011: Jan | Feb | Mar | Apr | May | Jun | Jul | Aug | Sep | Oct | Nov | Dec 
2010: Jan | Feb | Mar | Apr | May | Jun | Jul | Aug | Sep | Oct | Nov | Dec 
2009: Jan | Feb | Mar | Apr | May | Jun | Jul | Aug | Sep | Oct | Nov | Dec 
2008: Jan | Feb | Mar | Apr | May | Jun | Jul | Aug | Sep | Oct | Nov | Dec 
2007: Jan | Feb | Mar | Apr | May | Jun | Jul | Aug | Sep | Oct | Nov | Dec 
2006: Jan | Feb | Mar | Apr | May | Jun | Jul | Aug | Sep | Oct | Nov | Dec 
2005: Jan | Feb | Mar | Apr | May | Jun | Jul | Aug | Sep | Oct | Nov | Dec 
2004: Jan | Feb | Mar | Apr | May | Jun | Jul | Aug | Sep | Oct | Nov | Dec 
2003: Jan | Feb | Mar | Apr | May | Jun | Jul | Aug | Sep | Oct | Nov | Dec 

Report for 2010 04
MONTHLY CLIMATOLOGICAL SUMMARY for APR. 2010 NAME: Station1 CITY: Lancaster STATE: Ohio ELEV: 958 ft LAT: 39 45' 15" N LONG: 82 34' 05" W TEMPERATURE (F), RAIN (in), WIND SPEED (mph) HEAT COOL AVG MEAN DEG DEG WIND DOM DAY TEMP HIGH TIME LOW TIME DAYS DAYS RAIN SPEED HIGH TIME DIR ------------------------------------------------------------------------------------ 1 64.9 83.8 4:45p 44.3 5:15a 6.4 6.3 0.00 3.1 25.0 4:15p SSW 2 67.4 86.7 4:45p 47.9 7:00a 5.0 7.4 0.00 1.2 17.0 11:15a SSW 3 61.3 79.6 1:15p 45.7 12:00m 6.1 2.4 0.00 4.1 39.0 2:30p SSW 4 57.7 75.6 4:00p 38.5 6:45a 10.0 2.7 0.00 1.3 16.0 11:30a SSW 5 68.9 81.6 4:45p 53.8 1:00a 1.9 5.8 0.20 4.1 26.0 10:45a W 6 73.6 85.9 5:30p 60.9 5:30a 0.8 9.3 0.00 6.7 32.0 4:30p SSW 7 73.9 79.4 4:30p 68.6 12:00m 0.0 8.9 0.01 7.3 31.0 5:00a SSW 8 55.2 69.1 2:45a 43.1 12:00m 10.4 0.5 0.11 4.1 25.0 5:45a SSW 9 43.8 53.3 4:45p 35.0 5:45a 21.2 0.0 0.00 3.7 26.0 5:00p WNW 10 48.0 67.4 5:15p 27.2 7:00a 17.2 0.2 0.00 1.4 16.0 2:00p SSW 11 56.2 74.0 4:15p 35.9 6:45a 11.2 2.4 0.00 0.8 11.0 12:30p WSW 12 57.1 70.9 4:45p 41.6 5:45a 8.9 1.0 0.00 0.8 11.0 10:00a NNE 13 55.4 65.6 5:00p 48.2 7:30a 9.7 0.0 0.00 2.8 17.0 2:15p ENE 14 56.6 74.2 5:30p 41.3 7:30a 9.9 1.5 0.00 0.6 12.0 10:45a E 15 65.1 84.9 3:45p 42.2 6:45a 7.1 7.2 0.00 1.1 17.0 12:15p SW 16 66.6 77.4 1:00p 53.3 12:00m 1.7 3.3 0.17 4.7 32.0 4:30p SW 17 48.7 56.6 6:00p 38.2 6:45a 16.3 0.0 0.00 3.5 24.0 1:45p NW 18 47.3 59.0 3:15p 35.3 5:45a 17.7 0.0 0.00 1.2 14.0 1:00p NNW 19 48.0 64.7 5:00p 29.7 7:00a 17.0 0.0 0.00 0.7 13.0 4:15p N 20 52.5 68.1 5:30p 37.6 6:45a 12.8 0.3 0.00 0.2 10.0 3:30p NNE 21 54.1 70.6 5:15p 35.6 7:00a 11.9 1.0 0.00 0.9 18.0 5:15p W 22 56.1 73.0 2:45p 37.8 6:15a 10.8 1.9 0.00 1.5 24.0 2:30p W 23 59.2 75.3 2:45p 45.2 6:00a 7.7 2.0 0.00 0.4 17.0 5:45p SW 24 62.2 71.8 1:15p 56.9 3:30a 3.8 1.0 0.36 0.9 12.0 12:15p E 25 62.5 73.0 12:00p 56.6 10:30p 4.1 1.5 0.56 2.8 28.0 2:15p SSW 26 52.5 56.6 12:15a 48.2 12:00m 12.5 0.0 0.27 3.5 25.0 6:45p SSW 27 46.5 57.6 4:00p 34.1 12:00m 18.5 0.0 0.00 2.9 19.0 12:30p N 28 45.8 62.3 6:00p 28.5 6:30a 19.2 0.0 0.00 0.8 14.0 6:15p N 29 54.3 73.0 5:30p 32.4 5:45a 12.1 1.4 0.00 1.1 18.0 12:00p S 30 67.5 83.6 5:00p 49.6 6:45a 4.0 6.5 0.00 3.2 29.0 2:45p SSW ------------------------------------------------------------------------------------- 57.6 86.7 2 27.2 10 295.9 74.5 1.68 2.4 39.0 3 SSW Max >= 90.0: 0 Max <= 32.0: 0 Min <= 32.0: 3 Min <= 0.0: 0 Max Rain: 0.56 ON 04/25/10 Days of Rain: 6 (>.01 in) 6 (>.1 in) 0 (>1 in) Heat Base: 65.0 Cool Base: 65.0 Method: Integration
 
USA Weather Finder