Weather Information | Photos of Local Events | Personal Weather Stations Links | Lancaster Links | Site Map

NOAA Report Archive
(Reports Generated by WeatherLink)
2017: Jan | Feb | Mar | Apr | May | Jun | Jul | Aug | Sep | Oct | Nov | Dec 
2016: Jan | Feb | Mar | Apr | May | Jun | Jul | Aug | Sep | Oct | Nov | Dec 
2015: Jan | Feb | Mar | Apr | May | Jun | Jul | Aug | Sep | Oct | Nov | Dec 
2014: Jan | Feb | Mar | Apr | May | Jun | Jul | Aug | Sep | Oct | Nov | Dec 
2013: Jan | Feb | Mar | Apr | May | Jun | Jul | Aug | Sep | Oct | Nov | Dec 
2012: Jan | Feb | Mar | Apr | May | Jun | Jul | Aug | Sep | Oct | Nov | Dec 
2011: Jan | Feb | Mar | Apr | May | Jun | Jul | Aug | Sep | Oct | Nov | Dec 
2010: Jan | Feb | Mar | Apr | May | Jun | Jul | Aug | Sep | Oct | Nov | Dec 
2009: Jan | Feb | Mar | Apr | May | Jun | Jul | Aug | Sep | Oct | Nov | Dec 
2008: Jan | Feb | Mar | Apr | May | Jun | Jul | Aug | Sep | Oct | Nov | Dec 
2007: Jan | Feb | Mar | Apr | May | Jun | Jul | Aug | Sep | Oct | Nov | Dec 
2006: Jan | Feb | Mar | Apr | May | Jun | Jul | Aug | Sep | Oct | Nov | Dec 
2005: Jan | Feb | Mar | Apr | May | Jun | Jul | Aug | Sep | Oct | Nov | Dec 
2004: Jan | Feb | Mar | Apr | May | Jun | Jul | Aug | Sep | Oct | Nov | Dec 
2003: Jan | Feb | Mar | Apr | May | Jun | Jul | Aug | Sep | Oct | Nov | Dec 

Report for 2010 05
MONTHLY CLIMATOLOGICAL SUMMARY for MAY. 2010 NAME: Station1 CITY: Lancaster STATE: Ohio ELEV: 958 ft LAT: 39 45' 15" N LONG: 82 34' 05" W TEMPERATURE (F), RAIN (in), WIND SPEED (mph) HEAT COOL AVG MEAN DEG DEG WIND DOM DAY TEMP HIGH TIME LOW TIME DAYS DAYS RAIN SPEED HIGH TIME DIR ------------------------------------------------------------------------------------ 1 64.7 70.6 5:00p 56.9 2:45a 1.8 1.5 0.05 1.1 16.0 5:00p SSW 2 64.8 68.1 1:45p 60.4 2:45a 1.0 0.9 0.93 2.0 25.0 1:00p S 3 68.7 77.0 5:00p 58.6 10:30p 0.6 4.2 0.01 2.3 20.0 4:45p WSW 4 63.5 77.2 5:30p 52.2 2:30a 4.8 3.3 0.02 1.5 18.0 1:15p WSW 5 67.6 84.1 5:00p 45.1 6:30a 5.7 8.3 0.00 3.4 26.0 5:30p SSW 6 64.3 73.7 5:15p 50.7 12:00m 3.2 2.4 0.02 0.9 20.0 12:15a NNW 7 66.8 86.3 5:15p 46.1 6:45a 6.4 8.2 0.00 3.6 32.0 5:30p SSW 8 51.9 77.6 12:15a 44.6 12:00m 13.2 0.1 0.17 5.7 35.0 1:30p WSW 9 47.4 59.2 4:45p 36.6 12:00m 17.6 0.0 0.00 1.9 20.0 10:30a NNW 10 49.6 63.9 3:30p 30.7 6:30a 15.4 0.0 0.00 0.5 11.0 3:30p NNE 11 56.7 70.4 7:15p 44.2 8:00a 9.6 1.2 0.71 3.2 26.0 11:15p SSW 12 59.2 65.5 12:15a 54.1 11:30p 5.8 0.0 0.48 0.6 13.0 1:45p NNE 13 67.4 83.8 4:00p 53.3 2:45a 4.4 6.8 0.00 3.2 27.0 4:00p SSW 14 73.3 81.1 2:45p 59.6 12:00m 0.2 8.5 0.00 3.3 22.0 5:00p SW 15 65.0 76.1 4:30p 50.2 6:45a 3.2 3.2 0.00 0.5 11.0 11:15p NNE 16 61.7 70.3 4:45p 55.0 6:45a 4.3 1.0 0.00 1.2 12.0 2:15p ENE 17 58.5 61.3 5:30p 54.5 6:00a 6.5 0.0 0.22 1.2 16.0 12:30p NE 18 59.8 64.5 12:15p 57.5 12:00m 5.2 0.0 0.10 0.2 8.0 12:15a S 19 58.5 65.5 4:30p 50.2 12:00m 6.5 0.0 0.00 0.8 11.0 2:15p N 20 62.4 77.9 3:45p 45.1 5:15a 6.7 4.1 0.00 0.1 7.0 11:45a E 21 63.6 68.9 1:45p 59.5 1:00a 1.8 0.4 0.31 0.1 12.0 1:30p E 22 66.9 75.6 6:15p 61.2 11:30p 1.1 3.0 0.46 1.8 17.0 6:15p SW 23 70.6 85.9 4:30p 55.0 6:00a 2.5 8.1 0.00 0.1 10.0 1:45p N 24 71.2 82.4 4:00p 59.8 4:30a 1.3 7.5 0.00 0.9 13.0 4:15p ENE 25 71.6 83.0 5:15p 58.6 6:15a 1.2 7.8 0.00 0.2 10.0 12:15p E 26 75.3 89.9 5:30p 60.1 5:45a 1.0 11.2 0.00 0.4 12.0 11:30a NNE 27 74.1 90.7 3:45p 59.9 6:00a 0.8 9.9 0.28 0.2 27.0 4:15p NNE 28 75.0 87.2 4:45p 66.3 2:45a 0.0 10.0 0.17 0.5 12.0 6:00p N 29 76.4 90.1 4:45p 62.6 6:30a 0.2 11.6 0.00 0.1 8.0 3:45p NNE 30 76.2 92.3 4:30p 59.6 6:30a 0.9 12.1 0.00 0.2 11.0 12:15p SSW 31 73.6 84.0 4:30p 67.3 3:45a 0.0 8.6 0.29 1.5 26.0 9:00p SSW ------------------------------------------------------------------------------------- 65.4 92.3 30 30.7 10 132.9 143.9 4.22 1.4 35.0 8 SSW Max >= 90.0: 3 Max <= 32.0: 0 Min <= 32.0: 1 Min <= 0.0: 0 Max Rain: 0.93 ON 05/02/10 Days of Rain: 14 (>.01 in) 10 (>.1 in) 0 (>1 in) Heat Base: 65.0 Cool Base: 65.0 Method: Integration
 
USA Weather Finder