2024: Jan | Feb | Mar | Apr | May | Jun | Jul | Aug | Sep | Oct | Nov | Dec
2023: Jan | Feb | Mar | Apr | May | Jun | Jul | Aug | Sep | Oct | Nov | Dec
2022: Jan | Feb | Mar | Apr | May | Jun | Jul | Aug | Sep | Oct | Nov | Dec
2021: Jan | Feb | Mar | Apr | May | Jun | Jul | Aug | Sep | Oct | Nov | Dec
2020: Jan | Feb | Mar | Apr | May | Jun | Jul | Aug | Sep | Oct | Nov | Dec
2019: Jan | Feb | Mar | Apr | May | Jun | Jul | Aug | Sep | Oct | Nov | Dec
2018: Jan | Feb | Mar | Apr | May | Jun | Jul | Aug | Sep | Oct | Nov | Dec
2017: Jan | Feb | Mar | Apr | May | Jun | Jul | Aug | Sep | Oct | Nov | Dec
2016: Jan | Feb | Mar | Apr | May | Jun | Jul | Aug | Sep | Oct | Nov | Dec
2015: Jan | Feb | Mar | Apr | May | Jun | Jul | Aug | Sep | Oct | Nov | Dec
2014: Jan | Feb | Mar | Apr | May | Jun | Jul | Aug | Sep | Oct | Nov | Dec
2013: Jan | Feb | Mar | Apr | May | Jun | Jul | Aug | Sep | Oct | Nov | Dec
2012: Jan | Feb | Mar | Apr | May | Jun | Jul | Aug | Sep | Oct | Nov | Dec
2011: Jan | Feb | Mar | Apr | May | Jun | Jul | Aug | Sep | Oct | Nov | Dec
2010: Jan | Feb | Mar | Apr | May | Jun | Jul | Aug | Sep | Oct | Nov | Dec
2009: Jan | Feb | Mar | Apr | May | Jun | Jul | Aug | Sep | Oct | Nov | Dec
2008: Jan | Feb | Mar | Apr | May | Jun | Jul | Aug | Sep | Oct | Nov | Dec
2007: Jan | Feb | Mar | Apr | May | Jun | Jul | Aug | Sep | Oct | Nov | Dec
2006: Jan | Feb | Mar | Apr | May | Jun | Jul | Aug | Sep | Oct | Nov | Dec
2005: Jan | Feb | Mar | Apr | May | Jun | Jul | Aug | Sep | Oct | Nov | Dec
2004: Jan | Feb | Mar | Apr | May | Jun | Jul | Aug | Sep | Oct | Nov | Dec
2003: Jan | Feb | Mar | Apr | May | Jun | Jul | Aug | Sep | Oct | Nov | Dec
Report for 2010 06
MONTHLY CLIMATOLOGICAL SUMMARY for JUN. 2010
NAME: Station1 CITY: Lancaster STATE: Ohio
ELEV: 958 ft LAT: 39° 45' 15" N LONG: 82° 34' 05" W
TEMPERATURE (°F), RAIN (in), WIND SPEED (mph)
HEAT COOL AVG
MEAN DEG DEG WIND DOM
DAY TEMP HIGH TIME LOW TIME DAYS DAYS RAIN SPEED HIGH TIME DIR
------------------------------------------------------------------------------------
1 72.2 82.4 5:15p 64.7 6:15a 0.0 7.2 0.01 0.7 12.0 4:15a W
2 72.7 87.2 3:15p 61.2 5:30a 0.7 8.5 0.26 2.4 29.0 8:45p SSW
3 71.8 82.8 4:45p 63.5 5:45a 0.2 7.0 0.06 0.8 17.0 9:45a SW
4 76.0 87.2 3:45p 66.0 4:15a 0.0 11.0 0.01 2.3 27.0 8:45p SSW
5 75.5 81.8 2:45p 69.9 10:15a 0.0 10.5 0.91 3.4 20.0 8:30a SSW
6 72.4 76.3 2:00a 61.6 12:00m 0.1 7.5 0.09 4.6 29.0 4:00a SSW
7 64.5 74.9 4:15p 54.7 12:00m 3.5 3.0 0.00 0.8 12.0 2:15p N
8 62.4 74.7 2:30p 47.7 5:45a 5.4 2.8 0.03 0.1 8.0 12:15p E
9 67.4 80.5 6:15p 57.8 2:00a 2.1 4.5 0.45 2.6 21.0 1:15p SSW
10 71.9 84.5 4:30p 57.8 4:45a 1.6 8.5 0.00 1.1 16.0 12:30p WSW
11 69.3 83.4 4:15p 59.5 6:30a 1.4 5.7 0.10 0.3 22.0 4:30p S
12 74.1 81.4 10:15a 67.6 2:45a 0.0 9.1 0.11 1.1 18.0 12:30p SW
13 75.3 84.0 5:45p 68.8 4:00a 0.0 10.3 0.08 1.3 18.0 12:15a WSW
14 76.1 87.6 4:15p 65.5 5:45a 0.0 11.1 0.06 1.0 18.0 9:30p WSW
15 78.6 89.3 3:45p 70.1 2:00a 0.0 13.6 0.40 0.4 27.0 11:45p SW
16 75.5 85.1 3:30p 65.6 12:00m 0.0 10.5 0.02 3.0 24.0 2:00p SW
17 72.4 83.2 4:45p 59.9 6:15a 0.7 8.2 0.00 0.5 12.0 2:00p N
18 74.2 86.7 4:00p 59.5 6:15a 1.0 10.1 0.00 0.4 12.0 4:00p SSW
19 77.0 88.6 4:15p 67.4 6:30a 0.0 12.0 0.00 0.9 16.0 10:00a SSW
20 76.6 89.5 4:45p 62.6 5:45a 0.2 11.8 0.00 0.4 13.0 11:45a NNW
21 75.3 89.3 1:30p 63.9 6:15a 0.1 10.4 0.00 0.2 22.0 3:15p E
22 76.8 89.3 4:00p 67.8 4:45a 0.0 11.8 0.12 1.9 21.0 4:15p SW
23 81.7 92.7 2:30p 67.9 6:30a 0.0 16.7 0.00 1.9 21.0 3:00p SW
24 79.2 86.7 5:30p 68.9 11:15p 0.0 14.2 0.00 2.2 18.0 12:30p SW
25 76.5 89.3 5:15p 62.9 6:00a 0.1 11.6 0.00 0.1 10.0 12:15p SW
26 77.2 89.9 4:30p 62.3 6:00a 0.4 12.6 0.79 1.8 19.0 4:15p SSW
27 78.0 91.6 3:30p 68.4 12:00m 0.0 13.0 0.95 2.5 30.0 4:00p SSW
28 74.9 84.3 5:45p 68.4 12:15a 0.0 9.9 0.26 3.0 25.0 2:15p SSW
29 70.1 79.0 1:30p 59.8 12:00m 0.9 5.9 0.00 1.1 13.0 2:00p NNE
30 65.9 78.3 4:30p 51.6 6:15a 3.9 4.8 0.00 0.4 11.0 1:30p N
-------------------------------------------------------------------------------------
73.7 92.7 23 47.7 8 22.3 283.8 4.71 1.4 30.0 27 SSW
Max >= 90.0: 2
Max <= 32.0: 0
Min <= 32.0: 0
Min <= 0.0: 0
Max Rain: 0.95 ON 06/27/10
Days of Rain: 16 (>.01 in) 9 (>.1 in) 0 (>1 in)
Heat Base: 65.0 Cool Base: 65.0 Method: Integration
|