2024: Jan | Feb | Mar | Apr | May | Jun | Jul | Aug | Sep | Oct | Nov | Dec
2023: Jan | Feb | Mar | Apr | May | Jun | Jul | Aug | Sep | Oct | Nov | Dec
2022: Jan | Feb | Mar | Apr | May | Jun | Jul | Aug | Sep | Oct | Nov | Dec
2021: Jan | Feb | Mar | Apr | May | Jun | Jul | Aug | Sep | Oct | Nov | Dec
2020: Jan | Feb | Mar | Apr | May | Jun | Jul | Aug | Sep | Oct | Nov | Dec
2019: Jan | Feb | Mar | Apr | May | Jun | Jul | Aug | Sep | Oct | Nov | Dec
2018: Jan | Feb | Mar | Apr | May | Jun | Jul | Aug | Sep | Oct | Nov | Dec
2017: Jan | Feb | Mar | Apr | May | Jun | Jul | Aug | Sep | Oct | Nov | Dec
2016: Jan | Feb | Mar | Apr | May | Jun | Jul | Aug | Sep | Oct | Nov | Dec
2015: Jan | Feb | Mar | Apr | May | Jun | Jul | Aug | Sep | Oct | Nov | Dec
2014: Jan | Feb | Mar | Apr | May | Jun | Jul | Aug | Sep | Oct | Nov | Dec
2013: Jan | Feb | Mar | Apr | May | Jun | Jul | Aug | Sep | Oct | Nov | Dec
2012: Jan | Feb | Mar | Apr | May | Jun | Jul | Aug | Sep | Oct | Nov | Dec
2011: Jan | Feb | Mar | Apr | May | Jun | Jul | Aug | Sep | Oct | Nov | Dec
2010: Jan | Feb | Mar | Apr | May | Jun | Jul | Aug | Sep | Oct | Nov | Dec
2009: Jan | Feb | Mar | Apr | May | Jun | Jul | Aug | Sep | Oct | Nov | Dec
2008: Jan | Feb | Mar | Apr | May | Jun | Jul | Aug | Sep | Oct | Nov | Dec
2007: Jan | Feb | Mar | Apr | May | Jun | Jul | Aug | Sep | Oct | Nov | Dec
2006: Jan | Feb | Mar | Apr | May | Jun | Jul | Aug | Sep | Oct | Nov | Dec
2005: Jan | Feb | Mar | Apr | May | Jun | Jul | Aug | Sep | Oct | Nov | Dec
2004: Jan | Feb | Mar | Apr | May | Jun | Jul | Aug | Sep | Oct | Nov | Dec
2003: Jan | Feb | Mar | Apr | May | Jun | Jul | Aug | Sep | Oct | Nov | Dec
Report for 2010 07
MONTHLY CLIMATOLOGICAL SUMMARY for JUL. 2010
NAME: Station1 CITY: Lancaster STATE: Ohio
ELEV: 958 ft LAT: 39° 45' 15" N LONG: 82° 34' 05" W
TEMPERATURE (°F), RAIN (in), WIND SPEED (mph)
HEAT COOL AVG
MEAN DEG DEG WIND DOM
DAY TEMP HIGH TIME LOW TIME DAYS DAYS RAIN SPEED HIGH TIME DIR
------------------------------------------------------------------------------------
1 65.5 79.9 5:45p 48.8 6:15a 4.7 5.2 0.00 0.2 12.0 1:30p NNE
2 65.2 80.7 4:45p 48.2 6:45a 4.9 5.1 0.00 0.2 10.0 12:00p NNE
3 69.4 87.6 4:45p 50.1 6:15a 4.0 8.4 0.00 0.1 10.0 4:15p S
4 76.8 91.8 5:00p 59.9 4:00a 1.3 13.1 0.00 1.0 13.0 2:15p SW
5 80.4 92.5 4:30p 66.6 6:30a 0.0 15.4 0.00 0.6 13.0 2:15p SSW
6 80.9 94.3 3:45p 66.3 6:45a 0.0 15.9 0.00 0.1 11.0 3:15p SW
7 81.4 95.1 5:15p 66.9 6:30a 0.0 16.4 0.00 0.1 11.0 2:00p WNW
8 81.3 94.5 1:30p 67.6 5:30a 0.0 16.3 0.00 0.4 16.0 9:45p SSW
9 74.7 81.8 12:15p 68.8 12:00m 0.0 9.7 0.36 0.1 10.0 12:30p W
10 75.2 87.8 4:30p 60.1 6:45a 0.4 10.6 0.00 0.1 8.0 6:30p NNE
11 76.8 88.4 2:15p 66.0 3:30a 0.0 11.8 0.00 0.6 13.0 2:15p SW
12 73.3 85.3 4:00p 67.4 8:45a 0.0 8.3 1.07 0.5 18.0 5:15p SSW
13 71.5 76.3 11:45a 66.9 12:00m 0.0 6.5 0.17 0.0 7.0 6:15p WSW
14 75.4 88.8 3:30p 64.0 5:45a 0.1 10.5 0.00 0.1 12.0 2:00p W
15 78.9 91.0 3:30p 66.6 6:15a 0.0 13.9 0.00 0.6 13.0 7:00p SSW
16 79.8 89.7 4:45p 70.9 12:00m 0.0 14.8 0.07 0.7 13.0 5:00p SW
17 77.7 89.9 4:30p 64.5 6:15a 0.0 12.7 0.00 1.6 19.0 4:45p SW
18 77.0 88.8 2:15p 68.9 10:45p 0.0 12.0 0.45 0.5 27.0 5:15p SW
19 77.2 87.4 5:45p 68.9 3:45a 0.0 12.2 0.01 0.8 17.0 4:30p WSW
20 77.9 86.3 5:30p 72.3 6:45a 0.0 12.9 0.00 1.4 19.0 2:15p SW
21 78.0 87.0 3:45p 72.5 12:00m 0.0 13.0 0.00 1.0 14.0 2:45p WSW
22 79.4 89.3 3:15p 66.0 6:45a 0.0 14.4 0.00 0.3 11.0 4:00p SSW
23 84.7 92.3 3:15p 77.7 12:45a 0.0 19.7 0.00 4.0 24.0 4:45p SSW
24 85.4 92.7 4:00p 77.9 5:15a 0.0 20.4 0.00 3.3 25.0 3:45p SSW
25 78.8 88.0 5:45p 68.3 12:00m 0.0 13.8 0.19 0.3 27.0 1:30p N
26 72.5 86.1 4:30p 58.9 6:45a 0.8 8.4 0.00 0.3 10.0 4:30p NNE
27 74.4 89.5 5:15p 60.1 6:45a 1.1 10.6 0.00 0.0 7.0 5:45p NNE
28 79.8 92.1 4:30p 68.6 2:00a 0.0 14.8 0.00 0.8 17.0 6:00p SW
29 77.3 86.5 2:30p 63.2 12:00m 0.0 12.4 0.00 0.6 12.0 3:00p N
30 70.6 84.7 4:45p 56.2 6:00a 2.2 7.8 0.00 0.1 8.0 1:30p SW
31 72.6 82.4 1:30p 65.8 6:30a 0.0 7.6 0.06 0.1 11.0 3:30p ENE
-------------------------------------------------------------------------------------
76.4 95.1 7 48.2 2 19.5 374.6 2.38 0.7 27.0 18 SW
Max >= 90.0: 9
Max <= 32.0: 0
Min <= 32.0: 0
Min <= 0.0: 0
Max Rain: 1.07 ON 07/12/10
Days of Rain: 7 (>.01 in) 5 (>.1 in) 1 (>1 in)
Heat Base: 65.0 Cool Base: 65.0 Method: Integration
|