2024: Jan | Feb | Mar | Apr | May | Jun | Jul | Aug | Sep | Oct | Nov | Dec
2023: Jan | Feb | Mar | Apr | May | Jun | Jul | Aug | Sep | Oct | Nov | Dec
2022: Jan | Feb | Mar | Apr | May | Jun | Jul | Aug | Sep | Oct | Nov | Dec
2021: Jan | Feb | Mar | Apr | May | Jun | Jul | Aug | Sep | Oct | Nov | Dec
2020: Jan | Feb | Mar | Apr | May | Jun | Jul | Aug | Sep | Oct | Nov | Dec
2019: Jan | Feb | Mar | Apr | May | Jun | Jul | Aug | Sep | Oct | Nov | Dec
2018: Jan | Feb | Mar | Apr | May | Jun | Jul | Aug | Sep | Oct | Nov | Dec
2017: Jan | Feb | Mar | Apr | May | Jun | Jul | Aug | Sep | Oct | Nov | Dec
2016: Jan | Feb | Mar | Apr | May | Jun | Jul | Aug | Sep | Oct | Nov | Dec
2015: Jan | Feb | Mar | Apr | May | Jun | Jul | Aug | Sep | Oct | Nov | Dec
2014: Jan | Feb | Mar | Apr | May | Jun | Jul | Aug | Sep | Oct | Nov | Dec
2013: Jan | Feb | Mar | Apr | May | Jun | Jul | Aug | Sep | Oct | Nov | Dec
2012: Jan | Feb | Mar | Apr | May | Jun | Jul | Aug | Sep | Oct | Nov | Dec
2011: Jan | Feb | Mar | Apr | May | Jun | Jul | Aug | Sep | Oct | Nov | Dec
2010: Jan | Feb | Mar | Apr | May | Jun | Jul | Aug | Sep | Oct | Nov | Dec
2009: Jan | Feb | Mar | Apr | May | Jun | Jul | Aug | Sep | Oct | Nov | Dec
2008: Jan | Feb | Mar | Apr | May | Jun | Jul | Aug | Sep | Oct | Nov | Dec
2007: Jan | Feb | Mar | Apr | May | Jun | Jul | Aug | Sep | Oct | Nov | Dec
2006: Jan | Feb | Mar | Apr | May | Jun | Jul | Aug | Sep | Oct | Nov | Dec
2005: Jan | Feb | Mar | Apr | May | Jun | Jul | Aug | Sep | Oct | Nov | Dec
2004: Jan | Feb | Mar | Apr | May | Jun | Jul | Aug | Sep | Oct | Nov | Dec
2003: Jan | Feb | Mar | Apr | May | Jun | Jul | Aug | Sep | Oct | Nov | Dec
Report for 2010 08
MONTHLY CLIMATOLOGICAL SUMMARY for AUG. 2010
NAME: Station1 CITY: Lancaster STATE: Ohio
ELEV: 958 ft LAT: 39° 45' 15" N LONG: 82° 34' 05" W
TEMPERATURE (°F), RAIN (in), WIND SPEED (mph)
HEAT COOL AVG
MEAN DEG DEG WIND DOM
DAY TEMP HIGH TIME LOW TIME DAYS DAYS RAIN SPEED HIGH TIME DIR
------------------------------------------------------------------------------------
1 74.2 89.3 5:30p 60.1 6:15a 0.9 10.0 0.00 0.2 8.0 1:45p NNE
2 76.7 91.4 4:15p 64.2 4:15a 0.1 11.8 0.00 0.0 8.0 1:45p SW
3 76.5 88.0 6:00p 69.6 5:15a 0.0 11.5 0.03 0.4 13.0 4:15p SSW
4 76.0 91.6 1:45p 70.4 6:00a 0.0 11.0 1.76 0.6 33.0 11:45p SSW
5 76.9 88.2 5:00p 69.6 4:45a 0.0 11.9 0.26 0.0 11.0 3:15p WSW
6 74.3 84.7 4:45p 62.6 12:00m 0.2 9.5 0.00 0.3 16.0 12:45p NNW
7 72.0 86.7 4:15p 57.5 7:00a 1.7 8.7 0.00 0.0 6.0 11:00a NNE
8 73.5 87.8 3:30p 58.4 6:45a 1.3 9.7 0.00 0.0 10.0 12:15p SSW
9 76.6 92.1 3:15p 61.8 6:45a 0.4 12.0 0.00 0.1 11.0 3:15p SSW
10 79.2 93.8 2:00p 69.8 6:45a 0.0 14.2 0.55 0.1 16.0 4:00p N
11 78.5 87.4 11:45a 72.8 6:45a 0.0 13.5 0.31 0.1 20.0 1:00p SSW
12 80.4 92.7 4:30p 71.8 4:15a 0.0 15.4 0.01 0.1 13.0 3:45p WSW
13 78.8 92.1 4:45p 66.4 7:00a 0.0 13.8 0.00 0.0 5.0 12:30p ENE
14 77.2 91.4 1:45p 71.6 6:00a 0.0 12.2 0.62 0.2 22.0 2:30p SSW
15 77.0 88.8 5:30p 71.5 3:45a 0.0 12.0 0.00 0.1 13.0 5:45p SW
16 76.1 85.9 4:00p 63.9 12:00m 0.0 11.2 0.00 0.1 11.0 8:30a WSW
17 70.6 85.5 3:00p 57.0 7:00a 1.9 7.5 0.00 0.0 6.0 2:30p N
18 71.4 85.7 6:15p 61.3 1:15a 1.0 7.4 0.00 0.0 7.0 2:30p NE
19 74.5 90.1 5:15p 59.3 6:45a 1.2 10.7 0.00 0.0 7.0 1:15p N
20 76.0 89.5 4:30p 62.4 7:00a 0.3 11.3 0.00 0.0 8.0 3:00p E
21 73.5 80.7 12:00p 66.9 4:00a 0.0 8.5 0.80 0.3 17.0 5:45p S
22 74.3 85.5 5:00p 67.4 12:00m 0.0 9.3 0.08 0.3 11.0 3:45p N
23 71.6 82.6 3:45p 63.1 2:30a 0.1 6.8 0.00 0.4 12.0 7:15p N
24 70.5 80.3 5:30p 65.0 7:00a 0.0 5.5 0.00 0.2 13.0 11:00a NNE
25 72.6 84.5 2:45p 61.5 3:45a 0.6 8.2 0.00 0.0 12.0 1:30p NNW
26 68.6 82.4 4:45p 55.6 7:15a 1.9 5.5 0.00 0.1 10.0 12:45p NNW
27 65.7 82.4 5:00p 50.7 7:00a 4.7 5.4 0.00 0.0 7.0 10:45a NNE
28 67.4 84.7 5:30p 50.1 7:00a 4.6 7.0 0.00 0.0 8.0 1:00p E
29 73.1 91.4 3:00p 56.5 7:00a 2.6 10.6 0.00 0.0 6.0 2:00p E
30 76.2 92.5 1:45p 61.0 7:15a 0.6 11.8 0.00 0.0 5.0 3:30p E
31 77.0 91.6 4:00p 62.3 7:15a 0.2 12.3 0.00 0.1 11.0 12:15p SSW
-------------------------------------------------------------------------------------
74.4 93.8 10 50.1 28 24.3 316.2 4.42 0.1 33.0 4 N
Max >= 90.0: 11
Max <= 32.0: 0
Min <= 32.0: 0
Min <= 0.0: 0
Max Rain: 1.76 ON 08/04/10
Days of Rain: 8 (>.01 in) 6 (>.1 in) 1 (>1 in)
Heat Base: 65.0 Cool Base: 65.0 Method: Integration
|