Weather Information | Photos of Local Events | Personal Weather Stations Links | Lancaster Links | Site Map

NOAA Report Archive
(Reports Generated by WeatherLink)
2017: Jan | Feb | Mar | Apr | May | Jun | Jul | Aug | Sep | Oct | Nov | Dec 
2016: Jan | Feb | Mar | Apr | May | Jun | Jul | Aug | Sep | Oct | Nov | Dec 
2015: Jan | Feb | Mar | Apr | May | Jun | Jul | Aug | Sep | Oct | Nov | Dec 
2014: Jan | Feb | Mar | Apr | May | Jun | Jul | Aug | Sep | Oct | Nov | Dec 
2013: Jan | Feb | Mar | Apr | May | Jun | Jul | Aug | Sep | Oct | Nov | Dec 
2012: Jan | Feb | Mar | Apr | May | Jun | Jul | Aug | Sep | Oct | Nov | Dec 
2011: Jan | Feb | Mar | Apr | May | Jun | Jul | Aug | Sep | Oct | Nov | Dec 
2010: Jan | Feb | Mar | Apr | May | Jun | Jul | Aug | Sep | Oct | Nov | Dec 
2009: Jan | Feb | Mar | Apr | May | Jun | Jul | Aug | Sep | Oct | Nov | Dec 
2008: Jan | Feb | Mar | Apr | May | Jun | Jul | Aug | Sep | Oct | Nov | Dec 
2007: Jan | Feb | Mar | Apr | May | Jun | Jul | Aug | Sep | Oct | Nov | Dec 
2006: Jan | Feb | Mar | Apr | May | Jun | Jul | Aug | Sep | Oct | Nov | Dec 
2005: Jan | Feb | Mar | Apr | May | Jun | Jul | Aug | Sep | Oct | Nov | Dec 
2004: Jan | Feb | Mar | Apr | May | Jun | Jul | Aug | Sep | Oct | Nov | Dec 
2003: Jan | Feb | Mar | Apr | May | Jun | Jul | Aug | Sep | Oct | Nov | Dec 

Report for 2010 09
MONTHLY CLIMATOLOGICAL SUMMARY for SEP. 2010 NAME: Station1 CITY: Lancaster STATE: Ohio ELEV: 958 ft LAT: 39 45' 15" N LONG: 82 34' 05" W TEMPERATURE (F), RAIN (in), WIND SPEED (mph) HEAT COOL AVG MEAN DEG DEG WIND DOM DAY TEMP HIGH TIME LOW TIME DAYS DAYS RAIN SPEED HIGH TIME DIR ------------------------------------------------------------------------------------ 1 76.2 91.2 2:30p 61.3 7:00a 0.5 11.7 0.00 0.5 16.0 12:30p SSW 2 79.1 94.9 5:00p 63.7 7:15a 0.0 14.1 0.00 1.0 16.0 1:30p SSW 3 72.1 82.2 5:15p 62.9 11:30p 0.1 7.2 0.07 1.3 20.0 12:30p WSW 4 62.3 72.1 5:30p 49.8 12:00m 4.0 1.3 0.00 1.6 20.0 2:00p WSW 5 58.8 75.6 5:00p 41.9 7:15a 8.9 2.7 0.00 0.2 12.0 1:15p SSW 6 64.9 84.0 3:30p 47.9 5:15a 6.2 6.1 0.00 0.2 13.0 1:15p SSW 7 72.7 91.6 3:45p 53.8 5:15a 2.8 10.6 0.18 2.0 22.0 4:00p SSW 8 67.9 79.2 4:45p 57.8 7:15a 1.6 4.5 0.00 1.1 21.0 1:15p WSW 9 61.0 74.9 4:45p 47.1 7:30a 6.1 2.1 0.00 0.4 11.0 5:00p NNW 10 60.1 75.8 3:15p 44.5 7:00a 7.6 2.7 0.00 0.1 10.0 12:00p E 11 63.2 77.0 3:00p 48.3 7:15a 5.2 3.5 0.00 0.3 14.0 8:45p E 12 66.5 79.6 5:00p 53.2 12:00m 2.7 4.2 0.00 0.8 17.0 12:15p NNW 13 69.7 86.5 4:00p 50.2 3:30a 3.2 7.4 0.00 0.6 19.0 4:30p WSW 14 64.5 78.5 4:45p 50.1 7:30a 4.2 3.8 0.00 0.1 8.0 5:15p WSW 15 65.5 83.4 4:15p 48.3 6:15a 5.4 5.9 0.00 0.1 8.0 1:00p E 16 67.5 76.5 4:45p 61.5 11:45p 0.7 3.2 0.26 1.8 30.0 5:45p SSW 17 62.7 73.7 3:45p 51.7 12:00m 3.8 1.5 0.00 0.0 10.0 2:30p N 18 63.7 81.6 3:30p 46.8 7:30a 6.3 5.0 0.00 0.0 8.0 3:15p SSW 19 70.7 86.1 2:15p 58.9 7:45a 1.1 6.8 0.00 0.2 11.0 6:00p NNE 20 66.5 80.5 5:00p 54.7 7:45a 3.0 4.4 0.00 0.2 11.0 11:45a NNE 21 70.6 89.9 4:45p 53.1 7:00a 3.5 9.1 0.00 0.1 13.0 11:30a SSW 22 75.2 92.3 3:15p 65.3 1:30a 0.0 10.2 0.01 1.1 25.0 5:30p SSW 23 76.2 93.6 3:45p 60.9 7:45a 0.7 11.8 0.00 0.8 16.0 11:45a SSW 24 79.6 91.8 2:45p 69.9 12:00m 0.0 14.6 0.09 3.5 30.0 1:45p SSW 25 64.7 76.1 3:45p 52.2 7:30a 3.0 2.7 0.01 0.7 17.0 11:00a WSW 26 55.9 63.2 3:15p 48.5 7:00a 9.1 0.0 0.00 0.8 12.0 8:15p NNE 27 56.3 60.5 4:45p 52.0 2:15a 8.7 0.0 0.49 0.2 11.0 2:15p NNE 28 55.9 59.6 5:30p 53.5 8:45a 9.1 0.0 0.15 0.6 14.0 10:00a WSW 29 58.1 71.5 4:00p 46.0 6:30a 8.1 1.2 0.00 0.1 7.0 11:45a E 30 63.2 78.1 4:00p 53.8 4:15a 5.2 3.4 0.00 1.4 19.0 1:15p N ------------------------------------------------------------------------------------- 66.4 94.9 2 41.9 5 120.8 161.7 1.26 0.7 30.0 16 SSW Max >= 90.0: 6 Max <= 32.0: 0 Min <= 32.0: 0 Min <= 0.0: 0 Max Rain: 0.49 ON 09/27/10 Days of Rain: 6 (>.01 in) 4 (>.1 in) 0 (>1 in) Heat Base: 65.0 Cool Base: 65.0 Method: Integration
 
USA Weather Finder