2024: Jan | Feb | Mar | Apr | May | Jun | Jul | Aug | Sep | Oct | Nov | Dec
2023: Jan | Feb | Mar | Apr | May | Jun | Jul | Aug | Sep | Oct | Nov | Dec
2022: Jan | Feb | Mar | Apr | May | Jun | Jul | Aug | Sep | Oct | Nov | Dec
2021: Jan | Feb | Mar | Apr | May | Jun | Jul | Aug | Sep | Oct | Nov | Dec
2020: Jan | Feb | Mar | Apr | May | Jun | Jul | Aug | Sep | Oct | Nov | Dec
2019: Jan | Feb | Mar | Apr | May | Jun | Jul | Aug | Sep | Oct | Nov | Dec
2018: Jan | Feb | Mar | Apr | May | Jun | Jul | Aug | Sep | Oct | Nov | Dec
2017: Jan | Feb | Mar | Apr | May | Jun | Jul | Aug | Sep | Oct | Nov | Dec
2016: Jan | Feb | Mar | Apr | May | Jun | Jul | Aug | Sep | Oct | Nov | Dec
2015: Jan | Feb | Mar | Apr | May | Jun | Jul | Aug | Sep | Oct | Nov | Dec
2014: Jan | Feb | Mar | Apr | May | Jun | Jul | Aug | Sep | Oct | Nov | Dec
2013: Jan | Feb | Mar | Apr | May | Jun | Jul | Aug | Sep | Oct | Nov | Dec
2012: Jan | Feb | Mar | Apr | May | Jun | Jul | Aug | Sep | Oct | Nov | Dec
2011: Jan | Feb | Mar | Apr | May | Jun | Jul | Aug | Sep | Oct | Nov | Dec
2010: Jan | Feb | Mar | Apr | May | Jun | Jul | Aug | Sep | Oct | Nov | Dec
2009: Jan | Feb | Mar | Apr | May | Jun | Jul | Aug | Sep | Oct | Nov | Dec
2008: Jan | Feb | Mar | Apr | May | Jun | Jul | Aug | Sep | Oct | Nov | Dec
2007: Jan | Feb | Mar | Apr | May | Jun | Jul | Aug | Sep | Oct | Nov | Dec
2006: Jan | Feb | Mar | Apr | May | Jun | Jul | Aug | Sep | Oct | Nov | Dec
2005: Jan | Feb | Mar | Apr | May | Jun | Jul | Aug | Sep | Oct | Nov | Dec
2004: Jan | Feb | Mar | Apr | May | Jun | Jul | Aug | Sep | Oct | Nov | Dec
2003: Jan | Feb | Mar | Apr | May | Jun | Jul | Aug | Sep | Oct | Nov | Dec
Report for 2010 10
MONTHLY CLIMATOLOGICAL SUMMARY for OCT. 2010
NAME: Station1 CITY: Lancaster STATE: Ohio
ELEV: 958 ft LAT: 39° 45' 15" N LONG: 82° 34' 05" W
TEMPERATURE (°F), RAIN (in), WIND SPEED (mph)
HEAT COOL AVG
MEAN DEG DEG WIND DOM
DAY TEMP HIGH TIME LOW TIME DAYS DAYS RAIN SPEED HIGH TIME DIR
------------------------------------------------------------------------------------
1 58.6 70.3 4:15p 45.7 12:00m 7.3 0.8 0.00 0.8 14.0 9:30a N
2 51.8 70.4 1:00p 39.5 7:00a 13.5 0.3 0.15 0.4 14.0 4:00p NNW
3 49.1 52.9 1:45p 46.5 4:45a 15.9 0.0 0.04 1.0 16.0 7:45p NNW
4 51.6 63.5 3:00p 47.0 12:00m 13.4 0.0 0.00 0.9 17.0 4:30p NNE
5 48.3 55.1 1:45p 45.7 7:15a 16.7 0.0 0.06 0.2 14.0 2:15p NNW
6 54.2 68.6 3:30p 46.4 2:45a 11.1 0.3 0.04 0.4 17.0 2:15p WSW
7 60.7 74.0 4:15p 45.5 12:00m 6.1 1.8 0.00 0.8 14.0 11:15a W
8 56.8 79.4 5:15p 38.0 7:45a 11.5 3.3 0.00 0.2 12.0 1:45p WSW
9 61.8 85.5 4:30p 41.9 7:30a 8.9 5.7 0.00 0.2 12.0 4:00p WSW
10 66.6 88.0 2:45p 48.5 7:15a 5.7 7.3 0.00 0.5 16.0 3:30p WSW
11 67.1 85.3 2:45p 51.4 7:45a 4.0 6.1 0.00 0.6 16.0 3:00p SW
12 63.3 79.2 3:45p 49.9 8:15a 4.9 3.3 0.00 0.2 10.0 5:30p NNE
13 58.1 76.3 5:15p 40.5 8:00a 9.4 2.5 0.00 0.3 14.0 9:30p WSW
14 56.5 64.5 3:00p 51.3 9:15p 8.5 0.0 0.01 1.0 18.0 11:45a NNW
15 51.7 61.2 12:45p 39.3 12:00m 13.3 0.0 0.20 0.7 18.0 5:00p NNW
16 49.5 66.9 4:30p 33.1 8:00a 15.7 0.2 0.00 0.5 16.0 3:45p WSW
17 58.3 73.7 4:15p 43.1 1:45a 8.5 1.8 0.00 0.6 13.0 9:30a WSW
18 50.0 66.6 4:15p 38.0 7:45a 15.1 0.1 0.05 0.5 17.0 7:15p NNE
19 49.4 62.0 4:30p 37.0 12:00m 15.6 0.0 0.10 0.3 11.0 3:00p N
20 49.9 66.1 3:45p 32.4 8:15a 15.1 0.1 0.00 1.9 21.0 12:45p SSW
21 53.3 61.8 3:45p 42.6 12:00m 11.8 0.0 0.00 1.6 25.0 1:15a NNW
22 44.4 62.6 4:45p 28.7 7:30a 20.6 0.0 0.00 0.5 15.0 3:15p SSW
23 55.1 70.9 3:00p 35.8 2:00a 11.3 1.4 0.00 0.4 16.0 12:00p SSW
24 63.4 78.3 3:45p 48.6 2:30a 5.2 3.6 0.00 2.1 26.0 2:45p SSW
25 64.2 69.1 5:15p 58.0 12:00m 1.5 0.6 0.00 2.2 16.0 4:15p SSW
26 60.8 80.7 2:00p 48.0 12:00m 6.3 2.1 0.96 2.9 43.0 1:30p S
27 57.8 71.8 4:30p 43.1 7:00a 8.4 1.2 0.01 2.7 26.0 3:00p SSW
28 51.3 65.0 12:15a 44.1 12:00m 13.7 0.0 0.00 2.8 24.0 12:15p W
29 42.9 52.3 4:30p 31.3 12:00m 22.1 0.0 0.00 0.6 13.0 10:45a W
30 45.3 62.3 4:00p 27.2 6:45a 19.7 0.0 0.00 2.1 25.0 4:45p SSW
31 46.2 55.1 2:45p 31.3 12:00m 18.8 0.0 0.00 1.1 14.0 10:15a N
-------------------------------------------------------------------------------------
54.8 88.0 10 27.2 30 359.6 42.5 1.62 1.0 43.0 26 SSW
Max >= 90.0: 0
Max <= 32.0: 0
Min <= 32.0: 4
Min <= 0.0: 0
Max Rain: 0.96 ON 10/26/10
Days of Rain: 8 (>.01 in) 3 (>.1 in) 0 (>1 in)
Heat Base: 65.0 Cool Base: 65.0 Method: Integration
|