2024: Jan | Feb | Mar | Apr | May | Jun | Jul | Aug | Sep | Oct | Nov | Dec
2023: Jan | Feb | Mar | Apr | May | Jun | Jul | Aug | Sep | Oct | Nov | Dec
2022: Jan | Feb | Mar | Apr | May | Jun | Jul | Aug | Sep | Oct | Nov | Dec
2021: Jan | Feb | Mar | Apr | May | Jun | Jul | Aug | Sep | Oct | Nov | Dec
2020: Jan | Feb | Mar | Apr | May | Jun | Jul | Aug | Sep | Oct | Nov | Dec
2019: Jan | Feb | Mar | Apr | May | Jun | Jul | Aug | Sep | Oct | Nov | Dec
2018: Jan | Feb | Mar | Apr | May | Jun | Jul | Aug | Sep | Oct | Nov | Dec
2017: Jan | Feb | Mar | Apr | May | Jun | Jul | Aug | Sep | Oct | Nov | Dec
2016: Jan | Feb | Mar | Apr | May | Jun | Jul | Aug | Sep | Oct | Nov | Dec
2015: Jan | Feb | Mar | Apr | May | Jun | Jul | Aug | Sep | Oct | Nov | Dec
2014: Jan | Feb | Mar | Apr | May | Jun | Jul | Aug | Sep | Oct | Nov | Dec
2013: Jan | Feb | Mar | Apr | May | Jun | Jul | Aug | Sep | Oct | Nov | Dec
2012: Jan | Feb | Mar | Apr | May | Jun | Jul | Aug | Sep | Oct | Nov | Dec
2011: Jan | Feb | Mar | Apr | May | Jun | Jul | Aug | Sep | Oct | Nov | Dec
2010: Jan | Feb | Mar | Apr | May | Jun | Jul | Aug | Sep | Oct | Nov | Dec
2009: Jan | Feb | Mar | Apr | May | Jun | Jul | Aug | Sep | Oct | Nov | Dec
2008: Jan | Feb | Mar | Apr | May | Jun | Jul | Aug | Sep | Oct | Nov | Dec
2007: Jan | Feb | Mar | Apr | May | Jun | Jul | Aug | Sep | Oct | Nov | Dec
2006: Jan | Feb | Mar | Apr | May | Jun | Jul | Aug | Sep | Oct | Nov | Dec
2005: Jan | Feb | Mar | Apr | May | Jun | Jul | Aug | Sep | Oct | Nov | Dec
2004: Jan | Feb | Mar | Apr | May | Jun | Jul | Aug | Sep | Oct | Nov | Dec
2003: Jan | Feb | Mar | Apr | May | Jun | Jul | Aug | Sep | Oct | Nov | Dec
Report for 2010 11
MONTHLY CLIMATOLOGICAL SUMMARY for NOV. 2010
NAME: Station1 CITY: Lancaster STATE: Ohio
ELEV: 958 ft LAT: 39° 45' 15" N LONG: 82° 34' 05" W
TEMPERATURE (°F), RAIN (in), WIND SPEED (mph)
HEAT COOL AVG
MEAN DEG DEG WIND DOM
DAY TEMP HIGH TIME LOW TIME DAYS DAYS RAIN SPEED HIGH TIME DIR
------------------------------------------------------------------------------------
1 38.6 52.6 3:45p 27.0 8:00a 26.4 0.0 0.00 0.6 12.0 2:30p NNE
2 38.9 53.3 3:30p 27.2 8:45a 26.1 0.0 0.00 0.5 12.0 3:45p NNE
3 40.6 56.6 2:45p 25.1 8:15a 24.4 0.0 0.00 0.3 11.0 3:00p SSW
4 45.2 57.2 3:00p 39.3 8:45a 19.8 0.0 0.00 0.4 16.0 3:45p NNW
5 38.9 43.9 2:00p 30.6 9:45p 24.7 0.0 0.00 1.7 18.0 3:30p NNW
6 32.6 43.3 3:45p 23.5 11:45p 32.4 0.0 0.00 0.2 14.0 4:00p N
7 34.7 51.3 3:15p 20.3 4:15a 30.3 0.0 0.00 0.9 19.0 1:30p SSW
8 44.0 64.5 3:45p 28.7 3:00a 21.0 0.0 0.00 0.5 12.0 9:30a WSW
9 46.2 69.1 3:30p 29.8 7:15a 19.1 0.3 0.00 0.0 7.0 1:00p E
10 47.4 67.6 3:00p 31.2 7:00a 17.8 0.2 0.00 0.2 7.0 12:00p NNE
11 48.6 69.8 4:15p 31.8 7:30a 17.0 0.6 0.00 0.1 6.0 12:15p NNE
12 48.0 71.3 3:15p 30.7 7:15a 17.7 0.7 0.00 0.0 5.0 1:30p NNE
13 51.4 72.5 2:30p 31.0 7:15a 14.7 1.1 0.00 0.4 13.0 2:00p SSW
14 46.1 56.0 12:15a 28.2 12:00m 18.9 0.0 0.05 1.6 19.0 2:15p SW
15 37.3 48.0 2:30p 23.9 7:00a 27.7 0.0 0.00 0.1 6.0 1:15p E
16 44.7 53.2 9:00p 37.5 7:30a 20.3 0.0 0.48 1.9 43.0 9:45p ENE
17 43.3 52.9 2:15p 31.8 12:00m 21.7 0.0 0.05 3.1 31.0 1:45a WSW
18 37.6 43.2 12:30p 29.1 3:30a 27.4 0.0 0.00 0.6 14.0 12:00p WSW
19 37.1 48.5 3:15p 25.0 7:45a 27.9 0.0 0.01 1.2 18.0 2:30p SSW
20 41.7 50.8 2:45p 34.4 12:15a 23.3 0.0 0.00 0.3 11.0 12:15a SW
21 50.9 67.8 3:15p 33.7 1:15a 14.4 0.3 0.00 1.4 22.0 1:30p SSW
22 63.6 72.0 2:30p 58.0 7:15a 2.8 1.4 0.00 4.0 31.0 11:30a SSW
23 50.1 62.4 2:45a 30.6 12:00m 14.9 0.0 0.23 2.5 22.0 3:15a W
24 31.3 36.8 12:00m 23.3 5:45a 33.7 0.0 0.39 0.9 13.0 11:45a E
25 49.1 56.3 1:15p 36.8 12:15a 15.9 0.0 1.30 1.1 18.0 11:30p SSE
26 31.0 47.6 12:15a 25.1 8:00a 34.0 0.0 0.15 2.3 24.0 12:15a SW
27 31.3 38.3 2:45p 20.6 12:00m 33.7 0.0 0.00 1.4 20.0 9:30a W
28 30.2 44.5 2:45p 17.3 7:30a 34.8 0.0 0.00 0.1 7.0 11:45a E
29 42.1 56.3 3:45p 26.3 4:45a 22.9 0.0 0.00 1.0 14.0 11:30p ESE
30 51.2 55.7 10:15a 35.0 12:00m 13.8 0.0 0.79 2.2 26.0 5:45a SE
-------------------------------------------------------------------------------------
42.5 72.5 13 17.3 28 679.5 4.6 3.45 1.0 43.0 16 SSW
Max >= 90.0: 0
Max <= 32.0: 0
Min <= 32.0: 23
Min <= 0.0: 0
Max Rain: 1.30 ON 11/25/10
Days of Rain: 8 (>.01 in) 6 (>.1 in) 1 (>1 in)
Heat Base: 65.0 Cool Base: 65.0 Method: Integration
|