2024: Jan | Feb | Mar | Apr | May | Jun | Jul | Aug | Sep | Oct | Nov | Dec
2023: Jan | Feb | Mar | Apr | May | Jun | Jul | Aug | Sep | Oct | Nov | Dec
2022: Jan | Feb | Mar | Apr | May | Jun | Jul | Aug | Sep | Oct | Nov | Dec
2021: Jan | Feb | Mar | Apr | May | Jun | Jul | Aug | Sep | Oct | Nov | Dec
2020: Jan | Feb | Mar | Apr | May | Jun | Jul | Aug | Sep | Oct | Nov | Dec
2019: Jan | Feb | Mar | Apr | May | Jun | Jul | Aug | Sep | Oct | Nov | Dec
2018: Jan | Feb | Mar | Apr | May | Jun | Jul | Aug | Sep | Oct | Nov | Dec
2017: Jan | Feb | Mar | Apr | May | Jun | Jul | Aug | Sep | Oct | Nov | Dec
2016: Jan | Feb | Mar | Apr | May | Jun | Jul | Aug | Sep | Oct | Nov | Dec
2015: Jan | Feb | Mar | Apr | May | Jun | Jul | Aug | Sep | Oct | Nov | Dec
2014: Jan | Feb | Mar | Apr | May | Jun | Jul | Aug | Sep | Oct | Nov | Dec
2013: Jan | Feb | Mar | Apr | May | Jun | Jul | Aug | Sep | Oct | Nov | Dec
2012: Jan | Feb | Mar | Apr | May | Jun | Jul | Aug | Sep | Oct | Nov | Dec
2011: Jan | Feb | Mar | Apr | May | Jun | Jul | Aug | Sep | Oct | Nov | Dec
2010: Jan | Feb | Mar | Apr | May | Jun | Jul | Aug | Sep | Oct | Nov | Dec
2009: Jan | Feb | Mar | Apr | May | Jun | Jul | Aug | Sep | Oct | Nov | Dec
2008: Jan | Feb | Mar | Apr | May | Jun | Jul | Aug | Sep | Oct | Nov | Dec
2007: Jan | Feb | Mar | Apr | May | Jun | Jul | Aug | Sep | Oct | Nov | Dec
2006: Jan | Feb | Mar | Apr | May | Jun | Jul | Aug | Sep | Oct | Nov | Dec
2005: Jan | Feb | Mar | Apr | May | Jun | Jul | Aug | Sep | Oct | Nov | Dec
2004: Jan | Feb | Mar | Apr | May | Jun | Jul | Aug | Sep | Oct | Nov | Dec
2003: Jan | Feb | Mar | Apr | May | Jun | Jul | Aug | Sep | Oct | Nov | Dec
Report for 2010 12
MONTHLY CLIMATOLOGICAL SUMMARY for DEC. 2010
NAME: Station1 CITY: Lancaster STATE: Ohio
ELEV: 958 ft LAT: 39° 45' 15" N LONG: 82° 34' 05" W
TEMPERATURE (°F), RAIN (in), WIND SPEED (mph)
HEAT COOL AVG
MEAN DEG DEG WIND DOM
DAY TEMP HIGH TIME LOW TIME DAYS DAYS RAIN SPEED HIGH TIME DIR
------------------------------------------------------------------------------------
1 29.8 35.0 12:15a 27.2 5:15p 35.2 0.0 0.03 2.3 20.0 2:00a SW
2 30.7 34.1 2:45p 27.3 5:45a 34.3 0.0 0.01 1.8 18.0 4:15a SW
3 30.9 34.4 11:45a 28.7 7:15a 34.1 0.0 0.00 0.5 10.0 3:15a NNW
4 28.7 31.6 1:00p 26.4 8:15a 36.3 0.0 0.00 0.3 8.0 7:30p N
5 27.3 30.6 12:45p 24.4 8:45a 37.7 0.0 0.00 3.1 19.0 9:45a W
6 20.5 24.5 12:15a 15.7 12:00m 44.5 0.0 0.02 3.0 21.0 2:45p W
7 19.5 25.4 2:00p 14.6 3:15a 45.5 0.0 0.00 2.8 17.0 2:15a W
8 20.2 27.8 3:45p 12.3 6:45a 44.8 0.0 0.00 0.8 17.0 3:30p W
9 24.9 32.8 2:30p 14.0 8:00a 40.1 0.0 0.00 0.0 7.0 12:45p SSE
10 32.8 44.1 3:30p 25.4 4:00a 32.2 0.0 0.03 1.1 21.0 1:00p SSW
11 37.0 48.3 2:45p 26.7 5:15a 28.0 0.0 0.07 0.6 10.0 1:00p SE
12 29.9 38.8 12:15a 20.3 9:30p 35.1 0.0 0.38 2.6 21.0 11:15a SW
13 14.3 21.0 12:15a 8.3 12:00m 50.7 0.0 0.02 5.4 21.0 11:30a SW
14 12.7 21.3 3:45p 5.0 6:15a 52.3 0.0 0.00 2.2 20.0 3:15p SW
15 14.7 25.1 4:00p 7.7 7:30a 50.3 0.0 0.00 0.2 7.0 1:00p SW
16 20.4 25.4 4:00p 9.0 12:30a 44.6 0.0 0.10 0.0 5.0 1:00p SW
17 23.4 26.4 11:45a 17.0 12:00m 41.6 0.0 0.00 0.7 16.0 12:15p SW
18 20.2 30.0 3:45p 11.7 11:45p 44.8 0.0 0.00 0.6 12.0 10:30a SSW
19 20.4 28.7 3:00p 8.4 4:00a 44.6 0.0 0.00 1.1 19.0 3:00p SW
20 25.4 29.3 11:00a 20.5 12:15a 39.6 0.0 0.00 0.0 5.0 10:00a NW
21 27.7 31.2 2:45p 23.9 3:30a 37.3 0.0 0.00 0.3 8.0 1:15p E
22 30.1 32.1 1:00p 28.7 7:00p 34.9 0.0 0.00 0.9 17.0 12:00m NNW
23 29.9 32.2 11:00a 28.5 3:15a 35.1 0.0 0.00 0.6 13.0 2:15p NW
24 28.6 30.3 11:00a 25.6 12:00m 36.4 0.0 0.01 0.1 6.0 4:15a NNE
25 25.4 29.0 2:30p 20.5 7:00a 39.6 0.0 0.02 0.5 10.0 3:30p N
26 24.0 26.6 11:30a 21.3 6:45a 41.0 0.0 0.00 4.6 21.0 4:45p N
27 21.4 26.6 3:45p 17.7 9:15p 43.6 0.0 0.00 1.8 21.0 12:45a WNW
28 23.3 28.1 4:15p 20.2 12:15a 41.7 0.0 0.00 2.4 17.0 7:15a SW
29 33.9 41.6 3:15p 28.1 12:15a 31.1 0.0 0.00 0.6 12.0 11:30a SW
30 38.8 47.6 4:00p 33.1 4:15a 26.2 0.0 0.13 0.2 12.0 2:00p SE
31 52.8 62.7 2:15p 40.9 12:15a 12.2 0.0 0.02 2.0 19.0 3:30p S
-------------------------------------------------------------------------------------
26.4 62.7 31 5.0 14 1195.4 0.0 0.84 1.4 21.0 6 SW
Max >= 90.0: 0
Max <= 32.0: 19
Min <= 32.0: 29
Min <= 0.0: 0
Max Rain: 0.38 ON 12/12/10
Days of Rain: 10 (>.01 in) 2 (>.1 in) 0 (>1 in)
Heat Base: 65.0 Cool Base: 65.0 Method: Integration
|