Weather Information | Photos of Local Events | Personal Weather Stations Links | Lancaster Links | Site Map

NOAA Report Archive
(Reports Generated by WeatherLink)
2017: Jan | Feb | Mar | Apr | May | Jun | Jul | Aug | Sep | Oct | Nov | Dec 
2016: Jan | Feb | Mar | Apr | May | Jun | Jul | Aug | Sep | Oct | Nov | Dec 
2015: Jan | Feb | Mar | Apr | May | Jun | Jul | Aug | Sep | Oct | Nov | Dec 
2014: Jan | Feb | Mar | Apr | May | Jun | Jul | Aug | Sep | Oct | Nov | Dec 
2013: Jan | Feb | Mar | Apr | May | Jun | Jul | Aug | Sep | Oct | Nov | Dec 
2012: Jan | Feb | Mar | Apr | May | Jun | Jul | Aug | Sep | Oct | Nov | Dec 
2011: Jan | Feb | Mar | Apr | May | Jun | Jul | Aug | Sep | Oct | Nov | Dec 
2010: Jan | Feb | Mar | Apr | May | Jun | Jul | Aug | Sep | Oct | Nov | Dec 
2009: Jan | Feb | Mar | Apr | May | Jun | Jul | Aug | Sep | Oct | Nov | Dec 
2008: Jan | Feb | Mar | Apr | May | Jun | Jul | Aug | Sep | Oct | Nov | Dec 
2007: Jan | Feb | Mar | Apr | May | Jun | Jul | Aug | Sep | Oct | Nov | Dec 
2006: Jan | Feb | Mar | Apr | May | Jun | Jul | Aug | Sep | Oct | Nov | Dec 
2005: Jan | Feb | Mar | Apr | May | Jun | Jul | Aug | Sep | Oct | Nov | Dec 
2004: Jan | Feb | Mar | Apr | May | Jun | Jul | Aug | Sep | Oct | Nov | Dec 
2003: Jan | Feb | Mar | Apr | May | Jun | Jul | Aug | Sep | Oct | Nov | Dec 

Report for 2011 01
MONTHLY CLIMATOLOGICAL SUMMARY for JAN. 2011 NAME: Station1 CITY: Lancaster STATE: Ohio ELEV: 980 ft LAT: 39 45' 15" N LONG: 82 34' 05" W TEMPERATURE (F), RAIN (in), WIND SPEED (mph) HEAT COOL AVG MEAN DEG DEG WIND DOM DAY TEMP HIGH TIME LOW TIME DAYS DAYS RAIN SPEED HIGH TIME DIR ------------------------------------------------------------------------------------ 1 48.6 57.3 1:30a 31.2 12:00m 16.4 0.0 0.51 2.2 21.0 12:00p S 2 25.5 31.2 12:15a 21.0 12:00m 39.5 0.0 0.00 0.8 17.0 2:30p W 3 27.3 39.3 4:00p 16.2 7:45a 37.7 0.0 0.00 1.0 18.0 4:00p SSW 4 32.0 41.5 2:30p 23.2 2:45a 33.0 0.0 0.00 2.0 19.0 3:00p SW 5 24.2 33.4 3:30p 17.5 6:45a 40.8 0.0 0.00 0.4 11.0 1:30p SSW 6 27.6 32.5 3:00p 23.5 12:00m 37.4 0.0 0.03 1.5 19.0 9:45p SSW 7 22.1 26.9 1:30p 18.8 5:15a 42.9 0.0 0.07 0.3 17.0 12:15a SW 8 17.0 20.2 12:45p 12.8 12:00m 48.0 0.0 0.03 1.8 16.0 12:45p W 9 14.7 25.8 4:15p 6.5 7:45a 50.3 0.0 0.00 1.0 10.0 12:15a WSW 10 19.3 28.8 1:45p 8.3 2:45a 45.7 0.0 0.00 0.2 10.0 4:30p NNE 11 24.2 28.5 3:00p 21.9 12:30a 40.8 0.0 0.09 1.3 20.0 9:15p ENE 12 23.7 26.4 12:15p 21.1 2:45a 41.3 0.0 0.06 1.6 24.0 4:30p WNW 13 21.1 26.0 12:30p 14.1 7:45a 43.9 0.0 0.00 0.5 10.0 1:15p SW 14 25.3 30.4 4:00p 20.2 5:00a 39.7 0.0 0.00 0.6 13.0 2:15p SSW 15 31.0 36.8 1:15p 26.3 12:00m 34.0 0.0 0.00 2.8 25.0 12:30p SSW 16 22.2 28.5 2:15p 16.1 12:00m 42.8 0.0 0.00 0.1 7.0 12:30p N 17 25.4 39.3 3:15p 12.1 3:15a 39.6 0.0 0.01 0.2 8.0 1:45p E 18 38.2 41.5 4:15p 34.3 12:15a 26.8 0.0 0.12 0.2 8.0 1:15p S 19 31.6 35.9 12:15a 28.1 7:00p 33.4 0.0 0.01 0.7 14.0 5:00p NW 20 27.3 30.3 12:15a 20.3 12:00m 37.7 0.0 0.32 0.4 13.0 8:15p E 21 10.9 20.3 12:15a 0.5 12:00m 54.1 0.0 0.00 2.1 21.0 3:00a W 22 9.2 21.1 9:00p -9.1 8:00a 55.8 0.0 0.00 0.6 16.0 10:45p SSW 23 13.4 21.4 2:00p 2.6 10:45p 51.6 0.0 0.00 0.3 13.0 4:00a N 24 22.2 35.5 12:00m 3.5 1:00a 42.8 0.0 0.01 0.4 12.0 11:15p SSE 25 34.2 38.3 3:00p 27.6 10:15p 30.8 0.0 0.01 0.7 11.0 3:30a SW 26 29.8 32.7 2:00p 27.0 5:45p 35.2 0.0 0.00 2.0 18.0 5:45p N 27 28.9 30.9 4:00p 27.3 1:30a 36.1 0.0 0.00 1.7 18.0 2:00p SSW 28 28.2 31.0 5:00a 18.9 12:00m 36.8 0.0 0.02 0.9 12.0 8:30a W 29 30.5 36.6 11:30a 17.2 1:30a 34.5 0.0 0.00 1.4 20.0 11:30a W 30 31.5 36.8 10:30a 22.4 12:00m 33.5 0.0 0.00 0.8 11.0 8:45p N 31 25.8 33.8 2:30p 16.4 7:00a 39.2 0.0 0.00 1.4 12.0 9:15a NE ------------------------------------------------------------------------------------- 25.6 57.3 1 -9.1 22 1222.1 0.0 1.29 1.0 25.0 15 SW Max >= 90.0: 0 Max <= 32.0: 16 Min <= 32.0: 30 Min <= 0.0: 1 Max Rain: 0.51 ON 01/01/11 Days of Rain: 9 (>.01 in) 3 (>.1 in) 0 (>1 in) Heat Base: 65.0 Cool Base: 65.0 Method: Integration
 
USA Weather Finder