Weather Information | Photos of Local Events | Personal Weather Stations Links | Lancaster Links | Site Map

NOAA Report Archive
(Reports Generated by WeatherLink)
2017: Jan | Feb | Mar | Apr | May | Jun | Jul | Aug | Sep | Oct | Nov | Dec 
2016: Jan | Feb | Mar | Apr | May | Jun | Jul | Aug | Sep | Oct | Nov | Dec 
2015: Jan | Feb | Mar | Apr | May | Jun | Jul | Aug | Sep | Oct | Nov | Dec 
2014: Jan | Feb | Mar | Apr | May | Jun | Jul | Aug | Sep | Oct | Nov | Dec 
2013: Jan | Feb | Mar | Apr | May | Jun | Jul | Aug | Sep | Oct | Nov | Dec 
2012: Jan | Feb | Mar | Apr | May | Jun | Jul | Aug | Sep | Oct | Nov | Dec 
2011: Jan | Feb | Mar | Apr | May | Jun | Jul | Aug | Sep | Oct | Nov | Dec 
2010: Jan | Feb | Mar | Apr | May | Jun | Jul | Aug | Sep | Oct | Nov | Dec 
2009: Jan | Feb | Mar | Apr | May | Jun | Jul | Aug | Sep | Oct | Nov | Dec 
2008: Jan | Feb | Mar | Apr | May | Jun | Jul | Aug | Sep | Oct | Nov | Dec 
2007: Jan | Feb | Mar | Apr | May | Jun | Jul | Aug | Sep | Oct | Nov | Dec 
2006: Jan | Feb | Mar | Apr | May | Jun | Jul | Aug | Sep | Oct | Nov | Dec 
2005: Jan | Feb | Mar | Apr | May | Jun | Jul | Aug | Sep | Oct | Nov | Dec 
2004: Jan | Feb | Mar | Apr | May | Jun | Jul | Aug | Sep | Oct | Nov | Dec 
2003: Jan | Feb | Mar | Apr | May | Jun | Jul | Aug | Sep | Oct | Nov | Dec 

Report for 2011 02
MONTHLY CLIMATOLOGICAL SUMMARY for FEB. 2011 NAME: Station1 CITY: Lancaster STATE: Ohio ELEV: 980 ft LAT: 39 45' 15" N LONG: 82 34' 05" W TEMPERATURE (F), RAIN (in), WIND SPEED (mph) HEAT COOL AVG MEAN DEG DEG WIND DOM DAY TEMP HIGH TIME LOW TIME DAYS DAYS RAIN SPEED HIGH TIME DIR ------------------------------------------------------------------------------------ 1 32.0 34.3 12:00p 29.3 4:15a 33.0 0.0 0.76 0.5 12.0 5:15p NNE 2 29.3 48.2 4:45a 20.3 11:00p 35.7 0.0 0.03 5.5 36.0 7:15a SW 3 19.4 29.0 3:00p 9.9 7:30a 45.6 0.0 0.00 0.9 12.0 1:00p SW 4 24.1 38.5 4:30p 11.4 6:15a 40.9 0.0 0.00 0.3 10.0 2:30p SSW 5 31.7 36.0 3:15p 29.0 3:00a 33.3 0.0 0.09 2.3 27.0 3:15p WSW 6 32.6 35.2 5:15p 30.0 2:30a 32.4 0.0 0.00 1.1 16.0 1:00p SSW 7 34.7 38.0 5:30a 26.7 12:00m 30.3 0.0 0.11 0.7 14.0 9:00p NNW 8 19.7 27.5 11:00a 5.2 11:45p 45.3 0.0 0.04 1.2 20.0 12:30a W 9 14.0 20.2 2:30p 2.8 2:30a 51.0 0.0 0.00 1.0 13.0 3:00p SW 10 12.1 21.6 4:00p 1.5 7:30a 52.9 0.0 0.00 0.6 13.0 3:00p W 11 24.5 35.6 4:00p 7.7 12:45a 40.5 0.0 0.00 3.5 25.0 10:45p SSW 12 33.2 39.1 3:00p 28.5 2:15a 31.8 0.0 0.00 4.2 22.0 1:45a W 13 45.5 55.4 4:30p 36.2 12:15a 19.5 0.0 0.00 7.2 29.0 11:45a SSW 14 42.0 52.3 12:15a 30.1 12:00m 23.0 0.0 0.00 5.9 40.0 1:15a WNW 15 32.4 42.3 3:30p 20.6 7:30a 32.6 0.0 0.00 0.8 13.0 2:00p E 16 44.6 60.4 4:30p 30.3 12:15a 20.4 0.0 0.00 1.7 22.0 12:15p SSW 17 56.6 67.8 4:30p 42.6 6:30a 8.7 0.2 0.00 4.5 33.0 5:00p SSW 18 56.3 64.2 12:00p 39.9 12:00m 8.7 0.0 0.00 5.8 29.0 2:00p W 19 37.9 48.2 2:45p 25.0 12:00m 27.1 0.0 0.00 2.9 19.0 11:15a W 20 31.0 42.2 12:00m 24.2 12:45a 34.0 0.0 0.07 1.1 11.0 9:45p ESE 21 38.4 53.2 4:45a 28.1 12:00m 26.6 0.0 1.16 3.2 26.0 12:45a N 22 26.9 29.4 3:00p 24.4 4:45a 38.1 0.0 0.01 0.0 0.0 --- --- 23 30.3 35.9 4:00p 26.9 6:30a 34.7 0.0 0.00 0.1 7.0 3:15p E 24 36.8 42.1 2:30p 30.9 12:15a 28.2 0.0 0.33 0.6 14.0 11:00p NNE 25 31.9 35.0 5:00a 27.9 11:30p 33.1 0.0 0.73 4.0 22.0 7:00a NNW 26 33.6 39.1 4:00p 25.4 7:15a 31.4 0.0 0.00 0.5 14.0 9:00p SW 27 48.6 62.9 3:30p 36.0 4:30a 16.4 0.0 0.14 1.8 22.0 3:15p S 28 44.5 65.0 6:00a 28.1 12:00m 20.5 0.0 0.41 5.4 33.0 6:00a N ------------------------------------------------------------------------------------- 33.7 67.8 17 1.5 10 875.7 0.2 3.88 2.4 40.0 14 SSW Max >= 90.0: 0 Max <= 32.0: 5 Min <= 32.0: 24 Min <= 0.0: 0 Max Rain: 1.16 ON 02/21/11 Days of Rain: 11 (>.01 in) 7 (>.1 in) 1 (>1 in) Heat Base: 65.0 Cool Base: 65.0 Method: Integration
 
USA Weather Finder