Weather Information | Photos of Local Events | Personal Weather Stations Links | Lancaster Links | Site Map

NOAA Report Archive
(Reports Generated by WeatherLink)
2017: Jan | Feb | Mar | Apr | May | Jun | Jul | Aug | Sep | Oct | Nov | Dec 
2016: Jan | Feb | Mar | Apr | May | Jun | Jul | Aug | Sep | Oct | Nov | Dec 
2015: Jan | Feb | Mar | Apr | May | Jun | Jul | Aug | Sep | Oct | Nov | Dec 
2014: Jan | Feb | Mar | Apr | May | Jun | Jul | Aug | Sep | Oct | Nov | Dec 
2013: Jan | Feb | Mar | Apr | May | Jun | Jul | Aug | Sep | Oct | Nov | Dec 
2012: Jan | Feb | Mar | Apr | May | Jun | Jul | Aug | Sep | Oct | Nov | Dec 
2011: Jan | Feb | Mar | Apr | May | Jun | Jul | Aug | Sep | Oct | Nov | Dec 
2010: Jan | Feb | Mar | Apr | May | Jun | Jul | Aug | Sep | Oct | Nov | Dec 
2009: Jan | Feb | Mar | Apr | May | Jun | Jul | Aug | Sep | Oct | Nov | Dec 
2008: Jan | Feb | Mar | Apr | May | Jun | Jul | Aug | Sep | Oct | Nov | Dec 
2007: Jan | Feb | Mar | Apr | May | Jun | Jul | Aug | Sep | Oct | Nov | Dec 
2006: Jan | Feb | Mar | Apr | May | Jun | Jul | Aug | Sep | Oct | Nov | Dec 
2005: Jan | Feb | Mar | Apr | May | Jun | Jul | Aug | Sep | Oct | Nov | Dec 
2004: Jan | Feb | Mar | Apr | May | Jun | Jul | Aug | Sep | Oct | Nov | Dec 
2003: Jan | Feb | Mar | Apr | May | Jun | Jul | Aug | Sep | Oct | Nov | Dec 

Report for 2011 03
MONTHLY CLIMATOLOGICAL SUMMARY for MAR. 2011 NAME: Station1 CITY: Lancaster STATE: Ohio ELEV: 980 ft LAT: 39 45' 15" N LONG: 82 34' 05" W TEMPERATURE (F), RAIN (in), WIND SPEED (mph) HEAT COOL AVG MEAN DEG DEG WIND DOM DAY TEMP HIGH TIME LOW TIME DAYS DAYS RAIN SPEED HIGH TIME DIR ------------------------------------------------------------------------------------ 1 34.3 48.8 4:00p 22.1 7:45a 30.7 0.0 0.00 0.5 12.0 10:15a S 2 38.9 49.4 1:15p 28.1 12:00m 26.1 0.0 0.00 2.3 17.0 1:30p NNW 3 34.2 45.7 4:00p 22.1 7:00a 30.8 0.0 0.00 2.9 20.0 3:00p E 4 43.8 49.1 10:00a 38.8 12:15a 21.2 0.0 0.27 1.1 17.0 3:30a S 5 48.0 52.3 8:15p 34.0 12:00m 17.0 0.0 0.63 2.9 24.0 12:30p S 6 31.1 34.7 3:15p 28.7 9:30a 33.9 0.0 0.14 4.1 18.0 8:30a NNW 7 33.6 43.9 3:45p 26.1 7:30a 31.4 0.0 0.00 0.5 11.0 12:30a NNW 8 43.5 57.3 3:15p 31.0 4:00a 20.4 0.0 0.00 1.1 14.0 10:45p E 9 44.9 50.2 12:15a 39.3 5:30a 20.1 0.0 0.49 3.9 26.0 12:45a SE 10 41.1 49.8 3:00a 32.5 12:00m 23.9 0.0 0.35 1.3 16.0 4:45a WNW 11 34.9 42.8 5:45p 31.2 5:45a 30.1 0.0 0.06 2.6 22.0 1:30p W 12 47.1 63.2 3:45p 33.8 5:00a 17.9 0.0 0.00 5.1 38.0 4:30p SW 13 39.3 44.9 3:45p 35.3 7:30a 24.6 0.0 0.00 1.6 13.0 4:30p NNW 14 40.6 50.4 4:45p 31.8 7:15a 24.4 0.0 0.00 1.2 12.0 5:45p E 15 43.4 50.7 6:00p 36.5 6:45a 21.6 0.0 0.17 1.4 16.0 12:00m ENE 16 44.9 52.3 6:15p 41.5 8:00a 20.1 0.0 0.01 3.2 18.0 12:45a SW 17 53.2 69.8 5:00p 35.5 7:30a 12.5 0.6 0.00 2.5 22.0 3:00p SSW 18 61.5 68.1 3:15p 47.9 11:45p 3.9 0.4 0.01 3.2 28.0 2:00a SW 19 45.8 56.9 4:30p 33.4 8:00a 19.2 0.0 0.00 1.5 14.0 10:00a N 20 47.2 59.5 4:45p 35.6 1:30a 17.8 0.0 0.00 1.6 13.0 9:30a E 21 62.8 70.8 3:15p 53.5 12:30a 3.3 1.1 0.56 3.2 27.0 7:30a SW 22 52.6 60.2 3:15p 46.5 7:15a 12.4 0.0 0.16 1.5 12.0 11:00a E 23 53.7 72.8 2:45p 42.6 12:00m 12.1 0.8 0.09 3.2 38.0 5:00p SW 24 34.5 42.6 12:15a 29.1 12:00m 30.5 0.0 0.04 2.9 19.0 3:30a NNW 25 32.0 39.8 3:45p 24.7 5:15a 33.0 0.0 0.00 0.3 8.0 1:30p E 26 31.8 39.2 2:45p 22.9 7:30a 33.2 0.0 0.00 2.4 16.0 11:30p NNE 27 32.7 43.6 5:00p 23.2 7:30a 32.3 0.0 0.00 3.3 18.0 8:45a N 28 32.3 44.3 5:15p 23.5 5:15a 32.7 0.0 0.00 1.1 14.0 12:15p NNE 29 34.6 44.8 4:45p 24.8 4:30a 30.4 0.0 0.00 0.3 11.0 3:15p E 30 33.9 40.3 12:30p 30.7 11:30p 31.1 0.0 0.11 2.4 14.0 9:45p N 31 33.6 37.2 4:00p 30.7 5:45a 31.4 0.0 0.00 0.3 8.0 5:45p N ------------------------------------------------------------------------------------- 41.5 72.8 23 22.1 1 730.0 2.9 3.09 2.1 38.0 12 N Max >= 90.0: 0 Max <= 32.0: 0 Min <= 32.0: 16 Min <= 0.0: 0 Max Rain: 0.63 ON 03/05/11 Days of Rain: 12 (>.01 in) 9 (>.1 in) 0 (>1 in) Heat Base: 65.0 Cool Base: 65.0 Method: Integration
 
USA Weather Finder