Weather Information | Photos of Local Events | Personal Weather Stations Links | Lancaster Links | Site Map

NOAA Report Archive
(Reports Generated by WeatherLink)
2017: Jan | Feb | Mar | Apr | May | Jun | Jul | Aug | Sep | Oct | Nov | Dec 
2016: Jan | Feb | Mar | Apr | May | Jun | Jul | Aug | Sep | Oct | Nov | Dec 
2015: Jan | Feb | Mar | Apr | May | Jun | Jul | Aug | Sep | Oct | Nov | Dec 
2014: Jan | Feb | Mar | Apr | May | Jun | Jul | Aug | Sep | Oct | Nov | Dec 
2013: Jan | Feb | Mar | Apr | May | Jun | Jul | Aug | Sep | Oct | Nov | Dec 
2012: Jan | Feb | Mar | Apr | May | Jun | Jul | Aug | Sep | Oct | Nov | Dec 
2011: Jan | Feb | Mar | Apr | May | Jun | Jul | Aug | Sep | Oct | Nov | Dec 
2010: Jan | Feb | Mar | Apr | May | Jun | Jul | Aug | Sep | Oct | Nov | Dec 
2009: Jan | Feb | Mar | Apr | May | Jun | Jul | Aug | Sep | Oct | Nov | Dec 
2008: Jan | Feb | Mar | Apr | May | Jun | Jul | Aug | Sep | Oct | Nov | Dec 
2007: Jan | Feb | Mar | Apr | May | Jun | Jul | Aug | Sep | Oct | Nov | Dec 
2006: Jan | Feb | Mar | Apr | May | Jun | Jul | Aug | Sep | Oct | Nov | Dec 
2005: Jan | Feb | Mar | Apr | May | Jun | Jul | Aug | Sep | Oct | Nov | Dec 
2004: Jan | Feb | Mar | Apr | May | Jun | Jul | Aug | Sep | Oct | Nov | Dec 
2003: Jan | Feb | Mar | Apr | May | Jun | Jul | Aug | Sep | Oct | Nov | Dec 

Report for 2011 04
MONTHLY CLIMATOLOGICAL SUMMARY for APR. 2011 NAME: Station1 CITY: Lancaster STATE: Ohio ELEV: 980 ft LAT: 39 45' 15" N LONG: 82 34' 05" W TEMPERATURE (F), RAIN (in), WIND SPEED (mph) HEAT COOL AVG MEAN DEG DEG WIND DOM DAY TEMP HIGH TIME LOW TIME DAYS DAYS RAIN SPEED HIGH TIME DIR ------------------------------------------------------------------------------------ 1 40.8 53.8 4:45p 30.4 5:30a 24.2 0.0 0.06 2.3 21.0 3:00p W 2 41.4 49.8 6:30p 37.6 12:15a 23.6 0.0 0.01 3.0 24.0 4:00p WNW 3 46.2 62.3 6:00p 28.4 7:45a 18.8 0.0 0.00 1.7 20.0 2:15p SE 4 61.0 70.9 10:15a 45.4 12:00m 5.7 1.7 1.40 5.8 33.0 3:00a SSW 5 41.6 47.4 4:45p 34.0 12:00m 23.4 0.0 0.07 3.8 27.0 11:30a WNW 6 51.3 69.1 5:15p 32.2 4:30a 14.2 0.4 0.00 5.7 35.0 4:30p SSW 7 54.4 67.8 3:45p 38.0 7:00a 10.8 0.2 0.00 1.0 13.0 12:15a NNE 8 55.4 65.2 3:00p 50.7 7:45a 9.6 0.0 0.02 1.3 16.0 2:30p ENE 9 53.5 63.1 6:30p 47.9 6:15a 11.5 0.0 0.01 0.2 11.0 4:15p E 10 67.9 85.9 4:45p 51.0 12:15a 4.9 7.9 0.00 3.4 30.0 3:15p SSW 11 66.6 77.2 12:15a 57.3 11:15p 2.4 3.9 0.21 3.3 25.0 3:00a SSW 12 45.6 57.3 12:15a 41.6 1:00p 19.4 0.0 0.95 3.9 20.0 8:15a N 13 50.1 65.6 5:15p 34.7 6:15a 14.9 0.0 0.00 1.6 20.0 1:00p NNW 14 54.2 72.0 4:45p 33.4 7:00a 12.1 1.4 0.00 0.9 13.0 9:15p NNE 15 59.6 74.9 2:45p 45.1 6:45a 7.8 2.4 0.02 2.6 22.0 4:00p SE 16 51.8 59.6 11:45a 39.9 12:00m 13.2 0.0 0.50 4.4 33.0 5:30p SW 17 51.3 64.2 5:30p 39.6 12:15a 13.7 0.0 0.00 5.8 35.0 5:15p WSW 18 59.1 74.0 5:15p 46.4 7:00a 8.1 2.1 0.00 2.6 26.0 1:45p SSW 19 55.0 64.7 12:00m 45.2 5:30a 10.0 0.0 1.77 0.5 15.0 8:30a SE 20 54.3 73.5 2:30a 43.1 11:45p 11.2 0.5 0.34 4.1 44.0 2:45a SSW 21 47.7 59.6 5:45p 34.9 6:45a 17.3 0.0 0.00 1.0 14.0 1:15p N 22 49.0 57.5 9:00p 41.6 9:15a 16.0 0.0 0.51 0.9 29.0 8:30p ENE 23 62.9 71.6 12:45p 56.2 3:00a 3.2 1.1 0.45 4.0 30.0 3:45a SSW 24 62.5 70.4 5:30p 57.8 4:30a 3.3 0.7 0.48 1.0 18.0 11:45a SSW 25 66.3 79.4 5:30p 58.1 3:45a 2.5 3.8 0.05 1.4 32.0 6:00p SSW 26 64.9 76.3 12:15p 57.5 3:00a 2.1 2.0 0.07 2.3 32.0 1:15p SSW 27 66.0 76.7 3:15p 58.4 2:30a 2.2 3.2 0.25 2.6 38.0 1:45p SSE 28 56.4 64.5 3:30a 48.5 8:00a 8.6 0.0 0.08 7.1 49.0 4:00a SW 29 50.2 60.2 5:30p 40.8 12:00m 14.8 0.0 0.01 2.2 20.0 3:15a WSW 30 53.0 68.6 5:45p 35.6 5:15a 12.3 0.4 0.00 0.2 12.0 3:00p E ------------------------------------------------------------------------------------- 54.7 85.9 10 28.4 3 341.8 31.7 7.26 2.7 49.0 28 SSW Max >= 90.0: 0 Max <= 32.0: 0 Min <= 32.0: 2 Min <= 0.0: 0 Max Rain: 1.77 ON 04/19/11 Days of Rain: 17 (>.01 in) 10 (>.1 in) 2 (>1 in) Heat Base: 65.0 Cool Base: 65.0 Method: Integration
 
USA Weather Finder