Weather Information | Photos of Local Events | Personal Weather Stations Links | Lancaster Links | Site Map

NOAA Report Archive
(Reports Generated by WeatherLink)
2017: Jan | Feb | Mar | Apr | May | Jun | Jul | Aug | Sep | Oct | Nov | Dec 
2016: Jan | Feb | Mar | Apr | May | Jun | Jul | Aug | Sep | Oct | Nov | Dec 
2015: Jan | Feb | Mar | Apr | May | Jun | Jul | Aug | Sep | Oct | Nov | Dec 
2014: Jan | Feb | Mar | Apr | May | Jun | Jul | Aug | Sep | Oct | Nov | Dec 
2013: Jan | Feb | Mar | Apr | May | Jun | Jul | Aug | Sep | Oct | Nov | Dec 
2012: Jan | Feb | Mar | Apr | May | Jun | Jul | Aug | Sep | Oct | Nov | Dec 
2011: Jan | Feb | Mar | Apr | May | Jun | Jul | Aug | Sep | Oct | Nov | Dec 
2010: Jan | Feb | Mar | Apr | May | Jun | Jul | Aug | Sep | Oct | Nov | Dec 
2009: Jan | Feb | Mar | Apr | May | Jun | Jul | Aug | Sep | Oct | Nov | Dec 
2008: Jan | Feb | Mar | Apr | May | Jun | Jul | Aug | Sep | Oct | Nov | Dec 
2007: Jan | Feb | Mar | Apr | May | Jun | Jul | Aug | Sep | Oct | Nov | Dec 
2006: Jan | Feb | Mar | Apr | May | Jun | Jul | Aug | Sep | Oct | Nov | Dec 
2005: Jan | Feb | Mar | Apr | May | Jun | Jul | Aug | Sep | Oct | Nov | Dec 
2004: Jan | Feb | Mar | Apr | May | Jun | Jul | Aug | Sep | Oct | Nov | Dec 
2003: Jan | Feb | Mar | Apr | May | Jun | Jul | Aug | Sep | Oct | Nov | Dec 

Report for 2011 05
MONTHLY CLIMATOLOGICAL SUMMARY for MAY. 2011 NAME: Station1 CITY: Lancaster STATE: Ohio ELEV: 958 ft LAT: 39 45' 15" N LONG: 82 34' 05" W TEMPERATURE (F), RAIN (in), WIND SPEED (mph) HEAT COOL AVG MEAN DEG DEG WIND DOM DAY TEMP HIGH TIME LOW TIME DAYS DAYS RAIN SPEED HIGH TIME DIR ------------------------------------------------------------------------------------ 1 63.1 70.3 5:15p 58.1 2:45a 3.0 1.1 0.00 1.2 22.0 2:45p S 2 57.4 63.9 12:15a 48.3 12:00m 7.6 0.0 0.18 1.0 20.0 12:00p NNW 3 45.7 48.3 12:15a 43.2 12:00m 19.3 0.0 1.11 1.3 14.0 12:45a N 4 44.6 53.6 4:15p 36.3 12:00m 20.4 0.0 0.02 0.8 14.0 3:30p N 5 49.6 64.8 4:30p 32.8 3:15a 15.4 0.0 0.01 0.5 12.0 2:15p W 6 51.7 64.3 2:30p 40.3 6:30a 13.3 0.0 0.08 1.3 25.0 3:45p SW 7 55.3 67.4 1:45p 44.8 6:45a 9.8 0.1 0.32 0.6 17.0 12:30p SW 8 59.4 73.5 6:00p 49.1 3:30a 6.9 1.3 0.02 0.1 7.0 1:00p NNE 9 61.0 76.0 5:45p 46.4 7:15a 6.6 2.5 0.00 0.4 10.0 9:45a NNE 10 65.6 82.4 5:15p 50.5 2:00a 4.3 4.9 0.01 0.1 12.0 3:00p E 11 73.5 87.8 4:15p 62.7 4:30a 0.4 8.9 0.00 0.0 10.0 3:15p SSW 12 76.8 88.8 3:45p 66.3 7:00a 0.0 11.8 0.00 0.8 20.0 12:00m WSW 13 71.7 82.0 3:00p 60.9 6:30a 0.5 7.3 0.03 1.0 20.0 1:45a SSW 14 66.9 75.8 2:45p 62.1 10:15p 0.6 2.6 0.17 0.3 13.0 3:30p SSW 15 56.6 62.7 12:15a 47.4 11:30p 8.4 0.0 0.11 1.8 16.0 9:45a SSW 16 47.2 49.8 2:15p 44.8 10:15p 17.8 0.0 0.02 1.0 13.0 3:30p N 17 48.4 51.7 5:45p 44.9 12:15a 16.6 0.0 0.64 0.7 13.0 2:30p N 18 53.8 59.5 6:30p 49.8 6:15a 11.2 0.0 0.02 0.3 10.0 3:45p SSW 19 56.8 64.7 2:30p 52.6 3:15a 8.2 0.0 0.32 0.2 11.0 3:15p SSW 20 65.0 76.3 4:15p 56.6 7:00a 3.3 3.3 0.00 0.3 11.0 6:15p SW 21 67.7 81.6 4:15p 51.6 6:30a 3.6 6.3 0.00 0.0 10.0 1:45p E 22 72.7 87.2 4:00p 61.5 7:00a 0.4 8.0 0.12 1.4 28.0 8:15p SW 23 69.6 83.4 5:15p 62.6 4:30a 0.8 5.4 1.14 2.7 36.0 9:30p SSW 24 67.5 76.3 5:30p 61.3 6:00a 1.1 3.5 0.06 0.8 16.0 2:30a SSW 25 71.1 84.0 3:45p 58.4 5:15a 1.7 7.8 0.00 0.4 17.0 6:00p S 26 68.7 78.3 2:45p 61.3 5:00a 0.6 4.3 0.14 1.2 28.0 2:30a SSW 27 65.2 73.9 3:45p 60.9 9:45p 1.5 1.7 0.00 0.9 17.0 11:15a SW 28 69.1 80.9 5:15p 57.5 6:30a 1.6 5.7 0.00 0.7 16.0 11:30a SSW 29 77.9 91.4 4:45p 64.5 4:15a 0.0 12.9 0.01 1.9 19.0 3:30p SSW 30 80.0 93.6 3:45p 66.1 5:30a 0.0 15.0 0.00 0.9 18.0 4:30p SW 31 80.9 93.6 2:30p 65.5 6:15a 0.0 15.9 0.00 1.0 14.0 3:45p SSW ------------------------------------------------------------------------------------- 63.2 93.6 30 32.8 5 184.9 130.3 4.53 0.8 36.0 23 SSW Max >= 90.0: 3 Max <= 32.0: 0 Min <= 32.0: 0 Min <= 0.0: 0 Max Rain: 1.14 ON 05/23/11 Days of Rain: 17 (>.01 in) 10 (>.1 in) 2 (>1 in) Heat Base: 65.0 Cool Base: 65.0 Method: Integration
 
USA Weather Finder