2024: Jan | Feb | Mar | Apr | May | Jun | Jul | Aug | Sep | Oct | Nov | Dec
2023: Jan | Feb | Mar | Apr | May | Jun | Jul | Aug | Sep | Oct | Nov | Dec
2022: Jan | Feb | Mar | Apr | May | Jun | Jul | Aug | Sep | Oct | Nov | Dec
2021: Jan | Feb | Mar | Apr | May | Jun | Jul | Aug | Sep | Oct | Nov | Dec
2020: Jan | Feb | Mar | Apr | May | Jun | Jul | Aug | Sep | Oct | Nov | Dec
2019: Jan | Feb | Mar | Apr | May | Jun | Jul | Aug | Sep | Oct | Nov | Dec
2018: Jan | Feb | Mar | Apr | May | Jun | Jul | Aug | Sep | Oct | Nov | Dec
2017: Jan | Feb | Mar | Apr | May | Jun | Jul | Aug | Sep | Oct | Nov | Dec
2016: Jan | Feb | Mar | Apr | May | Jun | Jul | Aug | Sep | Oct | Nov | Dec
2015: Jan | Feb | Mar | Apr | May | Jun | Jul | Aug | Sep | Oct | Nov | Dec
2014: Jan | Feb | Mar | Apr | May | Jun | Jul | Aug | Sep | Oct | Nov | Dec
2013: Jan | Feb | Mar | Apr | May | Jun | Jul | Aug | Sep | Oct | Nov | Dec
2012: Jan | Feb | Mar | Apr | May | Jun | Jul | Aug | Sep | Oct | Nov | Dec
2011: Jan | Feb | Mar | Apr | May | Jun | Jul | Aug | Sep | Oct | Nov | Dec
2010: Jan | Feb | Mar | Apr | May | Jun | Jul | Aug | Sep | Oct | Nov | Dec
2009: Jan | Feb | Mar | Apr | May | Jun | Jul | Aug | Sep | Oct | Nov | Dec
2008: Jan | Feb | Mar | Apr | May | Jun | Jul | Aug | Sep | Oct | Nov | Dec
2007: Jan | Feb | Mar | Apr | May | Jun | Jul | Aug | Sep | Oct | Nov | Dec
2006: Jan | Feb | Mar | Apr | May | Jun | Jul | Aug | Sep | Oct | Nov | Dec
2005: Jan | Feb | Mar | Apr | May | Jun | Jul | Aug | Sep | Oct | Nov | Dec
2004: Jan | Feb | Mar | Apr | May | Jun | Jul | Aug | Sep | Oct | Nov | Dec
2003: Jan | Feb | Mar | Apr | May | Jun | Jul | Aug | Sep | Oct | Nov | Dec
Report for 2011 06
MONTHLY CLIMATOLOGICAL SUMMARY for JUN. 2011
NAME: Station1 CITY: Lancaster STATE: Ohio
ELEV: 958 ft LAT: 39° 45' 15" N LONG: 82° 34' 05" W
TEMPERATURE (°F), RAIN (in), WIND SPEED (mph)
HEAT COOL AVG
MEAN DEG DEG WIND DOM
DAY TEMP HIGH TIME LOW TIME DAYS DAYS RAIN SPEED HIGH TIME DIR
------------------------------------------------------------------------------------
1 80.0 87.6 4:30p 67.8 12:00m 0.0 15.0 0.00 1.3 19.0 3:00p WSW
2 70.2 83.2 4:45p 56.2 5:30a 2.1 7.3 0.00 0.4 11.0 12:00p NNW
3 66.2 80.3 3:45p 51.7 5:30a 3.8 5.0 0.00 0.2 8.0 11:00a ENE
4 72.4 90.5 4:00p 55.4 5:45a 2.6 10.0 0.78 1.2 19.0 11:00p SSW
5 75.3 86.5 3:00p 65.8 6:45a 0.0 10.3 0.16 0.2 12.0 1:00a SSW
6 76.6 91.4 4:30p 61.5 6:00a 0.4 12.0 0.00 0.2 10.0 12:00p SSW
7 71.6 88.2 12:30p 64.3 6:00a 0.0 6.6 0.21 0.5 26.0 1:15p SSW
8 79.7 92.5 3:30p 64.7 6:00a 0.0 14.7 0.01 0.8 19.0 3:45p SSW
9 82.2 92.3 3:00p 72.3 12:00m 0.0 17.2 0.00 0.4 20.0 7:00a WSW
10 73.5 85.5 6:00p 64.0 6:30a 0.0 8.6 0.25 0.5 30.0 9:00p S
11 74.4 87.0 5:00p 65.2 5:15a 0.0 9.4 0.15 0.4 14.0 7:00a SW
12 70.3 78.1 1:30p 58.3 12:00m 0.4 5.7 0.00 0.8 17.0 2:15p NNW
13 63.3 76.5 5:30p 52.3 3:30a 4.8 3.0 0.00 0.3 11.0 4:15p N
14 62.8 74.9 5:00p 51.1 6:15a 4.6 2.3 0.00 0.3 11.0 9:00a NNE
15 63.1 73.9 2:30p 49.5 6:30a 4.2 2.3 0.00 0.2 16.0 3:45p E
16 67.7 79.4 4:00p 62.6 12:00m 0.8 3.5 0.06 0.7 19.0 12:15p SW
17 70.7 84.5 2:00p 59.2 6:15a 1.4 7.1 0.56 0.2 19.0 9:45p SSW
18 70.2 78.3 11:15a 65.2 5:45a 0.0 5.2 0.21 0.2 16.0 1:30p SSW
19 71.0 77.6 11:15a 65.5 6:45a 0.0 6.0 0.04 0.3 12.0 11:30a SSW
20 67.8 72.3 2:00p 63.4 5:00a 0.1 2.9 0.07 0.1 17.0 6:15p W
21 74.8 90.7 3:00p 66.0 4:30a 0.0 9.8 0.15 0.7 33.0 7:30p SSW
22 73.4 81.6 5:15p 68.6 6:30a 0.0 8.4 0.00 1.6 20.0 6:45p SSW
23 71.8 80.1 6:15p 64.8 5:15a 0.0 6.8 0.47 1.4 27.0 12:00p SSW
24 66.7 71.5 6:30p 64.0 11:45p 0.1 1.8 0.06 2.3 20.0 2:45p SW
25 68.1 79.4 4:15p 58.1 6:00a 1.5 4.6 0.00 0.7 16.0 3:00p WSW
26 65.1 72.7 5:30p 59.2 1:45a 1.9 2.0 0.03 0.0 8.0 2:30p E
27 68.9 81.2 2:45p 54.1 6:00a 2.8 6.7 0.63 0.3 14.0 2:30p SSW
28 75.8 85.3 5:30p 68.6 12:00m 0.0 10.8 0.01 0.9 18.0 2:15p WSW
29 71.0 83.2 5:00p 58.1 6:15a 1.2 7.2 0.00 1.0 16.0 12:30p NNW
30 72.5 88.0 5:30p 55.1 6:15a 2.4 9.9 0.00 0.1 11.0 12:00p SW
-------------------------------------------------------------------------------------
71.2 92.5 8 49.5 15 35.1 222.1 3.85 0.6 33.0 21 SSW
Max >= 90.0: 5
Max <= 32.0: 0
Min <= 32.0: 0
Min <= 0.0: 0
Max Rain: 0.78 ON 06/04/11
Days of Rain: 15 (>.01 in) 10 (>.1 in) 0 (>1 in)
Heat Base: 65.0 Cool Base: 65.0 Method: Integration
|