2024: Jan | Feb | Mar | Apr | May | Jun | Jul | Aug | Sep | Oct | Nov | Dec
2023: Jan | Feb | Mar | Apr | May | Jun | Jul | Aug | Sep | Oct | Nov | Dec
2022: Jan | Feb | Mar | Apr | May | Jun | Jul | Aug | Sep | Oct | Nov | Dec
2021: Jan | Feb | Mar | Apr | May | Jun | Jul | Aug | Sep | Oct | Nov | Dec
2020: Jan | Feb | Mar | Apr | May | Jun | Jul | Aug | Sep | Oct | Nov | Dec
2019: Jan | Feb | Mar | Apr | May | Jun | Jul | Aug | Sep | Oct | Nov | Dec
2018: Jan | Feb | Mar | Apr | May | Jun | Jul | Aug | Sep | Oct | Nov | Dec
2017: Jan | Feb | Mar | Apr | May | Jun | Jul | Aug | Sep | Oct | Nov | Dec
2016: Jan | Feb | Mar | Apr | May | Jun | Jul | Aug | Sep | Oct | Nov | Dec
2015: Jan | Feb | Mar | Apr | May | Jun | Jul | Aug | Sep | Oct | Nov | Dec
2014: Jan | Feb | Mar | Apr | May | Jun | Jul | Aug | Sep | Oct | Nov | Dec
2013: Jan | Feb | Mar | Apr | May | Jun | Jul | Aug | Sep | Oct | Nov | Dec
2012: Jan | Feb | Mar | Apr | May | Jun | Jul | Aug | Sep | Oct | Nov | Dec
2011: Jan | Feb | Mar | Apr | May | Jun | Jul | Aug | Sep | Oct | Nov | Dec
2010: Jan | Feb | Mar | Apr | May | Jun | Jul | Aug | Sep | Oct | Nov | Dec
2009: Jan | Feb | Mar | Apr | May | Jun | Jul | Aug | Sep | Oct | Nov | Dec
2008: Jan | Feb | Mar | Apr | May | Jun | Jul | Aug | Sep | Oct | Nov | Dec
2007: Jan | Feb | Mar | Apr | May | Jun | Jul | Aug | Sep | Oct | Nov | Dec
2006: Jan | Feb | Mar | Apr | May | Jun | Jul | Aug | Sep | Oct | Nov | Dec
2005: Jan | Feb | Mar | Apr | May | Jun | Jul | Aug | Sep | Oct | Nov | Dec
2004: Jan | Feb | Mar | Apr | May | Jun | Jul | Aug | Sep | Oct | Nov | Dec
2003: Jan | Feb | Mar | Apr | May | Jun | Jul | Aug | Sep | Oct | Nov | Dec
Report for 2011 07
MONTHLY CLIMATOLOGICAL SUMMARY for JUL. 2011
NAME: Station1 CITY: Lancaster STATE: Ohio
ELEV: 958 ft LAT: 39° 45' 15" N LONG: 82° 34' 05" W
TEMPERATURE (°F), RAIN (in), WIND SPEED (mph)
HEAT COOL AVG
MEAN DEG DEG WIND DOM
DAY TEMP HIGH TIME LOW TIME DAYS DAYS RAIN SPEED HIGH TIME DIR
------------------------------------------------------------------------------------
1 76.5 90.3 5:00p 60.9 6:00a 0.7 12.2 0.00 0.1 10.0 11:45a SW
2 74.5 82.0 5:15p 69.9 1:15a 0.0 9.5 0.05 0.1 12.0 3:15p SSW
3 79.8 91.8 2:45p 69.4 6:45a 0.0 14.8 0.08 0.1 14.0 4:45p SW
4 75.4 87.6 6:15p 68.1 5:45a 0.0 10.4 0.01 0.1 11.0 1:15p WSW
5 76.4 90.7 5:30p 62.3 6:45a 0.3 11.7 0.00 0.0 8.0 12:30p NNE
6 78.2 92.5 4:45p 62.1 6:15a 0.4 13.6 0.00 0.3 12.0 11:30a WSW
7 77.7 92.5 3:15p 66.3 6:30a 0.0 12.7 0.01 0.1 14.0 3:30p WSW
8 73.9 83.4 6:30p 69.3 12:00m 0.0 8.9 0.08 0.1 8.0 12:45p ENE
9 75.7 89.5 5:45p 61.8 6:45a 0.3 10.9 0.00 0.1 10.0 1:30p E
10 77.2 92.1 4:15p 60.4 6:15a 0.7 12.9 0.00 0.2 11.0 3:15p SW
11 75.1 92.3 1:15p 68.3 4:30a 0.0 10.1 0.92 0.7 26.0 3:00p SSW
12 79.5 92.5 5:30p 68.4 6:30a 0.0 14.5 0.01 0.3 13.0 2:15p SW
13 76.1 84.7 3:30p 63.2 12:00m 0.1 11.2 0.00 1.0 14.0 6:00p NNE
14 71.1 83.0 3:30p 57.2 6:15a 1.5 7.6 0.00 0.3 11.0 3:30p ENE
15 73.0 85.1 6:00p 60.1 3:00a 1.2 9.1 0.00 0.1 12.0 3:45p S
16 72.6 83.2 4:30p 61.6 6:30a 0.4 8.0 0.00 0.1 11.0 5:15p S
17 75.5 89.9 6:00p 67.1 4:30a 0.0 10.5 0.00 0.0 6.0 3:00p S
18 78.4 92.1 4:00p 69.6 7:00p 0.0 13.4 3.22 0.8 26.0 6:45p SW
19 80.2 93.6 5:30p 71.5 2:15a 0.0 15.2 0.10 0.5 13.0 5:15p WSW
20 78.2 94.5 4:30p 69.8 6:15a 0.0 13.2 0.15 0.1 25.0 5:15p WSW
21 83.8 94.9 5:15p 71.5 6:30a 0.0 18.8 0.01 0.4 16.0 2:30p WSW
22 85.7 96.1 1:30p 77.2 11:15p 0.0 20.7 0.00 0.6 24.0 7:00p SW
23 80.2 93.2 2:15p 73.2 6:30a 0.0 15.2 0.32 0.1 22.0 6:00p S
24 78.9 92.7 3:30p 71.6 12:00m 0.0 13.9 0.30 0.2 20.0 4:30a WSW
25 78.7 89.5 3:30p 71.5 1:30a 0.0 13.7 0.13 0.2 16.0 4:00p N
26 78.5 89.3 3:45p 66.9 6:45a 0.0 13.5 0.00 0.3 14.0 1:45p WSW
27 77.8 90.1 4:00p 65.0 7:00a 0.0 12.8 0.00 0.0 7.0 2:15p ENE
28 82.9 93.8 4:00p 72.8 7:15a 0.0 17.9 0.00 1.0 18.0 12:30p SW
29 80.9 93.2 4:30p 69.8 9:45p 0.0 15.9 0.51 0.9 18.0 1:00p WSW
30 77.9 88.6 5:00p 70.3 12:15a 0.0 12.9 0.04 0.0 6.0 11:15a E
31 79.6 93.4 5:00p 67.4 6:45a 0.0 14.6 0.00 0.0 6.0 12:45p NNE
-------------------------------------------------------------------------------------
77.7 96.1 22 57.2 14 5.6 400.3 5.94 0.3 26.0 11 WSW
Max >= 90.0: 19
Max <= 32.0: 0
Min <= 32.0: 0
Min <= 0.0: 0
Max Rain: 3.22 ON 07/18/11
Days of Rain: 12 (>.01 in) 7 (>.1 in) 1 (>1 in)
Heat Base: 65.0 Cool Base: 65.0 Method: Integration
|