Weather Information | Photos of Local Events | Personal Weather Stations Links | Lancaster Links | Site Map

NOAA Report Archive
(Reports Generated by WeatherLink)
2017: Jan | Feb | Mar | Apr | May | Jun | Jul | Aug | Sep | Oct | Nov | Dec 
2016: Jan | Feb | Mar | Apr | May | Jun | Jul | Aug | Sep | Oct | Nov | Dec 
2015: Jan | Feb | Mar | Apr | May | Jun | Jul | Aug | Sep | Oct | Nov | Dec 
2014: Jan | Feb | Mar | Apr | May | Jun | Jul | Aug | Sep | Oct | Nov | Dec 
2013: Jan | Feb | Mar | Apr | May | Jun | Jul | Aug | Sep | Oct | Nov | Dec 
2012: Jan | Feb | Mar | Apr | May | Jun | Jul | Aug | Sep | Oct | Nov | Dec 
2011: Jan | Feb | Mar | Apr | May | Jun | Jul | Aug | Sep | Oct | Nov | Dec 
2010: Jan | Feb | Mar | Apr | May | Jun | Jul | Aug | Sep | Oct | Nov | Dec 
2009: Jan | Feb | Mar | Apr | May | Jun | Jul | Aug | Sep | Oct | Nov | Dec 
2008: Jan | Feb | Mar | Apr | May | Jun | Jul | Aug | Sep | Oct | Nov | Dec 
2007: Jan | Feb | Mar | Apr | May | Jun | Jul | Aug | Sep | Oct | Nov | Dec 
2006: Jan | Feb | Mar | Apr | May | Jun | Jul | Aug | Sep | Oct | Nov | Dec 
2005: Jan | Feb | Mar | Apr | May | Jun | Jul | Aug | Sep | Oct | Nov | Dec 
2004: Jan | Feb | Mar | Apr | May | Jun | Jul | Aug | Sep | Oct | Nov | Dec 
2003: Jan | Feb | Mar | Apr | May | Jun | Jul | Aug | Sep | Oct | Nov | Dec 

Report for 2011 08
MONTHLY CLIMATOLOGICAL SUMMARY for AUG. 2011 NAME: Station1 CITY: Lancaster STATE: Ohio ELEV: 958 ft LAT: 39 45' 15" N LONG: 82 34' 05" W TEMPERATURE (F), RAIN (in), WIND SPEED (mph) HEAT COOL AVG MEAN DEG DEG WIND DOM DAY TEMP HIGH TIME LOW TIME DAYS DAYS RAIN SPEED HIGH TIME DIR ------------------------------------------------------------------------------------ 1 77.2 91.2 2:30p 65.0 6:45a 0.0 12.2 0.00 0.4 12.0 1:00p WSW 2 79.2 89.9 4:15p 68.3 3:00a 0.0 14.2 0.00 0.5 13.0 1:45p WSW 3 76.2 83.4 5:00p 71.5 6:45a 0.0 11.2 0.27 1.2 14.0 10:15a SW 4 77.5 90.3 3:45p 67.6 6:15a 0.0 12.5 0.00 0.1 8.0 12:30p N 5 78.7 89.9 1:00p 66.0 7:00a 0.0 13.7 0.00 0.0 7.0 1:00p N 6 80.2 88.8 4:45p 73.7 7:00a 0.0 15.2 0.00 1.2 20.0 11:00p SW 7 76.9 88.2 2:45p 66.6 12:00m 0.0 11.9 0.61 1.4 27.0 6:15p SW 8 75.7 87.8 4:15p 65.2 2:00a 0.0 10.7 0.10 0.3 11.0 3:30p WSW 9 75.6 84.5 4:30p 66.4 12:00m 0.0 10.6 0.13 1.4 18.0 11:00a WSW 10 70.9 81.1 5:15p 61.8 7:00a 0.5 6.4 0.01 0.7 19.0 2:15p WSW 11 67.7 81.2 5:00p 53.5 7:00a 2.8 5.5 0.00 0.2 10.0 11:30a NNE 12 67.6 82.4 5:45p 52.3 6:45a 3.8 6.4 0.00 0.1 11.0 12:00p ENE 13 72.3 89.0 4:00p 57.8 3:15a 2.1 9.5 0.00 0.2 12.0 2:00p SW 14 67.8 78.6 4:00p 61.8 7:00a 0.8 3.6 0.08 0.4 19.0 1:00a SW 15 70.0 80.5 5:00p 62.7 12:15a 0.4 5.4 0.03 1.2 18.0 2:30p NNW 16 70.7 85.5 4:00p 57.5 7:15a 1.9 7.7 0.00 0.1 8.0 10:15a NNW 17 70.0 86.5 2:45p 53.3 6:45a 3.2 8.1 0.00 0.1 10.0 3:15p SW 18 74.4 88.8 4:00p 60.2 7:00a 1.1 10.5 0.00 0.1 10.0 2:45p WSW 19 74.5 88.8 4:45p 64.3 7:15a 0.0 9.5 0.00 0.2 13.0 4:30a WSW 20 75.2 89.7 3:15p 60.7 6:45a 0.7 10.9 0.00 0.1 10.0 2:30p SSW 21 73.5 82.8 1:15p 66.9 12:00m 0.0 8.5 0.41 0.3 11.0 6:30a N 22 67.8 79.2 3:15p 54.5 7:15a 2.1 4.9 0.00 0.3 11.0 11:30a N 23 69.4 83.0 3:30p 54.1 7:00a 2.8 7.2 0.00 0.0 10.0 12:15p SSW 24 73.9 88.6 5:15p 62.0 8:00a 0.6 9.4 0.52 1.2 32.0 7:15a SSW 25 75.5 84.7 3:00p 63.9 12:00m 0.0 10.5 1.32 0.9 21.0 4:00a SSW 26 70.1 83.0 4:45p 59.3 6:30a 1.5 6.5 0.00 0.1 10.0 11:00a NNE 27 70.1 83.6 4:15p 58.4 5:15a 1.8 6.9 0.00 1.1 14.0 6:00p N 28 69.7 80.3 5:45p 60.5 12:00m 0.4 5.2 0.00 1.2 14.0 1:45p NNW 29 65.9 79.9 4:45p 54.2 12:00m 3.6 4.5 0.00 0.3 11.0 10:30a NNE 30 65.1 82.2 4:45p 48.5 7:00a 5.3 5.5 0.00 0.0 8.0 11:30a NE 31 70.9 84.0 1:30p 58.4 7:00a 2.0 8.0 0.00 0.1 12.0 12:45p S ------------------------------------------------------------------------------------- 72.6 91.2 1 48.5 30 37.4 272.8 3.48 0.5 32.0 24 SW Max >= 90.0: 2 Max <= 32.0: 0 Min <= 32.0: 0 Min <= 0.0: 0 Max Rain: 1.32 ON 08/25/11 Days of Rain: 9 (>.01 in) 6 (>.1 in) 1 (>1 in) Heat Base: 65.0 Cool Base: 65.0 Method: Integration
 
USA Weather Finder