2024: Jan | Feb | Mar | Apr | May | Jun | Jul | Aug | Sep | Oct | Nov | Dec
2023: Jan | Feb | Mar | Apr | May | Jun | Jul | Aug | Sep | Oct | Nov | Dec
2022: Jan | Feb | Mar | Apr | May | Jun | Jul | Aug | Sep | Oct | Nov | Dec
2021: Jan | Feb | Mar | Apr | May | Jun | Jul | Aug | Sep | Oct | Nov | Dec
2020: Jan | Feb | Mar | Apr | May | Jun | Jul | Aug | Sep | Oct | Nov | Dec
2019: Jan | Feb | Mar | Apr | May | Jun | Jul | Aug | Sep | Oct | Nov | Dec
2018: Jan | Feb | Mar | Apr | May | Jun | Jul | Aug | Sep | Oct | Nov | Dec
2017: Jan | Feb | Mar | Apr | May | Jun | Jul | Aug | Sep | Oct | Nov | Dec
2016: Jan | Feb | Mar | Apr | May | Jun | Jul | Aug | Sep | Oct | Nov | Dec
2015: Jan | Feb | Mar | Apr | May | Jun | Jul | Aug | Sep | Oct | Nov | Dec
2014: Jan | Feb | Mar | Apr | May | Jun | Jul | Aug | Sep | Oct | Nov | Dec
2013: Jan | Feb | Mar | Apr | May | Jun | Jul | Aug | Sep | Oct | Nov | Dec
2012: Jan | Feb | Mar | Apr | May | Jun | Jul | Aug | Sep | Oct | Nov | Dec
2011: Jan | Feb | Mar | Apr | May | Jun | Jul | Aug | Sep | Oct | Nov | Dec
2010: Jan | Feb | Mar | Apr | May | Jun | Jul | Aug | Sep | Oct | Nov | Dec
2009: Jan | Feb | Mar | Apr | May | Jun | Jul | Aug | Sep | Oct | Nov | Dec
2008: Jan | Feb | Mar | Apr | May | Jun | Jul | Aug | Sep | Oct | Nov | Dec
2007: Jan | Feb | Mar | Apr | May | Jun | Jul | Aug | Sep | Oct | Nov | Dec
2006: Jan | Feb | Mar | Apr | May | Jun | Jul | Aug | Sep | Oct | Nov | Dec
2005: Jan | Feb | Mar | Apr | May | Jun | Jul | Aug | Sep | Oct | Nov | Dec
2004: Jan | Feb | Mar | Apr | May | Jun | Jul | Aug | Sep | Oct | Nov | Dec
2003: Jan | Feb | Mar | Apr | May | Jun | Jul | Aug | Sep | Oct | Nov | Dec
Report for 2011 09
MONTHLY CLIMATOLOGICAL SUMMARY for SEP. 2011
NAME: Station1 CITY: Lancaster STATE: Ohio
ELEV: 958 ft LAT: 39° 45' 15" N LONG: 82° 34' 05" W
TEMPERATURE (°F), RAIN (in), WIND SPEED (mph)
HEAT COOL AVG
MEAN DEG DEG WIND DOM
DAY TEMP HIGH TIME LOW TIME DAYS DAYS RAIN SPEED HIGH TIME DIR
------------------------------------------------------------------------------------
1 78.2 92.1 5:00p 66.8 3:00a 0.0 13.2 0.00 0.6 16.0 12:30p SSW
2 82.9 95.9 3:45p 70.1 7:30a 0.0 17.9 0.00 0.1 8.0 1:00a SW
3 81.8 96.1 3:15p 67.6 7:15a 0.0 16.8 0.00 0.1 12.0 11:30p SSW
4 73.7 81.2 2:00p 66.4 11:15p 0.0 8.7 0.48 0.4 12.0 12:00p NNW
5 63.2 68.1 2:15p 59.3 12:00m 2.4 0.5 0.06 1.5 17.0 3:15p N
6 59.6 66.4 1:15p 54.8 6:15a 5.5 0.1 0.16 3.0 24.0 3:15p NNE
7 61.6 65.8 5:00p 57.6 12:15a 3.4 0.0 0.37 0.1 12.0 12:30a N
8 63.3 66.9 3:30p 60.1 11:00p 2.0 0.2 0.05 0.0 7.0 2:15p S
9 64.5 74.2 2:45p 57.0 1:45a 3.0 2.5 0.00 0.1 13.0 4:00p SW
10 66.8 78.8 5:45p 57.8 5:45a 2.4 4.1 0.00 0.0 10.0 4:30p WSW
11 66.1 79.2 1:45p 56.7 4:15a 2.9 4.0 1.50 0.2 26.0 8:00p SSW
12 67.5 82.2 3:30p 55.3 6:15a 3.0 5.5 0.01 0.1 11.0 1:30p SSW
13 72.9 84.5 5:00p 61.3 2:00a 0.6 8.5 0.00 2.2 22.0 4:30p SSW
14 66.5 74.9 4:15p 58.3 12:00m 1.2 2.7 0.04 0.7 13.0 8:00p N
15 54.9 64.3 3:45p 41.5 12:00m 10.1 0.0 0.22 1.6 19.0 1:00p N
16 50.3 62.6 3:45p 38.8 4:00a 14.7 0.0 0.00 0.1 12.0 3:30p NE
17 58.0 69.6 3:00p 47.7 8:00a 7.6 0.6 0.00 0.1 10.0 1:15p ENE
18 61.1 74.4 4:00p 48.0 7:30a 6.0 2.1 0.00 0.0 10.0 3:45p E
19 62.7 67.6 2:30p 59.5 7:30a 2.5 0.2 0.32 0.3 12.0 10:30a S
20 66.3 74.0 5:45p 62.9 3:45a 0.8 2.1 0.01 0.1 11.0 4:00p SW
21 68.3 76.8 2:00p 63.1 5:45a 0.5 3.8 0.00 0.4 16.0 12:30p SSW
22 68.7 79.8 5:00p 62.4 12:00m 0.6 4.3 0.00 0.2 12.0 2:30p W
23 58.2 62.7 1:45p 52.6 11:00p 6.8 0.0 0.08 0.6 12.0 8:15a N
24 58.6 69.8 6:00p 49.1 8:00a 7.2 0.7 0.00 0.1 8.0 3:30p E
25 63.1 76.7 3:15p 51.7 3:15a 4.6 2.7 0.00 0.0 11.0 3:00p SSE
26 62.5 68.4 8:45a 53.6 9:30p 3.4 0.9 0.50 0.5 13.0 3:45p SW
27 59.6 69.3 2:30p 52.6 7:30a 5.9 0.5 0.00 0.4 13.0 1:00p S
28 59.7 69.6 1:45p 49.6 8:00a 5.8 0.5 0.01 0.4 12.0 10:45a SSW
29 59.5 72.3 4:15p 51.7 4:15a 6.6 1.1 0.23 1.1 22.0 9:15p WSW
30 51.4 55.6 12:15a 43.9 11:30p 13.6 0.0 0.06 1.5 19.0 12:00p SW
-------------------------------------------------------------------------------------
64.4 96.1 3 38.8 16 123.1 104.2 4.10 0.6 26.0 11 SSW
Max >= 90.0: 3
Max <= 32.0: 0
Min <= 32.0: 0
Min <= 0.0: 0
Max Rain: 1.50 ON 09/11/11
Days of Rain: 13 (>.01 in) 8 (>.1 in) 1 (>1 in)
Heat Base: 65.0 Cool Base: 65.0 Method: Integration
|