Weather Information | Photos of Local Events | Personal Weather Stations Links | Lancaster Links | Site Map

NOAA Report Archive
(Reports Generated by WeatherLink)
2017: Jan | Feb | Mar | Apr | May | Jun | Jul | Aug | Sep | Oct | Nov | Dec 
2016: Jan | Feb | Mar | Apr | May | Jun | Jul | Aug | Sep | Oct | Nov | Dec 
2015: Jan | Feb | Mar | Apr | May | Jun | Jul | Aug | Sep | Oct | Nov | Dec 
2014: Jan | Feb | Mar | Apr | May | Jun | Jul | Aug | Sep | Oct | Nov | Dec 
2013: Jan | Feb | Mar | Apr | May | Jun | Jul | Aug | Sep | Oct | Nov | Dec 
2012: Jan | Feb | Mar | Apr | May | Jun | Jul | Aug | Sep | Oct | Nov | Dec 
2011: Jan | Feb | Mar | Apr | May | Jun | Jul | Aug | Sep | Oct | Nov | Dec 
2010: Jan | Feb | Mar | Apr | May | Jun | Jul | Aug | Sep | Oct | Nov | Dec 
2009: Jan | Feb | Mar | Apr | May | Jun | Jul | Aug | Sep | Oct | Nov | Dec 
2008: Jan | Feb | Mar | Apr | May | Jun | Jul | Aug | Sep | Oct | Nov | Dec 
2007: Jan | Feb | Mar | Apr | May | Jun | Jul | Aug | Sep | Oct | Nov | Dec 
2006: Jan | Feb | Mar | Apr | May | Jun | Jul | Aug | Sep | Oct | Nov | Dec 
2005: Jan | Feb | Mar | Apr | May | Jun | Jul | Aug | Sep | Oct | Nov | Dec 
2004: Jan | Feb | Mar | Apr | May | Jun | Jul | Aug | Sep | Oct | Nov | Dec 
2003: Jan | Feb | Mar | Apr | May | Jun | Jul | Aug | Sep | Oct | Nov | Dec 

Report for 2011 10
MONTHLY CLIMATOLOGICAL SUMMARY for OCT. 2011 NAME: Station1 CITY: Lancaster STATE: Ohio ELEV: 958 ft LAT: 39 45' 15" N LONG: 82 34' 05" W TEMPERATURE (F), RAIN (in), WIND SPEED (mph) HEAT COOL AVG MEAN DEG DEG WIND DOM DAY TEMP HIGH TIME LOW TIME DAYS DAYS RAIN SPEED HIGH TIME DIR ------------------------------------------------------------------------------------ 1 45.4 53.5 2:30p 40.1 6:30a 19.6 0.0 0.01 2.2 21.0 2:30p NNW 2 48.0 59.0 4:00p 38.3 6:30a 17.0 0.0 0.00 1.1 18.0 3:00p N 3 48.6 53.1 10:30p 41.6 4:00a 16.4 0.0 0.16 0.1 8.0 12:15a NW 4 54.6 62.9 5:15p 47.0 12:00m 10.4 0.0 0.00 0.1 8.0 5:15p NW 5 57.2 78.5 6:00p 42.2 7:00a 10.6 2.9 0.01 0.0 7.0 12:00p WSW 6 60.1 78.6 5:00p 45.7 7:30a 8.3 3.4 0.00 0.0 6.0 12:45p E 7 61.1 79.4 3:30p 45.8 7:15a 7.8 4.0 0.00 0.0 10.0 2:15p E 8 62.1 80.1 4:15p 47.9 7:45a 7.0 4.1 0.00 0.1 12.0 10:45a S 9 60.4 77.6 3:30p 46.4 7:30a 7.5 3.0 0.00 0.0 8.0 3:15p E 10 60.9 79.6 4:30p 48.0 6:30a 7.6 3.5 0.00 0.0 7.0 2:30p E 11 59.9 75.8 3:45p 47.9 3:30a 7.1 2.0 0.00 0.1 12.0 2:00p S 12 58.6 61.8 4:30p 56.5 5:30a 6.4 0.0 0.22 0.0 6.0 2:30a S 13 60.3 68.6 2:00p 53.9 6:15a 5.0 0.2 0.15 0.1 10.0 11:45p ENE 14 56.4 63.1 3:00p 50.8 7:15p 8.6 0.0 0.14 3.1 33.0 4:15p WSW 15 54.9 64.7 4:15p 47.6 8:00a 10.1 0.0 0.00 4.1 31.0 9:15a WSW 16 61.4 76.7 4:30p 51.1 3:45a 6.3 2.7 0.00 2.9 28.0 3:00p SSW 17 56.0 66.0 4:00p 45.8 7:45a 9.0 0.0 0.00 1.5 21.0 1:45p WSW 18 52.7 63.4 2:45p 44.8 7:00a 12.3 0.0 0.22 0.5 17.0 9:30p NNE 19 50.4 55.6 2:45p 46.7 11:45p 14.6 0.0 1.40 1.6 25.0 9:15p ENE 20 43.0 46.8 12:15a 39.6 9:45a 22.0 0.0 0.27 5.5 36.0 1:15p SSW 21 47.1 54.1 5:15p 42.5 12:00m 17.9 0.0 0.01 1.7 18.0 2:30a SW 22 44.7 60.9 4:00p 30.9 8:00a 20.3 0.0 0.00 0.8 13.0 1:15p SW 23 47.7 63.2 1:45p 32.9 6:15a 17.3 0.0 0.00 0.8 17.0 2:00p SSW 24 51.8 62.4 4:45p 39.3 12:00m 13.2 0.0 0.10 0.8 19.0 3:30p SSW 25 50.7 67.8 3:30p 33.1 7:45a 14.5 0.2 0.00 0.7 18.0 3:15p S 26 62.6 69.3 3:00p 56.0 8:30a 3.0 0.6 0.21 3.2 25.0 6:15a SSW 27 46.1 58.9 12:15a 34.4 12:00m 18.9 0.0 0.41 1.8 21.0 2:45p N 28 37.2 43.9 4:15p 30.1 7:15a 27.8 0.0 0.01 0.0 2.0 11:00a ENE 29 39.0 52.6 3:15p 31.3 8:15a 26.0 0.0 0.00 0.0 8.0 4:00p W 30 40.1 56.6 4:30p 25.4 8:15a 24.9 0.0 0.00 0.2 11.0 3:15p SW 31 43.0 53.5 4:30p 37.2 2:15a 22.0 0.0 0.03 0.3 11.0 4:00p S ------------------------------------------------------------------------------------- 52.3 80.1 8 25.4 30 419.4 26.6 3.35 1.1 36.0 20 SSW Max >= 90.0: 0 Max <= 32.0: 0 Min <= 32.0: 4 Min <= 0.0: 0 Max Rain: 1.40 ON 10/19/11 Days of Rain: 11 (>.01 in) 9 (>.1 in) 1 (>1 in) Heat Base: 65.0 Cool Base: 65.0 Method: Integration
 
USA Weather Finder