Weather Information | Photos of Local Events | Personal Weather Stations Links | Lancaster Links | Site Map

NOAA Report Archive
(Reports Generated by WeatherLink)
2017: Jan | Feb | Mar | Apr | May | Jun | Jul | Aug | Sep | Oct | Nov | Dec 
2016: Jan | Feb | Mar | Apr | May | Jun | Jul | Aug | Sep | Oct | Nov | Dec 
2015: Jan | Feb | Mar | Apr | May | Jun | Jul | Aug | Sep | Oct | Nov | Dec 
2014: Jan | Feb | Mar | Apr | May | Jun | Jul | Aug | Sep | Oct | Nov | Dec 
2013: Jan | Feb | Mar | Apr | May | Jun | Jul | Aug | Sep | Oct | Nov | Dec 
2012: Jan | Feb | Mar | Apr | May | Jun | Jul | Aug | Sep | Oct | Nov | Dec 
2011: Jan | Feb | Mar | Apr | May | Jun | Jul | Aug | Sep | Oct | Nov | Dec 
2010: Jan | Feb | Mar | Apr | May | Jun | Jul | Aug | Sep | Oct | Nov | Dec 
2009: Jan | Feb | Mar | Apr | May | Jun | Jul | Aug | Sep | Oct | Nov | Dec 
2008: Jan | Feb | Mar | Apr | May | Jun | Jul | Aug | Sep | Oct | Nov | Dec 
2007: Jan | Feb | Mar | Apr | May | Jun | Jul | Aug | Sep | Oct | Nov | Dec 
2006: Jan | Feb | Mar | Apr | May | Jun | Jul | Aug | Sep | Oct | Nov | Dec 
2005: Jan | Feb | Mar | Apr | May | Jun | Jul | Aug | Sep | Oct | Nov | Dec 
2004: Jan | Feb | Mar | Apr | May | Jun | Jul | Aug | Sep | Oct | Nov | Dec 
2003: Jan | Feb | Mar | Apr | May | Jun | Jul | Aug | Sep | Oct | Nov | Dec 

Report for 2011 11
MONTHLY CLIMATOLOGICAL SUMMARY for NOV. 2011 NAME: Station1 CITY: Lancaster STATE: Ohio ELEV: 958 ft LAT: 39 45' 15" N LONG: 82 34' 05" W TEMPERATURE (F), RAIN (in), WIND SPEED (mph) HEAT COOL AVG MEAN DEG DEG WIND DOM DAY TEMP HIGH TIME LOW TIME DAYS DAYS RAIN SPEED HIGH TIME DIR ------------------------------------------------------------------------------------ 1 43.6 62.0 3:45p 29.8 7:00a 21.4 0.0 0.00 0.3 11.0 2:45p S 2 49.1 68.4 3:45p 32.1 8:15a 16.3 0.4 0.00 0.8 16.0 2:00p SSW 3 52.3 64.8 3:45p 39.5 8:15a 12.7 0.0 0.00 0.4 13.0 12:45p NNE 4 49.9 58.1 3:00p 36.0 12:00m 15.1 0.0 0.00 3.2 20.0 4:30a NNE 5 41.0 57.2 4:45p 28.7 7:45a 24.0 0.0 0.00 0.2 10.0 10:45a E 6 46.3 64.2 2:30p 34.4 6:45a 18.7 0.0 0.00 0.8 16.0 3:30p SSW 7 49.8 69.8 3:15p 35.0 1:45a 15.7 0.6 0.00 0.3 13.0 11:15a SSW 8 52.8 70.9 2:45p 39.6 7:15a 13.2 0.9 0.00 0.8 17.0 1:30p SSW 9 53.4 65.3 1:45p 42.3 11:00p 11.6 0.0 0.04 2.5 29.0 8:00p S 10 40.6 49.9 2:00p 32.2 12:00m 24.4 0.0 0.00 1.9 22.0 1:30p W 11 36.4 45.4 2:30p 30.4 7:45a 28.7 0.0 0.00 2.0 27.0 1:30p W 12 51.7 63.2 3:30p 34.0 12:15a 13.3 0.0 0.00 4.5 28.0 1:45p SSW 13 59.0 66.1 12:00m 50.4 4:15a 6.0 0.0 0.00 4.5 28.0 3:00p SSW 14 66.6 73.2 2:00p 57.8 10:45p 1.3 2.9 0.77 7.8 39.0 12:45a SSW 15 53.8 58.3 12:15a 51.3 8:00a 11.2 0.0 0.30 0.9 14.0 3:45a SSW 16 49.4 54.7 12:45a 36.8 12:00m 15.6 0.0 0.38 0.6 13.0 4:30p NNW 17 35.5 43.5 12:45p 27.6 12:00m 29.5 0.0 0.00 1.7 25.0 2:30p W 18 34.3 46.1 2:30p 19.9 7:00a 30.7 0.0 0.00 1.1 20.0 1:00p S 19 48.9 59.9 11:45p 37.6 7:45a 16.1 0.0 0.00 2.6 24.0 11:15p S 20 57.2 61.5 12:30p 46.8 12:00m 7.8 0.0 0.35 3.5 29.0 3:45a SSW 21 44.9 47.6 12:00p 42.8 9:00a 20.1 0.0 0.04 0.7 12.0 7:30p NNE 22 50.1 61.0 11:15p 43.8 4:00a 14.9 0.0 0.78 1.5 25.0 11:00p NE 23 41.8 54.8 12:15a 30.9 12:00m 23.2 0.0 0.00 1.5 21.0 2:45a NNW 24 37.2 43.9 3:45p 29.7 1:15a 27.8 0.0 0.00 0.9 14.0 10:00a SW 25 43.4 61.8 3:30p 27.5 5:30a 21.6 0.0 0.01 1.5 24.0 2:30p SSW 26 52.6 65.3 2:15p 36.6 2:30a 12.4 0.0 0.00 1.2 20.0 2:00p S 27 53.7 57.6 3:00p 47.9 12:00m 11.3 0.0 0.79 1.0 25.0 3:00p S 28 50.4 55.6 7:00p 45.7 7:00a 14.6 0.0 0.69 1.6 13.0 4:15a ENE 29 44.6 56.5 4:00a 34.7 11:45p 20.4 0.0 0.33 3.5 27.0 11:15a SSW 30 35.0 42.1 3:15p 26.9 12:00m 30.0 0.0 0.01 2.0 20.0 10:15a WNW ------------------------------------------------------------------------------------- 47.5 73.2 14 19.9 18 529.6 4.8 4.49 1.9 39.0 14 SSW Max >= 90.0: 0 Max <= 32.0: 0 Min <= 32.0: 9 Min <= 0.0: 0 Max Rain: 0.79 ON 11/27/11 Days of Rain: 10 (>.01 in) 8 (>.1 in) 0 (>1 in) Heat Base: 65.0 Cool Base: 65.0 Method: Integration
 
USA Weather Finder