2024: Jan | Feb | Mar | Apr | May | Jun | Jul | Aug | Sep | Oct | Nov | Dec
2023: Jan | Feb | Mar | Apr | May | Jun | Jul | Aug | Sep | Oct | Nov | Dec
2022: Jan | Feb | Mar | Apr | May | Jun | Jul | Aug | Sep | Oct | Nov | Dec
2021: Jan | Feb | Mar | Apr | May | Jun | Jul | Aug | Sep | Oct | Nov | Dec
2020: Jan | Feb | Mar | Apr | May | Jun | Jul | Aug | Sep | Oct | Nov | Dec
2019: Jan | Feb | Mar | Apr | May | Jun | Jul | Aug | Sep | Oct | Nov | Dec
2018: Jan | Feb | Mar | Apr | May | Jun | Jul | Aug | Sep | Oct | Nov | Dec
2017: Jan | Feb | Mar | Apr | May | Jun | Jul | Aug | Sep | Oct | Nov | Dec
2016: Jan | Feb | Mar | Apr | May | Jun | Jul | Aug | Sep | Oct | Nov | Dec
2015: Jan | Feb | Mar | Apr | May | Jun | Jul | Aug | Sep | Oct | Nov | Dec
2014: Jan | Feb | Mar | Apr | May | Jun | Jul | Aug | Sep | Oct | Nov | Dec
2013: Jan | Feb | Mar | Apr | May | Jun | Jul | Aug | Sep | Oct | Nov | Dec
2012: Jan | Feb | Mar | Apr | May | Jun | Jul | Aug | Sep | Oct | Nov | Dec
2011: Jan | Feb | Mar | Apr | May | Jun | Jul | Aug | Sep | Oct | Nov | Dec
2010: Jan | Feb | Mar | Apr | May | Jun | Jul | Aug | Sep | Oct | Nov | Dec
2009: Jan | Feb | Mar | Apr | May | Jun | Jul | Aug | Sep | Oct | Nov | Dec
2008: Jan | Feb | Mar | Apr | May | Jun | Jul | Aug | Sep | Oct | Nov | Dec
2007: Jan | Feb | Mar | Apr | May | Jun | Jul | Aug | Sep | Oct | Nov | Dec
2006: Jan | Feb | Mar | Apr | May | Jun | Jul | Aug | Sep | Oct | Nov | Dec
2005: Jan | Feb | Mar | Apr | May | Jun | Jul | Aug | Sep | Oct | Nov | Dec
2004: Jan | Feb | Mar | Apr | May | Jun | Jul | Aug | Sep | Oct | Nov | Dec
2003: Jan | Feb | Mar | Apr | May | Jun | Jul | Aug | Sep | Oct | Nov | Dec
Report for 2011 12
MONTHLY CLIMATOLOGICAL SUMMARY for DEC. 2011
NAME: Station1 CITY: Lancaster STATE: Ohio
ELEV: 958 ft LAT: 39° 45' 15" N LONG: 82° 34' 05" W
TEMPERATURE (°F), RAIN (in), WIND SPEED (mph)
HEAT COOL AVG
MEAN DEG DEG WIND DOM
DAY TEMP HIGH TIME LOW TIME DAYS DAYS RAIN SPEED HIGH TIME DIR
------------------------------------------------------------------------------------
1 31.6 46.5 3:45p 21.0 7:15a 33.4 0.0 0.00 0.3 10.0 11:45a SW
2 33.1 47.1 3:00p 24.7 2:00a 31.9 0.0 0.01 0.3 8.0 9:30a W
3 40.1 55.3 2:30p 26.6 1:15a 24.9 0.0 0.01 0.1 5.0 12:15p SSE
4 50.0 55.7 3:30p 41.1 12:15a 15.0 0.0 0.00 2.7 24.0 11:15a S
5 48.9 52.3 9:15p 42.1 12:00m 16.1 0.0 1.09 0.7 13.0 1:00p S
6 39.7 42.1 12:15a 38.3 9:30p 25.3 0.0 0.07 1.8 16.0 1:45a N
7 34.4 39.3 12:15a 29.0 12:00m 30.6 0.0 0.01 2.1 16.0 3:45p NNW
8 30.4 39.1 3:00p 25.8 7:30a 34.6 0.0 0.00 1.2 19.0 12:45p SW
9 34.2 43.8 1:15p 27.8 6:00a 30.8 0.0 0.00 0.9 14.0 3:45p W
10 25.2 32.1 12:15a 16.2 12:00m 39.8 0.0 0.00 0.6 12.0 2:00p WNW
11 23.9 40.1 3:30p 12.9 7:15a 41.1 0.0 0.00 0.1 8.0 11:00a SSW
12 29.1 48.0 4:00p 15.9 7:00a 35.9 0.0 0.00 0.0 8.0 2:15p WSW
13 36.2 47.6 2:15p 23.2 3:00a 28.8 0.0 0.00 0.0 5.0 12:30p SW
14 45.7 53.3 12:00m 38.3 6:00a 19.3 0.0 0.21 0.5 13.0 8:30p S
15 53.3 59.9 3:45p 36.6 12:00m 11.7 0.0 0.26 6.0 29.0 12:30p SSW
16 34.2 36.9 3:15p 30.3 7:30a 30.8 0.0 0.00 0.5 20.0 12:30a WNW
17 31.6 32.9 12:15a 30.7 7:15a 33.4 0.0 0.02 0.6 10.0 11:00a WSW
18 35.0 42.8 3:30p 31.3 12:15a 30.0 0.0 0.00 1.1 18.0 1:30p SSW
19 41.9 48.2 4:00p 32.5 6:45a 23.1 0.0 0.08 3.3 21.0 8:45a SSW
20 43.6 45.7 12:00m 40.8 9:45a 21.4 0.0 0.11 0.1 8.0 12:15a SW
21 52.0 62.4 2:00p 44.1 9:00p 13.0 0.0 0.37 1.9 28.0 3:45p S
22 44.3 47.7 11:30a 38.3 11:45p 20.7 0.0 0.48 0.5 11.0 8:45p N
23 35.9 38.6 10:00a 33.4 5:30p 29.1 0.0 0.04 0.6 12.0 11:00a N
24 34.3 42.1 2:45p 27.2 11:45p 30.7 0.0 0.00 0.9 16.0 12:45p SW
25 38.2 49.6 3:00p 27.2 12:15a 26.8 0.0 0.00 3.3 30.0 11:15a SSW
26 38.7 46.8 2:30p 30.6 4:15a 26.3 0.0 0.00 0.5 12.0 12:45p SSW
27 36.9 40.8 2:15p 33.5 8:45p 28.1 0.0 0.50 1.6 24.0 7:15p W
28 31.7 36.6 12:15a 27.0 9:00p 33.3 0.0 0.00 2.4 24.0 1:45a WNW
29 37.8 46.2 2:45p 29.3 2:30a 27.2 0.0 0.00 2.3 19.0 1:45p S
30 46.9 53.9 2:30p 41.6 10:00a 18.1 0.0 0.12 1.8 35.0 7:00p SSW
31 41.5 45.8 12:15a 36.9 12:00m 23.5 0.0 0.03 1.9 20.0 1:00a W
-------------------------------------------------------------------------------------
38.1 62.4 21 12.9 11 834.7 0.0 3.41 1.3 35.0 30 SSW
Max >= 90.0: 0
Max <= 32.0: 0
Min <= 32.0: 18
Min <= 0.0: 0
Max Rain: 1.09 ON 12/05/11
Days of Rain: 13 (>.01 in) 8 (>.1 in) 1 (>1 in)
Heat Base: 65.0 Cool Base: 65.0 Method: Integration
|